873
CXUS54 KLCH 290010
CF6LFT
PRELIMINARY LOCAL CLIMATOLOGICAL DATA (WS FORM: F-6)

                                          STATION:   LAFAYETTE
                                          MONTH:     JULY
                                          YEAR:      2016
                                          LATITUDE:   30 12 N
                                          LONGITUDE:  92  0 W

  TEMPERATURE IN F:       :PCPN:    SNOW:  WIND      :SUNSHINE: SKY     :PK WND
================================================================================
1   2   3   4   5  6A  6B    7    8   9   10  11  12  13   14  15   16   17  18
                                     12Z  AVG MX 2MIN
DY MAX MIN AVG DEP HDD CDD  WTR  SNW DPTH SPD SPD DIR MIN PSBL S-S WX    SPD DR
================================================================================

 1  96  75  86   3   0  21 0.00  0.0    0  2.2 10  10   M    M   0 1      15 360
 2  96  78  87   4   0  22 0.00  0.0    0  3.7 15 250   M    M   2 3      19 200
 3  95  78  87   4   0  22 0.00  0.0    0  7.8 16 210   M    M   2        21 210
 4  96  80  88   5   0  23    T  0.0    0 11.3 23 200   M    M   2 3      29 210
 5  95  82  89   6   0  24 0.00  0.0    0 10.0 20 230   M    M   2 3      26 230
 6  91  80  86   3   0  21 0.38  0.0    0  6.9 25 240   M    M   2 138    32 240
 7  94  77  86   3   0  21 0.00  0.0    0  7.1 17 210   M    M   1 1      23 180
 8  96  78  87   4   0  22 0.00  0.0    0  5.6 16 220   M    M   2        20 210
 9  95  76  86   3   0  21 0.02  0.0    0  3.8 20 240   M    M   3 3      30 240
10  93  76  85   2   0  20    T  0.0    0  4.4 26 250   M    M   2 3      32 250
11  94  75  85   2   0  20 0.17  0.0    0  3.2 15 260   M    M   2 138    24 120
12  94  75  85   2   0  20    T  0.0    0  5.7 16 210   M    M   2 3      20 220
13  93  77  85   2   0  20 0.01  0.0    0  4.5 17 270   M    M   1 3      22 270
14  89  76  83   0   0  18 0.01  0.0    0  2.4 13 210   M    M   2 13     15 210
15  89  74  82  -2   0  17 0.02  0.0    0  3.3 14 200   M    M   3 138    20 180
16  90  74  82  -2   0  17 0.23  0.0    0  2.6 18 340   M    M   1 13     24 340
17  91  73  82  -2   0  17    T  0.0    0  1.8 12 150   M    M   2 3      18 160
18  94  77  86   2   0  21    T  0.0    0  3.0 17 270   M    M   2 3      22 270
19  92  75  84   0   0  19 0.06  0.0    0  2.9 10 120   M    M   3 13     17 140
20  95  77  86   2   0  21 0.00  0.0    0  2.6  9  60   M    M   2        14  50
21  97  80  89   5   0  24    T  0.0    0  4.5 13 260   M    M   1 3      16  60
22  95  77  86   2   0  21    T  0.0    0  2.8 18 190   M    M   3 3      24 200
23  94  78  86   2   0  21 0.50  0.0    0  3.9 16 200   M    M   3 13     20 220
24  92  78  85   1   0  20 0.13  0.0    0  2.7 22 200   M    M   2 13     26 200
25  94  75  85   1   0  20 1.20  0.0    0  4.3 20 200   M    M   4 13     23 200
26  91  75  83  -1   0  18 0.03  0.0    0  6.3 20 210   M    M   8 123    25 230
27  86  74  80  -4   0  15 1.33  0.0    0  7.7 18 220   M    M   5 1      24 220
================================================================================
SM 2517 2070         0 546  4.09     0.0 127.0          M       64
================================================================================
AV 93.2 76.7                               4.7 FASTST   M    M   2    MAX(MPH)
                                 MISC ---->  # 26 250               # 32  240
================================================================================
NOTES:
# LAST OF SEVERAL OCCURRENCES

COLUMN 17 PEAK WIND IN M.P.H.

PRELIMINARY LOCAL CLIMATOLOGICAL DATA (WS FORM: F-6) , PAGE 2

                                          STATION:  LAFAYETTE
                                          MONTH:    JULY
                                          YEAR:     2016
                                          LATITUDE:   30 12 N
                                          LONGITUDE:  92  0 W

[TEMPERATURE DATA]      [PRECIPITATION DATA]       SYMBOLS USED IN COLUMN 16

AVERAGE MONTHLY: 84.9   TOTAL FOR MONTH:   4.09    1 = FOG OR MIST
DPTR FM NORMAL:   1.5   DPTR FM NORMAL:   -1.52    2 = FOG REDUCING VISIBILITY
HIGHEST:    97 ON 21    GRTST 24HR  1.36 ON 26-27      TO 1/4 MILE OR LESS
LOWEST:     73 ON 17                               3 = THUNDER
                        SNOW, ICE PELLETS, HAIL    4 = ICE PELLETS
                        TOTAL MONTH:   0.0 INCH    5 = HAIL
                        GRTST 24HR     0.0         6 = FREEZING RAIN OR DRIZZLE
                        GRTST DEPTH:   0           7 = DUSTSTORM OR SANDSTORM:
                                                       VSBY 1/2 MILE OR LESS
                                                   8 = SMOKE OR HAZE
[NO. OF DAYS WITH]      [WEATHER - DAYS WITH]      9 = BLOWING SNOW
                                                   X = TORNADO
MAX 32 OR BELOW:   0    0.01 INCH OR MORE:  13
MAX 90 OR ABOVE:  24    0.10 INCH OR MORE:   7
MIN 32 OR BELOW:   0    0.50 INCH OR MORE:   3
MIN  0 OR BELOW:   0    1.00 INCH OR MORE:   2

[HDD (BASE 65) ]
TOTAL THIS MO.     0    CLEAR  (SCALE 0-3)  24
DPTR FM NORMAL     0    PTCLDY (SCALE 4-7)   3
TOTAL FM JUL 1     0    CLOUDY (SCALE 8-10)  0
DPTR FM NORMAL     0

[CDD (BASE 65) ]
TOTAL THIS MO.   546
DPTR FM NORMAL    49    [PRESSURE DATA]
TOTAL FM JAN 1  1730    HIGHEST SLP M ON M
DPTR FM NORMAL   121    LOWEST  SLP 29.88 ON 26

[REMARKS]
