000
CXUS51 KOKX 280702
CF6LGA
PRELIMINARY LOCAL CLIMATOLOGICAL DATA (WS FORM: F-6)

                                          STATION:   LAGUARDIA NY
                                          MONTH:     MAY
                                          YEAR:      2017
                                          LATITUDE:   40 46 N
                                          LONGITUDE:  73 54 W

  TEMPERATURE IN F:       :PCPN:    SNOW:  WIND      :SUNSHINE: SKY     :PK WND
================================================================================
1   2   3   4   5  6A  6B    7    8   9   10  11  12  13   14  15   16   17  18
                                     12Z  AVG MX 2MIN
DY MAX MIN AVG DEP HDD CDD  WTR  SNW DPTH SPD SPD DIR MIN PSBL S-S WX    SPD DR
================================================================================

 1  73  50  62   4   3   0    T  0.0    0 11.3 20 160   M    M   7 18     25 190
 2  78  62  70  12   0   5    T  0.0    0 15.4 32 250   M    M   7        42 270
 3  67  55  61   3   4   0 0.00  0.0    0 15.4 26 320   M    M   5        37 290
 4  66  51  59   0   6   0 0.00  0.0    0  9.9 18 170   M    M   5        25 170
 5  64  53  59   0   6   0 2.27  0.0    0 12.7 25 270   M    M  10 138    32 330
 6  67  56  62   3   3   0 0.06  0.0    0 16.2 28 160   M    M   7 13     39 160
 7  58  50  54  -6  11   0    T  0.0    0 14.2 24 270   M    M   7        30 260
 8  62  48  55  -5  10   0 0.00  0.0    0 13.7 24 320   M    M   6        31 290
 9  64  49  57  -3   8   0 0.00  0.0    0 10.0 18  50   M    M   7        20  99
10  65  52  59  -2   6   0 0.00  0.0    0  6.6 14 170   M    M   6        23  70
11  64  52  58  -3   7   0 0.00  0.0    0  7.8 13 160   M    M   8        26  60
12  64  52  58  -3   7   0 0.00  0.0    0  8.8 18 190   M    M   6        24 180
13  55  47  51 -11  14   0 1.74  0.0    0 15.2 29  50   M    M  10 1      35  30
14  70  47  59  -3   6   0 0.01  0.0    0 14.9 35 310   M    M   7        44 310
15  70  54  62   0   3   0 0.00  0.0    0 20.4 32 310   M    M   5        47 300
16  83  59  71   9   0   6 0.00  0.0    0  8.5 21 300   M    M   5        24 310
17  94  66  80  17   0  15 0.00  0.0    0  9.9 21 220   M    M   4        27 220
18  97  80  89  26   0  24 0.00  0.0    0 11.8 23 220   M    M   6        29 210
19  96  68  82  19   0  17 0.00  0.0    0 13.1 24 360   M    M   4        31 350
20  68  58  63  -1   2   0 0.01  0.0    0 11.3 22  50   M    M   8        27  50
21  71  57  64   0   1   0 0.00  0.0    0  9.3 21 160   M    M   6        25 180
22  63  57  60  -4   5   0 0.64  0.0    0  7.7 15 130   M    M  10 18     20 100
23  70  59  65   0   0   0 0.00  0.0    0  5.6 14 330   M    M   9        16 320
24  69  57  63  -2   2   0 0.03  0.0    0  9.6 20 100   M    M   9        26  70
25  59  56  58  -7   7   0 0.87  0.0    0 15.2 25  50   M    M  10 13     29  50
26  76  57  67   1   0   2 0.12  0.0    0 11.9 24 300   M    M   7 13     36 260
27  72  62  67   1   0   2 0.00  0.0    0  7.5 18 300   M    M   6        21 300
================================================================================
SM 1905 1514       111  71  5.75     0.0 313.9          M      187
================================================================================
AV 70.6 56.1                              11.6 FASTST   M    M   7    MAX(MPH)
                                 MISC ---->  # 35 310               # 47  300
================================================================================
NOTES:
# LAST OF SEVERAL OCCURRENCES

COLUMN 17 PEAK WIND IN M.P.H.

PRELIMINARY LOCAL CLIMATOLOGICAL DATA (WS FORM: F-6) , PAGE 2

                                          STATION:  LAGUARDIA NY
                                          MONTH:    MAY
                                          YEAR:     2017
                                          LATITUDE:   40 46 N
                                          LONGITUDE:  73 54 W

[TEMPERATURE DATA]      [PRECIPITATION DATA]       SYMBOLS USED IN COLUMN 16

AVERAGE MONTHLY: 63.3   TOTAL FOR MONTH:   5.75    1 = FOG OR MIST
DPTR FM NORMAL:   1.5   DPTR FM NORMAL:    2.51    2 = FOG REDUCING VISIBILITY
HIGHEST:    97 ON 18    GRTST 24HR  2.27 ON  5- 5      TO 1/4 MILE OR LESS
LOWEST:     47 ON 14,13                            3 = THUNDER
                        SNOW, ICE PELLETS, HAIL    4 = ICE PELLETS
                        TOTAL MONTH:   0.0 INCH    5 = HAIL
                        GRTST 24HR     0.0         6 = FREEZING RAIN OR DRIZZLE
                        GRTST DEPTH:   0           7 = DUSTSTORM OR SANDSTORM:
                                                       VSBY 1/2 MILE OR LESS
                                                   8 = SMOKE OR HAZE
[NO. OF DAYS WITH]      [WEATHER - DAYS WITH]      9 = BLOWING SNOW
                                                   X = TORNADO
MAX 32 OR BELOW:   0    0.01 INCH OR MORE:   9
MAX 90 OR ABOVE:   3    0.10 INCH OR MORE:   5
MIN 32 OR BELOW:   0    0.50 INCH OR MORE:   4
MIN  0 OR BELOW:   0    1.00 INCH OR MORE:   2

[HDD (BASE 65) ]
TOTAL THIS MO.   111    CLEAR  (SCALE 0-3)   0
DPTR FM NORMAL   -16    PTCLDY (SCALE 4-7)  20
TOTAL FM JUL 1  3779    CLOUDY (SCALE 8-10)  7
DPTR FM NORMAL  -862

[CDD (BASE 65) ]
TOTAL THIS MO.    71
DPTR FM NORMAL    27    [PRESSURE DATA]
TOTAL FM JAN 1   102    HIGHEST SLP M ON M
DPTR FM NORMAL    50    LOWEST  SLP 29.35 ON  6

[REMARKS]
