000
CXUS51 KOKX 300703
CF6LGA
PRELIMINARY LOCAL CLIMATOLOGICAL DATA (WS FORM: F-6)

                                          STATION:   LAGUARDIA NY
                                          MONTH:     MARCH
                                          YEAR:      2015
                                          LATITUDE:   40 46 N
                                          LONGITUDE:  73 54 W

  TEMPERATURE IN F:       :PCPN:    SNOW:  WIND      :SUNSHINE: SKY     :PK WND
================================================================================
1   2   3   4   5  6A  6B    7    8   9   10  11  12  13   14  15   16   17  18
                                     12Z  AVG MX 2MIN
DY MAX MIN AVG DEP HDD CDD  WTR  SNW DPTH SPD SPD DIR MIN PSBL S-S WX    SPD DR
================================================================================

 1  30  24  27 -11  38   0 0.48  3.5    3  4.5 16 180   M    M   8 12468  20 170
 2  38  28  33  -5  32   0    T    T    6 14.7 31 310   M    M   5 18     40 320
 3  36  24  30  -8  35   0 0.72  1.0    5  9.3 18 180   M    M   7 12468  22 190
 4  47  36  42   3  23   0 0.25  0.0    4  8.6 16 220   M    M  10 18     22 240
 5  41  20  31  -8  34   0 0.60  8.1    3 12.0 24 320   M    M  10 128    30 320
 6  28  15  22 -17  43   0 0.00  0.0   11  7.0 21 330   M    M   3        25 340
 7  39  20  30 -10  35   0 0.00  0.0    6 10.1 18 240   M    M   5        26 240
 8  49  35  42   2  23   0 0.00  0.0    5  8.4 25 340   M    M   7        33 330
 9  54  36  45   5  20   0 0.02  0.0    3  6.9 20 300   M    M   3        28 240
10  54  33  44   4  21   0 0.42  0.0    1  6.4 12  50   M    M   9 1      18  60
11  60  37  49   9  16   0 0.02  0.0    T 10.8 24 310   M    M   6 1      32 300
12  47  37  42   1  23   0 0.00  0.0    0 18.0 32 340   M    M   1        46 350
13  43  31  37  -4  28   0 0.00  0.0    0  9.5 17 170   M    M   6        22 170
14  51  37  44   3  21   0 1.02  0.0    0  8.1 16 300   M    M  10 1      22 300
15  47  37  42   0  23   0    T  0.0    0 18.4 33 320   M    M   8        46 320
16  51  36  44   2  21   0 0.00  0.0    0  7.1 18 310   M    M   8        22 320
17  54  34  44   2  21   0 0.01  0.0    0 17.6 38 310   M    M   7        51 310
18  38  28  33 -10  32   0    T    T    0 18.7 32 320   M    M   4        40 320
19  42  29  36  -7  29   0 0.00  0.0    0 11.9 21 320   M    M   5        26 320
20  38  29  34  -9  31   0 0.28  4.6    0 11.2 21  40   M    M  10 126    28  60
21  48  29  39  -5  26   0 0.01  0.1    4  7.7 24 300   M    M   8 168    30 310
22  44  28  36  -8  29   0 0.00  0.0    0 16.1 24 330   M    M   3        31 300
23  38  24  31 -13  34   0 0.00  0.0    0 13.8 24 320   M    M   2        30 320
24  44  26  35 -10  30   0 0.00  0.0    0  6.2 14 360   M    M   5        17 360
25  48  32  40  -5  25   0 0.05  0.0    0  7.4 21 160   M    M   7 1      24 190
26  57  38  48   3  17   0 0.24  0.0    0  6.7 18 350   M    M  10 18     22 360
27  46  40  43  -3  22   0 0.28  0.0    0  8.6 22 320   M    M   9 1      28 310
28  41  27  34 -12  31   0    T    T    0 14.3 24 330   M    M   9        31 320
29  46  27  37  -9  28   0 0.00  0.0    0 10.2 18 330   M    M   4        23 330
================================================================================
SM 1299  877       791   0  4.40    17.3 310.2          M      189
================================================================================
AV 44.8 30.2                              10.7 FASTST   M    M   7    MAX(MPH)
                                 MISC ---->  # 38 310               # 51  310
================================================================================
NOTES:
# LAST OF SEVERAL OCCURRENCES

COLUMN 17 PEAK WIND IN M.P.H.

PRELIMINARY LOCAL CLIMATOLOGICAL DATA (WS FORM: F-6) , PAGE 2

                                          STATION:  LAGUARDIA NY
                                          MONTH:    MARCH
                                          YEAR:     2015
                                          LATITUDE:   40 46 N
                                          LONGITUDE:  73 54 W

[TEMPERATURE DATA]      [PRECIPITATION DATA]       SYMBOLS USED IN COLUMN 16

AVERAGE MONTHLY: 37.5   TOTAL FOR MONTH:   4.40    1 = FOG OR MIST
DPTR FM NORMAL:  -4.3   DPTR FM NORMAL:    0.70    2 = FOG REDUCING VISIBILITY
HIGHEST:    60 ON 11    GRTST 24HR  1.02 ON 14-14      TO 1/4 MILE OR LESS
LOWEST:     15 ON  6                               3 = THUNDER
                        SNOW, ICE PELLETS, HAIL    4 = ICE PELLETS
                        TOTAL MONTH:  17.3 INCHES  5 = HAIL
                        GRTST 24HR   8.1 ON   M    6 = FREEZING RAIN OR DRIZZLE
                        GRTST DEPTH:  11 ON  6     7 = DUSTSTORM OR SANDSTORM:
                                                       VSBY 1/2 MILE OR LESS
                                                   8 = SMOKE OR HAZE
[NO. OF DAYS WITH]      [WEATHER - DAYS WITH]      9 = BLOWING SNOW
                                                   X = TORNADO
MAX 32 OR BELOW:   2    0.01 INCH OR MORE:  14
MAX 90 OR ABOVE:   0    0.10 INCH OR MORE:   9
MIN 32 OR BELOW:  17    0.50 INCH OR MORE:   3
MIN  0 OR BELOW:   0    1.00 INCH OR MORE:   1

[HDD (BASE 65) ]
TOTAL THIS MO.   791    CLEAR  (SCALE 0-3)   3
DPTR FM NORMAL   121    PTCLDY (SCALE 4-7)  18
TOTAL FM JUL 1  4513    CLOUDY (SCALE 8-10)  8
DPTR FM NORMAL   414

[CDD (BASE 65) ]
TOTAL THIS MO.     0
DPTR FM NORMAL     0    [PRESSURE DATA]
TOTAL FM JAN 1     0    HIGHEST SLP M ON M
DPTR FM NORMAL     0    LOWEST  SLP 29.55 ON 17

[REMARKS]
