000
CXUS51 KOKX 270703
CF6LGA
PRELIMINARY LOCAL CLIMATOLOGICAL DATA (WS FORM: F-6)

                                          STATION:   LAGUARDIA NY
                                          MONTH:     AUGUST
                                          YEAR:      2016
                                          LATITUDE:   40 46 N
                                          LONGITUDE:  73 54 W

  TEMPERATURE IN F:       :PCPN:    SNOW:  WIND      :SUNSHINE: SKY     :PK WND
================================================================================
1   2   3   4   5  6A  6B    7    8   9   10  11  12  13   14  15   16   17  18
                                     12Z  AVG MX 2MIN
DY MAX MIN AVG DEP HDD CDD  WTR  SNW DPTH SPD SPD DIR MIN PSBL S-S WX    SPD DR
================================================================================

 1  80  71  76  -2   0  11    T  0.0    0 10.6 18  60   M    M   9        26  60
 2  78  71  75  -3   0  10 0.00  0.0    0 11.8 21  50   M    M   6        32  60
 3  82  68  75  -3   0  10 0.00  0.0    0  8.4 15 160   M    M   2        20  50
 4  84  70  77  -1   0  12 0.00  0.0    0  7.4 15 160   M    M   3 8      20 160
 5  86  72  79   1   0  14 0.00  0.0    0  9.6 21 160   M    M   4 8      24 190
 6  91  75  83   6   0  18    T  0.0    0 10.2 22 300   M    M   6        27 260
 7  89  74  82   5   0  17 0.00  0.0    0 10.7 17 300   M    M   3        22 290
 8  87  75  81   4   0  16 0.00  0.0    0  7.7 15 120   M    M   6        17  60
 9  89  75  82   5   0  17 0.00  0.0    0  8.7 18 190   M    M   5        26 170
10  89  76  83   6   0  18 0.06  0.0    0  9.7 17 200   M    M   9 1      23 210
11  97  78  88  11   0  23 0.35  0.0    0  8.0 30 210   M    M   8 38     46 210
12  98  76  87  10   0  22 0.28  0.0    0  9.0 28 310   M    M   7 138    34 240
13  98  84  91  14   0  26 0.00  0.0    0  9.3 21 320   M    M   4 8      25 320
14  98  81  90  13   0  25 0.01  0.0    0  9.1 32 320   M    M   5 38     37 320
15  93  78  86   9   0  21 0.00  0.0    0  6.7 14 320   M    M   6        18 330
16  91  78  85   8   0  20 0.13  0.0    0 11.6 23 170   M    M   7 38     29 160
17  86  79  83   7   0  18    T  0.0    0 11.9 31 230   M    M   6 3      45 240
18  88  75  82   6   0  17 0.02  0.0    0  5.6 13 170   M    M   8        16  70
19  89  77  83   7   0  18 0.02  0.0    0  7.4 16 360   M    M   5        25  60
20  85  75  80   4   0  15 0.12  0.0    0  8.2 21 100   M    M   5 1      25  70
21  89  76  83   7   0  18 0.13  0.0    0 12.6 22 290   M    M   8 1      29 170
22  79  70  75  -1   0  10 0.00  0.0    0 17.1 26 330   M    M   2        36 330
23  84  67  76   0   0  11 0.00  0.0    0  6.7 16 130   M    M   1        21 130
24  89  71  80   5   0  15 0.00  0.0    0  7.9 20 160   M    M   2 8      24 170
25  86  73  80   5   0  15 0.01  0.0    0 11.5 22 180   M    M   7        27 180
26  91  77  84   9   0  19 0.00  0.0    0 10.6 22 310   M    M   5 8      24 320
================================================================================
SM 2296 1942         0 436  1.13     0.0 248.0          M      139
================================================================================
AV 88.3 74.7                               9.5 FASTST   M    M   5    MAX(MPH)
                                 MISC ---->  # 32 320               # 46  210
================================================================================
NOTES:
# LAST OF SEVERAL OCCURRENCES

COLUMN 17 PEAK WIND IN M.P.H.

PRELIMINARY LOCAL CLIMATOLOGICAL DATA (WS FORM: F-6) , PAGE 2

                                          STATION:  LAGUARDIA NY
                                          MONTH:    AUGUST
                                          YEAR:     2016
                                          LATITUDE:   40 46 N
                                          LONGITUDE:  73 54 W

[TEMPERATURE DATA]      [PRECIPITATION DATA]       SYMBOLS USED IN COLUMN 16

AVERAGE MONTHLY: 81.5   TOTAL FOR MONTH:   1.13    1 = FOG OR MIST
DPTR FM NORMAL:   4.8   DPTR FM NORMAL:   -2.43    2 = FOG REDUCING VISIBILITY
HIGHEST:    98 ON 14,13 GRTST 24HR  0.57 ON 31- 1      TO 1/4 MILE OR LESS
LOWEST:     67 ON 23                               3 = THUNDER
                        SNOW, ICE PELLETS, HAIL    4 = ICE PELLETS
                        TOTAL MONTH:   0.0 INCH    5 = HAIL
                        GRTST 24HR     0.0         6 = FREEZING RAIN OR DRIZZLE
                        GRTST DEPTH:   0           7 = DUSTSTORM OR SANDSTORM:
                                                       VSBY 1/2 MILE OR LESS
                                                   8 = SMOKE OR HAZE
[NO. OF DAYS WITH]      [WEATHER - DAYS WITH]      9 = BLOWING SNOW
                                                   X = TORNADO
MAX 32 OR BELOW:   0    0.01 INCH OR MORE:  10
MAX 90 OR ABOVE:   8    0.10 INCH OR MORE:   5
MIN 32 OR BELOW:   0    0.50 INCH OR MORE:   0
MIN  0 OR BELOW:   0    1.00 INCH OR MORE:   0

[HDD (BASE 65) ]
TOTAL THIS MO.     0    CLEAR  (SCALE 0-3)   6
DPTR FM NORMAL     0    PTCLDY (SCALE 4-7)  18
TOTAL FM JUL 1     0    CLOUDY (SCALE 8-10)  2
DPTR FM NORMAL     0

[CDD (BASE 65) ]
TOTAL THIS MO.   436
DPTR FM NORMAL   133    [PRESSURE DATA]
TOTAL FM JAN 1  1331    HIGHEST SLP M ON M
DPTR FM NORMAL   346    LOWEST  SLP 29.67 ON  6

[REMARKS]
