000
CXUS51 KOKX 260702
CF6LGA
PRELIMINARY LOCAL CLIMATOLOGICAL DATA (WS FORM: F-6)

                                          STATION:   LAGUARDIA NY
                                          MONTH:     JULY
                                          YEAR:      2017
                                          LATITUDE:   40 46 N
                                          LONGITUDE:  73 54 W

  TEMPERATURE IN F:       :PCPN:    SNOW:  WIND      :SUNSHINE: SKY     :PK WND
================================================================================
1   2   3   4   5  6A  6B    7    8   9   10  11  12  13   14  15   16   17  18
                                     12Z  AVG MX 2MIN
DY MAX MIN AVG DEP HDD CDD  WTR  SNW DPTH SPD SPD DIR MIN PSBL S-S WX    SPD DR
================================================================================

 1  85  74  80   4   0  15 0.07  0.0    0  9.8 22 200   M    M   6 13     28 200
 2  91  73  82   6   0  17 0.00  0.0    0  8.7 20 270   M    M   5        25 320
 3  90  73  82   6   0  17 0.12  0.0    0  7.8 26 320   M    M   5 3      33 270
 4  87  70  79   2   0  14 0.00  0.0    0  4.9 12 340   M    M   6        14 340
 5  85  70  78   1   0  13 0.00  0.0    0  9.7 17 140   M    M   5 8      24  50
 6  81  69  75  -2   0  10    T  0.0    0  8.1 15 160   M    M   9        20 170
 7  82  68  75  -2   0  10 2.14  0.0    0  8.9 20 320   M    M   8 12     24  20
 8  87  71  79   2   0  14    T  0.0    0  9.6 23 270   M    M   6        30 280
 9  85  70  78   1   0  13 0.00  0.0    0  9.4 18 180   M    M   3        22 320
10  88  72  80   3   0  15 0.00  0.0    0  9.9 24 160   M    M   5        29 170
11  89  75  82   5   0  17    T  0.0    0  8.8 22 220   M    M   7 3      28 210
12  91  78  85   8   0  20    T  0.0    0 11.3 24 270   M    M   7        31 260
13  94  73  84   6   0  19    T  0.0    0 10.4 26 330   M    M   8        36 320
14  73  65  69  -9   0   4 0.47  0.0    0  9.4 17 100   M    M  10 13     23  50
15  86  67  77  -1   0  12 0.01  0.0    0  7.9 16 320   M    M   8 1      20 340
16  86  71  79   1   0  14 0.00  0.0    0  7.4 16 160   M    M   3        21 160
17  87  75  81   3   0  16 0.00  0.0    0  8.6 20 190   M    M   6        25 170
18  88  76  82   4   0  17 0.00  0.0    0  9.2 20 180   M    M   3        25 180
19  94  78  86   8   0  21 0.00  0.0    0  7.4 20 310   M    M   3        28 300
20  98  77  88  10   0  23    T  0.0    0  7.1 24 300   M    M   6        29 280
21  94  77  86   8   0  21 0.00  0.0    0 10.3 18 300   M    M   6        22 270
22  91  73  82   4   0  17 0.52  0.0    0  7.9 15  50   M    M   8 1      22  50
23  80  72  76  -2   0  11 0.09  0.0    0  7.1 16  60   M    M   9 18     24  60
24  73  64  69  -9   0   4 0.90  0.0    0 12.7 31  50   M    M  10 1      36  50
25  71  62  67 -11   0   2 0.00  0.0    0 10.0 14  50   M    M  10        23  60
================================================================================
SM 2156 1793         0 356  4.32     0.0 222.3          M      162
================================================================================
AV 86.2 71.7                               8.9 FASTST   M    M   6    MAX(MPH)
                                 MISC ---->  # 31  50               # 36  320
================================================================================
NOTES:
# LAST OF SEVERAL OCCURRENCES

COLUMN 17 PEAK WIND IN M.P.H.

PRELIMINARY LOCAL CLIMATOLOGICAL DATA (WS FORM: F-6) , PAGE 2

                                          STATION:  LAGUARDIA NY
                                          MONTH:    JULY
                                          YEAR:     2017
                                          LATITUDE:   40 46 N
                                          LONGITUDE:  73 54 W

[TEMPERATURE DATA]      [PRECIPITATION DATA]       SYMBOLS USED IN COLUMN 16

AVERAGE MONTHLY: 79.0   TOTAL FOR MONTH:   4.32    1 = FOG OR MIST
DPTR FM NORMAL:   1.6   DPTR FM NORMAL:    0.77    2 = FOG REDUCING VISIBILITY
HIGHEST:    98 ON 20    GRTST 24HR  2.14 ON  7- 7      TO 1/4 MILE OR LESS
LOWEST:     62 ON 25                               3 = THUNDER
                        SNOW, ICE PELLETS, HAIL    4 = ICE PELLETS
                        TOTAL MONTH:   0.0 INCH    5 = HAIL
                        GRTST 24HR     0.0         6 = FREEZING RAIN OR DRIZZLE
                        GRTST DEPTH:   0           7 = DUSTSTORM OR SANDSTORM:
                                                       VSBY 1/2 MILE OR LESS
                                                   8 = SMOKE OR HAZE
[NO. OF DAYS WITH]      [WEATHER - DAYS WITH]      9 = BLOWING SNOW
                                                   X = TORNADO
MAX 32 OR BELOW:   0    0.01 INCH OR MORE:   8
MAX 90 OR ABOVE:   8    0.10 INCH OR MORE:   5
MIN 32 OR BELOW:   0    0.50 INCH OR MORE:   3
MIN  0 OR BELOW:   0    1.00 INCH OR MORE:   1

[HDD (BASE 65) ]
TOTAL THIS MO.     0    CLEAR  (SCALE 0-3)   4
DPTR FM NORMAL     0    PTCLDY (SCALE 4-7)  16
TOTAL FM JUL 1     0    CLOUDY (SCALE 8-10)  5
DPTR FM NORMAL     0

[CDD (BASE 65) ]
TOTAL THIS MO.   356
DPTR FM NORMAL    46    [PRESSURE DATA]
TOTAL FM JAN 1   741    HIGHEST SLP M ON M
DPTR FM NORMAL   134    LOWEST  SLP 29.71 ON  7

[REMARKS]
