000
CXUS55 KLOX 271655
CF6LGB
PRELIMINARY LOCAL CLIMATOLOGICAL DATA (WS FORM: F-6)

                                          STATION:   LONG BEACH AIRPORT CA
                                          MONTH:     JULY
                                          YEAR:      2015
                                          LATITUDE:   33 49 N
                                          LONGITUDE: 118  9 W

  TEMPERATURE IN F:       :PCPN:    SNOW:  WIND      :SUNSHINE: SKY     :PK WND
================================================================================
1   2   3   4   5  6A  6B    7    8   9   10  11  12  13   14  15   16   17  18
                                     12Z  AVG MX 2MIN
DY MAX MIN AVG DEP HDD CDD  WTR  SNW DPTH SPD SPD DIR MIN PSBL S-S WX    SPD DR
================================================================================

 1  85  70  78   6   0  13    T  0.0    0  4.5 12 330   M    M   2        14 310
 2  88  68  78   6   0  13    T  0.0    0  7.0 15 290   M    M   1        19 300
 3  83  66  75   3   0  10 0.00  0.0    0  6.6 17 300   M    M   2        19 300
 4  80  65  73   1   0   8 0.00  0.0    0  5.8 15 300   M    M   4 8      19 200
 5  76  67  72   0   0   7 0.00  0.0    0  5.9 13 300   M    M   9 8      18 190
 6  76  67  72   0   0   7 0.00  0.0    0  5.7 13 210   M    M   8        17 170
 7  77  64  71  -1   0   6 0.00  0.0    0  5.5 14 300   M    M   6 18     18 200
 8  76  66  71  -2   0   6 0.00  0.0    0  7.4 15 290   M    M   8        19 300
 9  78  67  73   0   0   8 0.00  0.0    0  7.5 16 300   M    M   5        20 310
10  79  65  72  -1   0   7 0.00  0.0    0  7.9 17 310   M    M   0        20 310
11  81  65  73   0   0   8 0.00  0.0    0  5.7 13 300   M    M   0        19 310
12  84  65  75   2   0  10 0.00  0.0    0  5.8 17 310   M    M   0        20 300
13  87  66  77   4   0  12 0.00  0.0    0  6.5 16 310   M    M   0        20 320
14  77  66  72  -1   0   7 0.00  0.0    0  5.3 13 160   M    M   2        18 170
15  80  67  74   1   0   9 0.00  0.0    0  6.2 12 300   M    M   5        15 170
16  82  68  75   2   0  10 0.00  0.0    0  6.3 15 300   M    M   4        17 310
17  87  66  77   3   0  12 0.00  0.0    0  6.2 13 300   M    M   2 8      23 300
18  88  67  78   4   0  13 0.35  0.0    0  5.1 16 200   M    M   6 3      23 210
19  90  73  82   8   0  17 0.19  0.0    0  5.6 16  60   M    M   4 1      21 190
20  82  72  77   3   0  12 0.00  0.0    0  6.0 14 180   M    M   7 1      18 170
21  83  71  77   3   0  12 0.00  0.0    0  4.8 15 310   M    M   8 8      18 310
22  83  70  77   3   0  12    T  0.0    0  7.1 17 300   M    M   6 8      22 280
23  83  70  77   3   0  12 0.00  0.0    0  5.8 14 310   M    M   5        17 210
24  88  69  79   5   0  14 0.00  0.0    0  6.2 15 300   M    M   2 18     17 310
25  91  68  80   6   0  15 0.00  0.0    0  4.8 14 290   M    M   1 18     17 290
26  82  67  75   1   0  10 0.00  0.0    0  5.5 13 180   M    M   0        19 200
================================================================================
SM 2146 1755         0 270  0.54     0.0 156.8          M       97
================================================================================
AV 82.5 67.5                               6.0 FASTST   M    M   4    MAX(MPH)
                                 MISC ---->  # 17 300               # 23  300
================================================================================
NOTES:
# LAST OF SEVERAL OCCURRENCES

COLUMN 17 PEAK WIND IN M.P.H.

PRELIMINARY LOCAL CLIMATOLOGICAL DATA (WS FORM: F-6) , PAGE 2

                                          STATION:  LONG BEACH AIRPORT CA
                                          MONTH:    JULY
                                          YEAR:     2015
                                          LATITUDE:   33 49 N
                                          LONGITUDE: 118  9 W

[TEMPERATURE DATA]      [PRECIPITATION DATA]       SYMBOLS USED IN COLUMN 16

AVERAGE MONTHLY: 75.0   TOTAL FOR MONTH:   0.54    1 = FOG OR MIST
DPTR FM NORMAL:   1.9   DPTR FM NORMAL:    0.52    2 = FOG REDUCING VISIBILITY
HIGHEST:    91 ON 25    GRTST 24HR  0.35 ON 18-18      TO 1/4 MILE OR LESS
LOWEST:     64 ON  7                               3 = THUNDER
                        SNOW, ICE PELLETS, HAIL    4 = ICE PELLETS
                        TOTAL MONTH:   0.0 INCH    5 = HAIL
                        GRTST 24HR     0.0         6 = FREEZING RAIN OR DRIZZLE
                        GRTST DEPTH:   0           7 = DUSTSTORM OR SANDSTORM:
                                                       VSBY 1/2 MILE OR LESS
                                                   8 = SMOKE OR HAZE
[NO. OF DAYS WITH]      [WEATHER - DAYS WITH]      9 = BLOWING SNOW
                                                   X = TORNADO
MAX 32 OR BELOW:   0    0.01 INCH OR MORE:   2
MAX 90 OR ABOVE:   2    0.10 INCH OR MORE:   2
MIN 32 OR BELOW:   0    0.50 INCH OR MORE:   0
MIN  0 OR BELOW:   0    1.00 INCH OR MORE:   0

[HDD (BASE 65) ]
TOTAL THIS MO.     0    CLEAR  (SCALE 0-3)  12
DPTR FM NORMAL     0    PTCLDY (SCALE 4-7)  12
TOTAL FM JUL 1     0    CLOUDY (SCALE 8-10)  2
DPTR FM NORMAL     0

[CDD (BASE 65) ]
TOTAL THIS MO.   270
DPTR FM NORMAL    60    [PRESSURE DATA]
TOTAL FM JAN 1   737    HIGHEST SLP M ON M
DPTR FM NORMAL   303    LOWEST  SLP 29.74 ON 17

[REMARKS]
