000
CXUS54 KFWD 230730
CF6LHB
PRELIMINARY LOCAL CLIMATOLOGICAL DATA (WS FORM: F-6)

                                          STATION:   HEARNE
                                          MONTH:     MAY
                                          YEAR:      2017
                                          LATITUDE:   30 52 N
                                          LONGITUDE:  96 36 W

  TEMPERATURE IN F:       :PCPN:    SNOW:  WIND      :SUNSHINE: SKY     :PK WND
================================================================================
1   2   3   4   5  6A  6B    7    8   9   10  11  12  13   14  15   16   17  18
                                     12Z  AVG MX 2MIN
DY MAX MIN AVG DEP HDD CDD  WTR  SNW DPTH SPD SPD DIR MIN PSBL S-S WX    SPD DR
================================================================================

 1  84  45  65   M   0   0 0.00  0.0    0  6.4 15 170   M    M   0        21 170
 2  87  58  73   M   0   8 0.00  0.0    0  7.5 14 150   M    M   0        18 140
 3  89  56  73   M   0   8 0.11  0.0    0 10.7 28 330   M    M   7 3      35 330
 4  74  52  63   M   2   0 0.00  0.0    0 12.5 20 320   M    M   1        31 320
 5  79  45  62   M   3   0 0.00  0.0    0  4.5 15 310   M    M   0        22 340
 6  85  46  66   M   0   1 0.00  0.0    0  1.5  7 190   M    M   0         M  M
 7  84  54  69   M   0   4 0.00  0.0    0  5.5 10 160   M    M   1 8      18 140
 8  82  59  71   M   0   6 0.00  0.0    0  6.0 13 140   M    M   5        17 140
 9  80  63  72   M   0   7 0.05  0.0    0  5.7  9 130   M    M   5 3       M  M
10  82  67  75   M   0  10    M  0.0    0  8.8 14 140   M    M   7 3      22 130
11  84  68  76   M   0  11 0.30  0.0    0  5.8 15 130   M    M   8 3      22 130
12  82  59  71   M   0   6 0.19  0.0    0  8.2 20 330   M    M   2 3      27 330
13  83  56  70   M   0   5 0.00  0.0    0  3.3  9 350   M    M   1         M  M
14  87  62  75   M   0  10 0.00  0.0    0  4.7 12 150   M    M   1         M  M
15  88  63  76   M   0  11 0.00  0.0    0  7.3 12 140   M    M   2 1      17 120
16  85  65  75   M   0  10 0.00  0.0    0 10.8 16 150   M    M   6        25 140
17  76  71  74   M   0   9 0.08  0.0    0  6.1 16 140   M    M  10 1      23 150
18  90  73  82   M   0  17 0.00  0.0    0 10.7 21 140   M    M   8 1      28 140
19  90  73  82   M   0  17 0.00  0.0    0 11.9 18 140   M    M   5        25 130
20  83  68  76   M   0  11 0.99  0.0    0  6.1 13 260   M    M   6 13     18 260
21  77  62  70   M   0   5 0.32  0.0    0  6.7 13  20   M    M   8 3      18  30
22  74  60  67   M   0   2 0.53  0.0    0  5.6 10 350   M    M   9 13      M  M
================================================================================
SM 1825 1325         5 158  2.57     0.0 156.3          M       92
================================================================================
AV 83.0 60.2                               7.1 FASTST   M    M   4    MAX(MPH)
                                 MISC ---->  # 28 330               # 35  330
================================================================================
NOTES:
# LAST OF SEVERAL OCCURRENCES

COLUMN 17 PEAK WIND IN M.P.H.

PRELIMINARY LOCAL CLIMATOLOGICAL DATA (WS FORM: F-6) , PAGE 2

                                          STATION:  HEARNE
                                          MONTH:    MAY
                                          YEAR:     2017
                                          LATITUDE:   30 52 N
                                          LONGITUDE:  96 36 W

[TEMPERATURE DATA]      [PRECIPITATION DATA]       SYMBOLS USED IN COLUMN 16

AVERAGE MONTHLY: 71.6   TOTAL FOR MONTH:   2.57    1 = FOG OR MIST
DPTR FM NORMAL:     M   DPTR FM NORMAL:       M    2 = FOG REDUCING VISIBILITY
HIGHEST:    90 ON 19,18 GRTST 24HR  0.99 ON 20-20      TO 1/4 MILE OR LESS
LOWEST:     45 ON  5, 1                            3 = THUNDER
                        SNOW, ICE PELLETS, HAIL    4 = ICE PELLETS
                        TOTAL MONTH:   0.0 INCH    5 = HAIL
                        GRTST 24HR     0.0         6 = FREEZING RAIN OR DRIZZLE
                        GRTST DEPTH:   0           7 = DUSTSTORM OR SANDSTORM:
                                                       VSBY 1/2 MILE OR LESS
                                                   8 = SMOKE OR HAZE
[NO. OF DAYS WITH]      [WEATHER - DAYS WITH]      9 = BLOWING SNOW
                                                   X = TORNADO
MAX 32 OR BELOW:   0    0.01 INCH OR MORE:   8
MAX 90 OR ABOVE:   2    0.10 INCH OR MORE:   6
MIN 32 OR BELOW:   0    0.50 INCH OR MORE:   2
MIN  0 OR BELOW:   0    1.00 INCH OR MORE:   0

[HDD (BASE 65) ]
TOTAL THIS MO.     5    CLEAR  (SCALE 0-3)  10
DPTR FM NORMAL     M    PTCLDY (SCALE 4-7)  10
TOTAL FM JUL 1  1135    CLOUDY (SCALE 8-10)  2
DPTR FM NORMAL     M

[CDD (BASE 65) ]
TOTAL THIS MO.   158
DPTR FM NORMAL     M    [PRESSURE DATA]
TOTAL FM JAN 1   514    HIGHEST SLP M ON M
DPTR FM NORMAL     M    LOWEST  SLP M ON M

[REMARKS]
