000
CXHW51 PHFO 311250
CF6LIH
PRELIMINARY LOCAL CLIMATOLOGICAL DATA (WS FORM: F-6)

                                          STATION:   LIHUE HI
                                          MONTH:     MAY
                                          YEAR:      2016
                                          LATITUDE:   21 58 N
                                          LONGITUDE: 159 21 W

  TEMPERATURE IN F:       :PCPN:    SNOW:  WIND      :SUNSHINE: SKY     :PK WND
================================================================================
1   2   3   4   5  6A  6B    7    8   9   10  11  12  13   14  15   16   17  18
                                     12Z  AVG MX 2MIN
DY MAX MIN AVG DEP HDD CDD  WTR  SNW DPTH SPD SPD DIR MIN PSBL S-S WX    SPD DR
================================================================================

 1  85  75  80   5   0  15 0.02  0.0    0 16.3 21  40   M    M   6        24  40
 2  85  72  79   4   0  14 0.16  0.0    0 14.7 23  50   M    M   5 18     26  40
 3  84  73  79   4   0  14 0.06  0.0    0 15.6 23  90   M    M   8 18     28  90
 4  84  73  79   4   0  14 0.12  0.0    0 13.6 25  40   M    M   9 18     29  40
 5  83  73  78   3   0  13 0.00  0.0    0  8.1 16  90   M    M   5        21  80
 6  89  69  79   4   0  14 0.29  0.0    0 10.3 21 240   M    M   4 1      26 240
 7  78  68  73  -2   0   8    T  0.0    0 13.4 22  20   M    M  10        26 350
 8  79  69  74  -1   0   9 0.02  0.0    0 11.4 20  50   M    M  10        24  20
 9  80  71  76   1   0  11 0.00  0.0    0 15.9 23  40   M    M   6        28  40
10  80  68  74  -1   0   9 0.01  0.0    0 15.5 24  40   M    M   7        28  30
11  82  73  78   3   0  13 0.00  0.0    0 13.4 21  30   M    M   8        24  30
12  82  68  75   0   0  10    T  0.0    0  9.8 18  40   M    M   7 8      23  30
13  82  67  75  -1   0  10    T  0.0    0  8.2 14  20   M    M   7        17  10
14  83  74  79   3   0  14 0.00  0.0    0  9.8 15  70   M    M   8        17  80
15  84  76  80   4   0  15 0.00  0.0    0  8.8 13  50   M    M   5        16  60
16  83  75  79   3   0  14 0.00  0.0    0 12.6 18  40   M    M   4        21  60
17  84  74  79   3   0  14    T  0.0    0 16.4 20  70   M    M   5        25  70
18  82  73  78   2   0  13    T  0.0    0 14.9 24  70   M    M   8        30  80
19  83  75  79   3   0  14    T  0.0    0 12.9 18  50   M    M   7        23  80
20  83  74  79   3   0  14 0.03  0.0    0 16.5 23  50   M    M   5        28  60
21  83  70  77   1   0  12 0.04  0.0    0 16.9 24  70   M    M   7 1      29  70
22  82  73  78   2   0  13 0.10  0.0    0 16.7 29  80   M    M   6 1      35  80
23  83  74  79   3   0  14    T  0.0    0 12.8 18  40   M    M   5        24  60
24  83  70  77   1   0  12 0.03  0.0    0 11.6 25  40   M    M   6 8      32  30
25  81  74  78   1   0  13 0.00  0.0    0 11.3 16  70   M    M   5        18  80
26  81  71  76  -1   0  11 0.04  0.0    0  8.7 17  90   M    M   5 1      20  80
27  83  72  78   1   0  13 0.24  0.0    0  8.9 23 150   M    M   7 18     31 150
28  81  71  76  -1   0  11 0.02  0.0    0  6.9 13 100   M    M   7 1      16 160
29  80  67  74  -3   0   9 0.28  0.0    0  6.4 12 250   M    M   4 1      13  80
30  80  68  74  -3   0   9 0.13  0.0    0 14.2 25  20   M    M   7 1      30 360
================================================================================
SM 2472 2150         0 369  1.59     0.0 372.5          M      193
================================================================================
AV 82.4 71.7                              12.4 FASTST   M    M   6    MAX(MPH)
                                 MISC ---->  # 29  80               # 35   80
================================================================================
NOTES:
# LAST OF SEVERAL OCCURRENCES

COLUMN 17 PEAK WIND IN M.P.H.

PRELIMINARY LOCAL CLIMATOLOGICAL DATA (WS FORM: F-6) , PAGE 2

                                          STATION:  LIHUE HI
                                          MONTH:    MAY
                                          YEAR:     2016
                                          LATITUDE:   21 58 N
                                          LONGITUDE: 159 21 W

[TEMPERATURE DATA]      [PRECIPITATION DATA]       SYMBOLS USED IN COLUMN 16

AVERAGE MONTHLY: 77.0   TOTAL FOR MONTH:   1.59    1 = FOG OR MIST
DPTR FM NORMAL:   1.2   DPTR FM NORMAL:   -0.43    2 = FOG REDUCING VISIBILITY
HIGHEST:    89 ON  6    GRTST 24HR  0.37 ON 29-30      TO 1/4 MILE OR LESS
LOWEST:     67 ON 29,13                            3 = THUNDER
                        SNOW, ICE PELLETS, HAIL    4 = ICE PELLETS
                        TOTAL MONTH:   0.0 INCH    5 = HAIL
                        GRTST 24HR     0.0         6 = FREEZING RAIN OR DRIZZLE
                        GRTST DEPTH:   0           7 = DUSTSTORM OR SANDSTORM:
                                                       VSBY 1/2 MILE OR LESS
                                                   8 = SMOKE OR HAZE
[NO. OF DAYS WITH]      [WEATHER - DAYS WITH]      9 = BLOWING SNOW
                                                   X = TORNADO
MAX 32 OR BELOW:   0    0.01 INCH OR MORE:  16
MAX 90 OR ABOVE:   0    0.10 INCH OR MORE:   7
MIN 32 OR BELOW:   0    0.50 INCH OR MORE:   0
MIN  0 OR BELOW:   0    1.00 INCH OR MORE:   0

[HDD (BASE 65) ]
TOTAL THIS MO.     0    CLEAR  (SCALE 0-3)   0
DPTR FM NORMAL     0    PTCLDY (SCALE 4-7)  26
TOTAL FM JUL 1     0    CLOUDY (SCALE 8-10)  4
DPTR FM NORMAL     0

[CDD (BASE 65) ]
TOTAL THIS MO.   369
DPTR FM NORMAL    45    [PRESSURE DATA]
TOTAL FM JAN 1  1392    HIGHEST SLP M ON M
DPTR FM NORMAL   164    LOWEST  SLP 29.95 ON 12

[REMARKS]
