000
CXUS54 KLZK 221130
CF6LIT
PRELIMINARY LOCAL CLIMATOLOGICAL DATA (WS FORM: F-6)

                                          STATION:   Little Rock Adams Field
                                          MONTH:     JANUARY
                                          YEAR:      2017
                                          LATITUDE:   34 43 N
                                          LONGITUDE:  92 14 W

  TEMPERATURE IN F:       :PCPN:    SNOW:  WIND      :SUNSHINE: SKY     :PK WND
================================================================================
1   2   3   4   5  6A  6B    7    8   9   10  11  12  13   14  15   16   17  18
                                     12Z  AVG MX 2MIN
DY MAX MIN AVG DEP HDD CDD  WTR  SNW DPTH SPD SPD DIR MIN PSBL S-S WX    SPD DR
================================================================================

 1  46  43  45   4  20   0 0.01  0.0    0  6.9 15  90   M    M  10 12     20 100
 2  56  45  51  10  14   0 0.20  0.0    0  5.3 16  70   M    M  10 123    19 270
 3  57  40  49   8  16   0 0.00  0.0    0  7.5 22 360   M    M  10 12     26 340
 4  41  26  34  -7  31   0 0.00  0.0    0  9.6 21 350   M    M   6        25 340
 5  37  29  33  -8  32   0 0.00  0.0    0  8.6 17  10   M    M  10        22  20
 6  29  18  24 -17  41   0 0.01  0.2    T 12.8 18 340   M    M   9 1      25 330
 7  31  12  22 -19  43   0 0.00  0.0    0  5.4 15 340   M    M   0        18 330
 8  33  13  23 -18  42   0 0.00  0.0    0  4.1 14 130   M    M   4        18 130
 9  50  20  35  -6  30   0 0.00  0.0    0  7.3 20 180   M    M   6        25 180
10  71  50  61  20   4   0 0.03  0.0    0 11.8 25 210   M    M  10 1      32 200
11  73  55  64  23   1   0    T  0.0    0 14.4 35 200   M    M   9        43 210
12  75  54  65  24   0   0 0.00  0.0    0 12.1 22 190   M    M   9        27 190
13  54  39  47   6  18   0 0.01  0.0    0  9.1 16  60   M    M  10 12     18  50
14  46  39  43   2  22   0 0.03  0.0    0  4.8 10  50   M    M  10 12     12  40
15  46  41  44   3  21   0    T  0.0    0  7.7 13  70   M    M  10 12     16  70
16  67  44  56  15   9   0 0.51  0.0    0  7.9 18 160   M    M  10 123    26 160
17  57  46  52  11  13   0    T    M    0  7.3 14 310   M    M   9        17 310
18  49  43  46   5  19   0 0.05    M    0  6.6 13  60   M    M  10 1      14  70
19  54  46  50   9  15   0 0.36    M    0  3.5 12 210   M    M  10 1      16 210
20  69  48  59  18   6   0 0.00  0.0    0  7.7 22 190   M    M   7        28 210
21  69  45  57  16   8   0 0.16    M    0  5.2 15 190   M    M   8 13     18 190
================================================================================
SM 1110  796       405   0  1.37     0.2 165.6          M      177
================================================================================
AV 52.9 37.9                               7.9 FASTST   M    M   8    MAX(MPH)
                                 MISC ---->  # 35 200               # 43  210
================================================================================
NOTES:
# LAST OF SEVERAL OCCURRENCES

COLUMN 17 PEAK WIND IN M.P.H.

PRELIMINARY LOCAL CLIMATOLOGICAL DATA (WS FORM: F-6) , PAGE 2

                                          STATION:  Little Rock Adams Field
                                          MONTH:    JANUARY
                                          YEAR:     2017
                                          LATITUDE:   34 43 N
                                          LONGITUDE:  92 14 W

[TEMPERATURE DATA]      [PRECIPITATION DATA]       SYMBOLS USED IN COLUMN 16

AVERAGE MONTHLY: 45.4   TOTAL FOR MONTH:   1.37    1 = FOG OR MIST
DPTR FM NORMAL:   4.4   DPTR FM NORMAL:   -1.08    2 = FOG REDUCING VISIBILITY
HIGHEST:    75 ON 12    GRTST 24HR  0.51 ON 16-16      TO 1/4 MILE OR LESS
LOWEST:     12 ON  7                               3 = THUNDER
                        SNOW, ICE PELLETS, HAIL    4 = ICE PELLETS
                        TOTAL MONTH:   0.2 INCH    5 = HAIL
                        GRTST 24HR   0.2 ON   M    6 = FREEZING RAIN OR DRIZZLE
                        GRTST DEPTH:   T           7 = DUSTSTORM OR SANDSTORM:
                                                       VSBY 1/2 MILE OR LESS
                                                   8 = SMOKE OR HAZE
[NO. OF DAYS WITH]      [WEATHER - DAYS WITH]      9 = BLOWING SNOW
                                                   X = TORNADO
MAX 32 OR BELOW:   2    0.01 INCH OR MORE:  10
MAX 90 OR ABOVE:   0    0.10 INCH OR MORE:   4
MIN 32 OR BELOW:   6    0.50 INCH OR MORE:   1
MIN  0 OR BELOW:   0    1.00 INCH OR MORE:   0

[HDD (BASE 65) ]
TOTAL THIS MO.   405    CLEAR  (SCALE 0-3)   1
DPTR FM NORMAL   -99    PTCLDY (SCALE 4-7)   5
TOTAL FM JUL 1  1411    CLOUDY (SCALE 8-10) 15
DPTR FM NORMAL  -290

[CDD (BASE 65) ]
TOTAL THIS MO.     0
DPTR FM NORMAL     0    [PRESSURE DATA]
TOTAL FM JAN 1     0    HIGHEST SLP M ON M
DPTR FM NORMAL     0    LOWEST  SLP 29.43 ON 21

[REMARKS]
