000
CXUS55 KPIH 301200
CF6LLJ

PRELIMINARY LOCAL CLIMATOLOGICAL DATA (WS FORM: F-6)

                                          STATION:   CHALLIS ID
                                          MONTH:     APRIL
                                          YEAR:      2016
                                          LATITUDE:   44 31 N
                                          LONGITUDE: 114 13 W

  TEMPERATURE IN F:       :PCPN:    SNOW:  WIND      :SUNSHINE: SKY     :PK WND
================================================================================
1   2   3   4   5  6A  6B    7    8   9   10  11  12  13   14  15   16   17  18
                                     12Z  AVG MX 2MIN
DY MAX MIN AVG DEP HDD CDD  WTR  SNW DPTH SPD SPD DIR MIN PSBL S-S WX    SPD DR
================================================================================

 1  61  25  43   2  22   0 0.00    M    M  2.7  9 270   M    M   0        12 130
 2  67  25  46   5  19   0 0.00    M    M  4.3 17 300   M    M   0        22 300
 3  69  35  52  11  13   0 0.01    M    M  6.1 17 290   M    M   3        24 290
 4  60  30  45   4  20   0 0.03    M    M  6.9 43 280   M    M   2        55 280
 5  55  28  42   1  23   0 0.00    M    M  7.6 22 340   M    M   2        27 340
 6  68  26  47   5  18   0 0.00    M    M  5.6 24 290   M    M   0        29 290
 7  72  29  51   9  14   0 0.00    M    M  3.0 15  20   M    M   0        19  50
 8  75  30  53  11  12   0 0.00    M    M  2.9  8 340   M    M   0        13 140
 9  74  32  53  11  12   0 0.00    M    M  3.9 16 300   M    M   0        20 320
10  70  33  52  10  13   0 0.00    M    M  2.4 15  20   M    M   0        19  40
11  71  31  51   9  14   0 0.00    M    M  3.5 15 260   M    M   1        20 320
12  72  35  54  12  11   0 0.15    M    M  5.3 28 160   M    M   4        40 160
13  59  43  51   8  14   0 0.05    M    M  7.5 22 260   M    M   5 1      27 270
14  52  34  43   0  22   0 0.01    M    M 10.2 30 280   M    M   6        40 280
15  52  29  41  -2  24   0 0.01    M    M  7.6 20 340   M    M   7        26 350
16  60  26  43   0  22   0 0.00    M    M  5.6 17  30   M    M   1        23  30
17  64  27  46   2  19   0 0.00    M    M  5.5 14  20   M    M   0        18  30
18  65  28  47   3  18   0 0.00    M    M  5.6 17  20   M    M   0        21  20
19  73  31  52   8  13   0 0.00    M    M  4.0 15  40   M    M   0        21  40
20  76  32  54  10  11   0 0.00    M    M  2.3 10  30   M    M   0        13  30
21  77  38  58  14   7   0 0.00    M    M  4.4 20 200   M    M   0        32 140
22  76  39  58  13   7   0 0.00    M    M  8.5 30 200   M    M   1        39 200
23  54  45  50   5  15   0 0.05    M    M  7.1 18 330   M    M  10        23 320
24  54  41  48   3  17   0 0.29    M    M  3.5 23 280   M    M  10 1      27 280
25  53  39  46   0  19   0 0.01    M    M 11.1 22 340   M    M  10        28 360
26  59  41  50   4  15   0    T    M    M  8.2 16 360   M    M  10        21  20
27  59  38  49   3  16   0    T    M    M  6.4 23 330   M    M   8        29 340
28  52  36  44  -2  21   0    T    M    M  8.2 20 350   M    M   8        23 360
29  53  35  44  -3  21   0 0.02    M    M  5.0 20 360   M    M   7        24 360
================================================================================
SM 1852  961       472   0  0.63    M    164.9          M       95
================================================================================
AV 63.9 33.1                               5.7 FASTST   M    M   3    MAX(MPH)
                                 MISC ---->  # 43 280               # 55  280
================================================================================
NOTES:
# LAST OF SEVERAL OCCURRENCES
PRECIPITATION SUSPECT DURING FREEZING/FROZEN EVENTS

COLUMN 17 PEAK WIND IN M.P.H.

PRELIMINARY LOCAL CLIMATOLOGICAL DATA (WS FORM: F-6) , PAGE 2

                                          STATION:  CHALLIS ID
                                          MONTH:    APRIL
                                          YEAR:     2016
                                          LATITUDE:   44 31 N
                                          LONGITUDE: 114 13 W

[TEMPERATURE DATA]      [PRECIPITATION DATA]       SYMBOLS USED IN COLUMN 16

AVERAGE MONTHLY: 48.5   TOTAL FOR MONTH:   0.63    1 = FOG OR MIST
DPTR FM NORMAL:   5.2   DPTR FM NORMAL:   -0.16    2 = FOG REDUCING VISIBILITY
HIGHEST:    77 ON 21    GRTST 24HR  0.30 ON 24-25      TO 1/4 MILE OR LESS
LOWEST:     25 ON  2, 1                            3 = THUNDER
                        SNOW, ICE PELLETS, HAIL    4 = ICE PELLETS
                        TOTAL MONTH:    M          5 = HAIL
                        GRTST 24HR    M  ON   M    6 = FREEZING RAIN OR DRIZZLE
                        GRTST DEPTH:  M  ON   M    7 = DUSTSTORM OR SANDSTORM:
                                                       VSBY 1/2 MILE OR LESS
                                                   8 = SMOKE OR HAZE
[NO. OF DAYS WITH]      [WEATHER - DAYS WITH]      9 = BLOWING SNOW
                                                   X = TORNADO
MAX 32 OR BELOW:   0    0.01 INCH OR MORE:  10
MAX 90 OR ABOVE:   0    0.10 INCH OR MORE:   2
MIN 32 OR BELOW:  15    0.50 INCH OR MORE:   0
MIN  0 OR BELOW:   0    1.00 INCH OR MORE:   0

[HDD (BASE 65) ]
TOTAL THIS MO.   472    CLEAR  (SCALE 0-3)  18
DPTR FM NORMAL  -156    PTCLDY (SCALE 4-7)   6
TOTAL FM JUL 1  7238    CLOUDY (SCALE 8-10)  5
DPTR FM NORMAL  -335

[CDD (BASE 65) ]
TOTAL THIS MO.     0
DPTR FM NORMAL     0    [PRESSURE DATA]
TOTAL FM JAN 1     0    HIGHEST SLP M ON M
DPTR FM NORMAL     0    LOWEST  SLP 29.52 ON 22

[REMARKS]
