000
CXUS54 KLZK 291130
CF6LLQ
PRELIMINARY LOCAL CLIMATOLOGICAL DATA (WS FORM: F-6)

                                          STATION:   Monticello
                                          MONTH:     JULY
                                          YEAR:      2016
                                          LATITUDE:   33 37 N
                                          LONGITUDE:  91 45 W

  TEMPERATURE IN F:       :PCPN:    SNOW:  WIND      :SUNSHINE: SKY     :PK WND
================================================================================
1   2   3   4   5  6A  6B    7    8   9   10  11  12  13   14  15   16   17  18
                                     12Z  AVG MX 2MIN
DY MAX MIN AVG DEP HDD CDD  WTR  SNW DPTH SPD SPD DIR MIN PSBL S-S WX    SPD DR
================================================================================

 1  97  70  84   2   0  19 0.00  0.0    0  2.2  9 250   M    M   2        13 250
 2  96  74  85   3   0  20 0.00  0.0    0  4.0 12 190   M    M   0        17 190
 3  96  78  87   5   0  22 0.00  0.0    0  8.1 16 210   M    M   1        22 210
 4  95  80  88   6   0  23    T  0.0    0  8.8 18 220   M    M   4        28 230
 5  92  73  83   1   0  18 1.71  0.0    0  7.2 21 300   M    M   4 13     29 290
 6  95  79  87   5   0  22 0.00  0.0    0  9.2 18 210   M    M   2        26 210
 7  96  77  87   5   0  22 0.00  0.0    0  9.3 17 210   M    M   2        26 210
 8  96  79  88   6   0  23 0.00  0.0    0  5.9 14 220   M    M   1        21 220
 9  93  76  85   3   0  20 0.01  0.0    0  4.9  9  40   M    M   1        14 330
10  95  71  83   1   0  18 1.03  0.0    0  3.8 15 170   M    M   4 138    27  40
11  94  71  83   1   0  18 0.00  0.0    0  6.0 14 160   M    M   3 1      19 200
12  94  74  84   2   0  19 0.00  0.0    0  6.8 14 210   M    M   2        18 190
13  96  78  87   5   0  22 0.00  0.0    0  7.2 15 190   M    M   0        20 230
14  95  70  83   1   0  18 0.75  0.0    0  6.2  9 230   M    M   1 13      M  M
15  95  74  85   3   0  20 0.00  0.0    M  4.7 31 320   M    M   2 3      54 300
16  93  75  84   2   0  19 0.00  0.0    0  2.3 10 230   M    M   1        13 210
17  96  75  86   4   0  21 0.00  0.0    0  3.1  9 140   M    M   1        13 140
18  94  77  86   4   0  21 0.13  0.0    0  2.1 10  70   M    M   1 138    13  60
19  96  77  87   5   0  22 0.00  0.0    0  2.0  8  80   M    M   1 3       M  M
20  97  78  88   6   0  23 0.00  0.0    0  2.7 18 200   M    M   0 3      25 200
21 100  76  88   6   0  23 0.00  0.0    0  1.2 10 270   M    M   0 3      15 270
22 100  78  89   7   0  24 0.04  0.0    0  3.0 12  70   M    M   0 3      14  60
23  98  76  87   5   0  22 0.11  0.0    0  3.5 25 270   M    M   1 138    33 280
24  97  75  86   4   0  21 0.75  0.0    0  1.6 23 130   M    M   2 13     33 130
25  95  74  85   3   0  20 0.00  0.0    0  2.2  9  70   M    M   1 1      12  80
26  96  77  87   5   0  22 0.00  0.0    0  3.4 13 150   M    M   2        17 170
27  90  76  83   1   0  18 3.12  0.0    0  4.4 14 220   M    M   7 13     22 230
28  84  75  80  -2   0  15 0.01  0.0    0  6.8 13 210   M    M   7        19 260
================================================================================
SM 2661 2113         0 575  7.66     0.0 132.6          M       53
================================================================================
AV 95.0 75.5                               4.7 FASTST   M    M   2    MAX(MPH)
                                 MISC ---->  # 31 320               # 54  300
================================================================================
NOTES:
# LAST OF SEVERAL OCCURRENCES

COLUMN 17 PEAK WIND IN M.P.H.

PRELIMINARY LOCAL CLIMATOLOGICAL DATA (WS FORM: F-6) , PAGE 2

                                          STATION:  Monticello
                                          MONTH:    JULY
                                          YEAR:     2016
                                          LATITUDE:   33 37 N
                                          LONGITUDE:  91 45 W

[TEMPERATURE DATA]      [PRECIPITATION DATA]       SYMBOLS USED IN COLUMN 16

AVERAGE MONTHLY: 85.2   TOTAL FOR MONTH:   7.66    1 = FOG OR MIST
DPTR FM NORMAL:   3.2   DPTR FM NORMAL:    4.42    2 = FOG REDUCING VISIBILITY
HIGHEST:   100 ON 22,21 GRTST 24HR  3.13 ON 27-28      TO 1/4 MILE OR LESS
LOWEST:     70 ON 14, 1                            3 = THUNDER
                        SNOW, ICE PELLETS, HAIL    4 = ICE PELLETS
                        TOTAL MONTH:   0.0 INCH    5 = HAIL
                        GRTST 24HR     0.0         6 = FREEZING RAIN OR DRIZZLE
                        GRTST DEPTH:   0           7 = DUSTSTORM OR SANDSTORM:
                                                       VSBY 1/2 MILE OR LESS
                                                   8 = SMOKE OR HAZE
[NO. OF DAYS WITH]      [WEATHER - DAYS WITH]      9 = BLOWING SNOW
                                                   X = TORNADO
MAX 32 OR BELOW:   0    0.01 INCH OR MORE:  10
MAX 90 OR ABOVE:  27    0.10 INCH OR MORE:   7
MIN 32 OR BELOW:   0    0.50 INCH OR MORE:   5
MIN  0 OR BELOW:   0    1.00 INCH OR MORE:   3

[HDD (BASE 65) ]
TOTAL THIS MO.     0    CLEAR  (SCALE 0-3)  23
DPTR FM NORMAL     0    PTCLDY (SCALE 4-7)   5
TOTAL FM JUL 1     0    CLOUDY (SCALE 8-10)  0
DPTR FM NORMAL     0

[CDD (BASE 65) ]
TOTAL THIS MO.   575
DPTR FM NORMAL   100    [PRESSURE DATA]
TOTAL FM JAN 1  1436    HIGHEST SLP M ON M
DPTR FM NORMAL   216    LOWEST  SLP 29.79 ON  7

[REMARKS]
ALL SNOWFALL DATA IS FROM THE UNIVERSITY OF ARKANSAS AT MONTICELLO COOPERATIVE OBSERVER SITE
