000
CXUS55 KRIW 270901
CF6LND
PRELIMINARY LOCAL CLIMATOLOGICAL DATA (WS FORM: F-6)

                                          STATION:   LANDER WY
                                          MONTH:     FEBRUARY
                                          YEAR:      2015
                                          LATITUDE:   42 49 N
                                          LONGITUDE: 108 44 W

  TEMPERATURE IN F:       :PCPN:    SNOW:  WIND      :SUNSHINE: SKY     :PK WND
================================================================================
1   2   3   4   5  6A  6B    7    8   9   10  11  12  13   14  15   16   17  18
                                     12Z  AVG MX 2MIN
DY MAX MIN AVG DEP HDD CDD  WTR  SNW DPTH SPD SPD DIR MIN PSBL S-S WX    SPD DR
================================================================================

 1  31  19  25   3  40   0 0.00  0.0    0  4.7 13 130   M    M   5        15 120
 2  46  19  33  11  32   0 0.00  0.0    0  4.7 14 250   M    M   0        15 240
 3  48  27  38  16  27   0 0.00  0.0    0  5.0 14 240   M    M   2        19 310
 4  33  13  23   0  42   0 0.31  3.4    3  5.8 21  20   M    M   8 1      25  20
 5  54   9  32   9  33   0 0.00  0.0    2  3.7 16 250   M    M   3 12     24 230
 6  52  29  41  18  24   0 0.00  0.0    1  5.5 15 310   M    M   0        20 200
 7  58  36  47  24  18   0 0.00  0.0    T 13.7 46 240   M    M   0        59 240
 8  55  33  44  21  21   0 0.00  0.0    0  8.1 26 350   M    M   0        38 350
 9  59  27  43  20  22   0 0.00  0.0    0  9.0 37 220   M    M   1        47 210
10  53  29  41  17  24   0 0.06    T    0  6.9 21 350   M    M   4 1      26 350
11  49  26  38  14  27   0 0.00  0.0    0  4.6 12 250   M    M   1        13 250
12  62  31  47  23  18   0 0.00  0.0    0  5.7 20  10   M    M   2        22 360
13  61  30  46  22  19   0 0.00  0.0    0  4.2 12 250   M    M   0        14 120
14  62  31  47  22  18   0 0.00  0.0    0  6.4 15 360   M    M   0        17 360
15  40  27  34   9  31   0 0.34  4.4    3  4.9 15  30   M    M   8 128    20 300
16  28  12  20  -5  45   0 0.22  2.9    5  5.8 12 240   M    M   7 18     16  30
17  31   7  19  -7  46   0 0.00  0.0    4  3.4 15 220   M    M   0        20 230
18  41  10  26   0  39   0 0.00  0.0    3  3.1 12 110   M    M   0 8      14 110
19  55  24  40  14  25   0 0.00  0.0    2  5.5 17 240   M    M   0        19 240
20  42  27  35   8  30   0    T    T    1  5.3 15  50   M    M   6 8      19  60
21  30  11  21  -6  44   0 0.38  7.4    4  7.8 18  30   M    M   9 12     23  30
22  13  -3   5 -22  60   0 0.01  0.3    6  5.0 13 240   M    M   8 18     14 250
23  20 -12   4 -24  61   0 0.00  0.0    5  2.1 12 240   M    M   1 8      13 240
24  39   5  22  -6  43   0 0.00  0.0    4  3.6 13 250   M    M   2        18 350
25  37  19  28   0  37   0 0.21  3.7    3  4.8 22  30   M    M   8 128    25  30
26  19   2  11 -18  54   0 0.03  1.4    7  4.9 10  40   M    M  10 18     12  40
================================================================================
SM 1118  488       880   0  1.56    23.5 144.2          M       85
================================================================================
AV 43.0 18.8                               5.5 FASTST   M    M   3    MAX(MPH)
                                 MISC ---->  # 46 240               # 59  240
================================================================================
NOTES:
# LAST OF SEVERAL OCCURRENCES

COLUMN 17 PEAK WIND IN M.P.H.

PRELIMINARY LOCAL CLIMATOLOGICAL DATA (WS FORM: F-6) , PAGE 2

                                          STATION:  LANDER WY
                                          MONTH:    FEBRUARY
                                          YEAR:     2015
                                          LATITUDE:   42 49 N
                                          LONGITUDE: 108 44 W

[TEMPERATURE DATA]      [PRECIPITATION DATA]       SYMBOLS USED IN COLUMN 16

AVERAGE MONTHLY: 30.9   TOTAL FOR MONTH:   1.56    1 = FOG OR MIST
DPTR FM NORMAL:   6.0   DPTR FM NORMAL:    1.03    2 = FOG REDUCING VISIBILITY
HIGHEST:    62 ON 14,12 GRTST 24HR  0.49 ON 15-16      TO 1/4 MILE OR LESS
LOWEST:    -12 ON 23                               3 = THUNDER
                        SNOW, ICE PELLETS, HAIL    4 = ICE PELLETS
                        TOTAL MONTH:  23.5 INCHES  5 = HAIL
                        GRTST 24HR   7.4 ON   M    6 = FREEZING RAIN OR DRIZZLE
                        GRTST DEPTH:   7 ON 26     7 = DUSTSTORM OR SANDSTORM:
                                                       VSBY 1/2 MILE OR LESS
                                                   8 = SMOKE OR HAZE
[NO. OF DAYS WITH]      [WEATHER - DAYS WITH]      9 = BLOWING SNOW
                                                   X = TORNADO
MAX 32 OR BELOW:   7    0.01 INCH OR MORE:   8
MAX 90 OR ABOVE:   0    0.10 INCH OR MORE:   5
MIN 32 OR BELOW:  24    0.50 INCH OR MORE:   0
MIN  0 OR BELOW:   2    1.00 INCH OR MORE:   0

[HDD (BASE 65) ]
TOTAL THIS MO.   880    CLEAR  (SCALE 0-3)  15
DPTR FM NORMAL  -163    PTCLDY (SCALE 4-7)   8
TOTAL FM JUL 1  5019    CLOUDY (SCALE 8-10)  3
DPTR FM NORMAL  -614

[CDD (BASE 65) ]
TOTAL THIS MO.     0
DPTR FM NORMAL     0    [PRESSURE DATA]
TOTAL FM JAN 1     0    HIGHEST SLP M ON M
DPTR FM NORMAL     0    LOWEST  SLP 29.81 ON  7

[REMARKS]
