000
CXUS53 KOAX 230237
CF6LNK
PRELIMINARY LOCAL CLIMATOLOGICAL DATA (WS FORM: F-6)

                                          STATION:   LINCOLN, NEBRASKA
                                          MONTH:     MAY
                                          YEAR:      2015
                                          LATITUDE:   40 50 N
                                          LONGITUDE:  96 45 W

  TEMPERATURE IN F:       :PCPN:    SNOW:  WIND      :SUNSHINE: SKY     :PK WND
================================================================================
1   2   3   4   5  6A  6B    7    8   9   10  11  12  13   14  15   16   17  18
                                     12Z  AVG MX 2MIN
DY MAX MIN AVG DEP HDD CDD  WTR  SNW DPTH SPD SPD DIR MIN PSBL S-S WX    SPD DR
================================================================================

 1  76  50  63   6   2   0 0.01  0.0    0  8.2 21 170   M    M   4        25 170
 2  84  55  70  12   0   5 0.07  0.0    0 13.2 29  40   M    M   3 3      36  40
 3  84  60  72  14   0   7 0.30  0.0    0 12.6 23  50   M    M   2 3      30 140
 4  64  55  60   2   5   0 0.13  0.0    0 10.7 25  40   M    M   9 13     31  40
 5  78  59  69  10   0   4 0.04  0.0    0 10.1 23 160   M    M   6 1      29 150
 6  71  60  66   7   0   1 2.96  0.0    0 18.1 33 160   M    M  10 13     43 160
 7  76  58  67   8   0   2 3.77  0.0    0 12.9 23 230   M    M   6 13     30 220
 8  60  52  56  -4   9   0 0.00  0.0    0 10.3 20 350   M    M  10 8      24 350
 9  69  51  60   0   5   0 0.00  0.0    0 11.9 18 120   M    M   9 8      24 100
10  71  47  59  -1   6   0 0.90  0.0    0 14.5 25 280   M    M   8 13     32 270
11  55  42  49 -12  16   0 0.00  0.0    0 15.5 25 300   M    M   8        34 270
12  70  42  56  -5   9   0 0.00  0.0    0  7.7 20 170   M    M   0        23 160
13  72  47  60  -1   5   0 0.46  0.0    0 15.0 29 160   M    M   3 1      36 170
14  70  54  62   0   3   0 0.42  0.0    0  9.0 15 120   M    M   8 1      18 130
15  73  53  63   1   2   0 0.94  0.0    0  9.2 25  70   M    M   2 13     32 120
16  80  61  71   9   0   6 0.05  0.0    0 14.6 30 140   M    M   5        38 140
17  82  57  70   7   0   5 0.24  0.0    0 14.2 26 290   M    M   6 3      33 270
18  64  45  55  -8  10   0 0.00  0.0    0 13.2 23 330   M    M   1        29 330
19  51  38  45 -18  20   0 0.09  0.0    0 11.1 18  40   M    M   7        23  40
20  53  44  49 -15  16   0 0.02  0.0    0 10.5 18  10   M    M   9 18     23  10
21  71  37  54 -10  11   0 0.00  0.0    0  4.7 14 330   M    M   0 1      18 260
================================================================================
SM 1474 1067       119  30 10.40     0.0 247.2          M      116
================================================================================
AV 70.2 50.8                              11.8 FASTST   M    M   6    MAX(MPH)
                                 MISC ---->  # 33 160               # 43  160
================================================================================
NOTES:
# LAST OF SEVERAL OCCURRENCES

COLUMN 17 PEAK WIND IN M.P.H.

PRELIMINARY LOCAL CLIMATOLOGICAL DATA (WS FORM: F-6) , PAGE 2

                                          STATION:  LINCOLN, NEBRASKA
                                          MONTH:    MAY
                                          YEAR:     2015
                                          LATITUDE:   40 50 N
                                          LONGITUDE:  96 45 W

[TEMPERATURE DATA]      [PRECIPITATION DATA]       SYMBOLS USED IN COLUMN 16

AVERAGE MONTHLY: 60.5   TOTAL FOR MONTH:  10.40    1 = FOG OR MIST
DPTR FM NORMAL:  -0.2   DPTR FM NORMAL:    7.48    2 = FOG REDUCING VISIBILITY
HIGHEST:    84 ON  3, 2 GRTST 24HR  6.72 ON  6- 7      TO 1/4 MILE OR LESS
LOWEST:     37 ON 21                               3 = THUNDER
                        SNOW, ICE PELLETS, HAIL    4 = ICE PELLETS
                        TOTAL MONTH:   0.0 INCH    5 = HAIL
                        GRTST 24HR     0.0         6 = FREEZING RAIN OR DRIZZLE
                        GRTST DEPTH:   0           7 = DUSTSTORM OR SANDSTORM:
                                                       VSBY 1/2 MILE OR LESS
                                                   8 = SMOKE OR HAZE
[NO. OF DAYS WITH]      [WEATHER - DAYS WITH]      9 = BLOWING SNOW
                                                   X = TORNADO
MAX 32 OR BELOW:   0    0.01 INCH OR MORE:  15
MAX 90 OR ABOVE:   0    0.10 INCH OR MORE:   9
MIN 32 OR BELOW:   0    0.50 INCH OR MORE:   4
MIN  0 OR BELOW:   0    1.00 INCH OR MORE:   2

[HDD (BASE 65) ]
TOTAL THIS MO.   119    CLEAR  (SCALE 0-3)   6
DPTR FM NORMAL    -5    PTCLDY (SCALE 4-7)   9
TOTAL FM JUL 1  5802    CLOUDY (SCALE 8-10)  6
DPTR FM NORMAL  -215

[CDD (BASE 65) ]
TOTAL THIS MO.    30
DPTR FM NORMAL    -1    [PRESSURE DATA]
TOTAL FM JAN 1    35    HIGHEST SLP M ON M
DPTR FM NORMAL   -10    LOWEST  SLP 29.56 ON 17

[REMARKS]
