000
CXUS54 KCRP 281300
CF6LRD
PRELIMINARY LOCAL CLIMATOLOGICAL DATA (WS FORM: F-6)

                                          STATION:   LAREDO
                                          MONTH:     SEPTEMBER
                                          YEAR:      2016
                                          LATITUDE:   27 31 N
                                          LONGITUDE:  99 28 W

  TEMPERATURE IN F:       :PCPN:    SNOW:  WIND      :SUNSHINE: SKY     :PK WND
================================================================================
1   2   3   4   5  6A  6B    7    8   9   10  11  12  13   14  15   16   17  18
                                     12Z  AVG MX 2MIN
DY MAX MIN AVG DEP HDD CDD  WTR  SNW DPTH SPD SPD DIR MIN PSBL S-S WX    SPD DR
================================================================================

 1  92  76  84  -3   0  19 0.31  0.0    0  4.7 28  50   M    M   3 13     36  40
 2  96  75  86   0   0  21    T  0.0    0  5.0 13 360   M    M   1 3      22  70
 3  95  74  85  -1   0  20    T  0.0    0  5.5 10 100   M    M   1 1       M  M
 4  95  75  85  -1   0  20 0.01  0.0    0  8.5 23 110   M    M   4 1      29 140
 5  97  75  86   0   0  21 0.02  0.0    0 13.0 21 120   M    M   5 3      28 140
 6  99  78  89   3   0  24 0.00  0.0    0 15.0 20 140   M    M   4        28 160
 7 100  78  89   4   0  24 0.00  0.0    0 13.2 21 160   M    M   0        25 150
 8 100  76  88   3   0  23 0.00  0.0    0 11.5 17 140   M    M   1        23 140
 9 100  75  88   3   0  23 0.00  0.0    0 12.4 16 150   M    M   0        22 140
10  99  76  88   3   0  23    T  0.0    0 10.6 22  40   M    M   1 3      33  30
11  97  74  86   2   0  21 0.01  0.0    0  6.6 10  30   M    M   4         M  M
12  99  75  87   3   0  22 0.00  0.0    0  8.8 16 100   M    M   1        24 100
13 100  77  89   5   0  24 0.82  0.0    0  8.9 17 140   M    M   1 13     18  90
14  96  78  87   4   0  22 0.00  0.0    0  6.4 10  90   M    M   4         M  M
15  96  76  86   3   0  21    T  0.0    0  6.1 13  90   M    M   3         M  M
16  99  76  88   5   0  23 0.00  0.0    0  5.5 14 100   M    M   2         M  M
17 101  78  90   7   0  25 0.00  0.0    0  8.3 20  90   M    M   1        27  90
18 102  78  90   8   0  25 0.00  0.0    0  8.6 15 110   M    M   1         M  M
19 103  78  91   9   0  26 0.00  0.0    0  9.4 17 110   M    M   0        21 100
20 101  76  89   7   0  24 0.00  0.0    0  8.2 12 100   M    M   0         M  M
21  99  76  88   6   0  23 0.00  0.0    0  7.0 13 100   M    M   1         M  M
22  97  72  85   4   0  20 0.00  0.0    0  6.3 14 110   M    M   2         M  M
23 100  77  89   8   0  24 0.00  0.0    0 13.4 22 150   M    M   1        25 150
24 100  78  89   8   0  24 0.00  0.0    0 14.2 21 140   M    M   1        30 130
25  99  71  85   4   0  20 3.47  0.0    0 12.9 23  10   M    M   5 13     28  10
26  86  69  78  -2   0  13 0.41  0.0    0   M   M   M   M    M   7 1       M  M
27  75  67  71  -9   0   6    T  0.0    0  8.9 12 290   M    M   8 1       M  M
================================================================================
SM 2623 2034         0 581  5.05     0.0 238.9          M       62
================================================================================
AV 97.1 75.3                               9.2 FASTST   M    M   2    MAX(MPH)
                                 MISC ---->  # 28  50               # 36   40
================================================================================
NOTES:
# LAST OF SEVERAL OCCURRENCES

COLUMN 17 PEAK WIND IN M.P.H.

PRELIMINARY LOCAL CLIMATOLOGICAL DATA (WS FORM: F-6) , PAGE 2

                                          STATION:  LAREDO
                                          MONTH:    SEPTEMBER
                                          YEAR:     2016
                                          LATITUDE:   27 31 N
                                          LONGITUDE:  99 28 W

[TEMPERATURE DATA]      [PRECIPITATION DATA]       SYMBOLS USED IN COLUMN 16

AVERAGE MONTHLY: 86.2   TOTAL FOR MONTH:   5.05    1 = FOG OR MIST
DPTR FM NORMAL:   2.8   DPTR FM NORMAL:    2.38    2 = FOG REDUCING VISIBILITY
HIGHEST:   103 ON 19    GRTST 24HR  3.51 ON 25-26      TO 1/4 MILE OR LESS
LOWEST:     67 ON 27                               3 = THUNDER
                        SNOW, ICE PELLETS, HAIL    4 = ICE PELLETS
                        TOTAL MONTH:   0.0 INCH    5 = HAIL
                        GRTST 24HR     0.0         6 = FREEZING RAIN OR DRIZZLE
                        GRTST DEPTH:   0           7 = DUSTSTORM OR SANDSTORM:
                                                       VSBY 1/2 MILE OR LESS
                                                   8 = SMOKE OR HAZE
[NO. OF DAYS WITH]      [WEATHER - DAYS WITH]      9 = BLOWING SNOW
                                                   X = TORNADO
MAX 32 OR BELOW:   0    0.01 INCH OR MORE:   7
MAX 90 OR ABOVE:  25    0.10 INCH OR MORE:   4
MIN 32 OR BELOW:   0    0.50 INCH OR MORE:   2
MIN  0 OR BELOW:   0    1.00 INCH OR MORE:   1

[HDD (BASE 65) ]
TOTAL THIS MO.     0    CLEAR  (SCALE 0-3)  19
DPTR FM NORMAL     0    PTCLDY (SCALE 4-7)   8
TOTAL FM JUL 1     0    CLOUDY (SCALE 8-10)  0
DPTR FM NORMAL     0

[CDD (BASE 65) ]
TOTAL THIS MO.   581
DPTR FM NORMAL    85    [PRESSURE DATA]
TOTAL FM JAN 1  4000    HIGHEST SLP M ON M
DPTR FM NORMAL   261    LOWEST  SLP M ON M

[REMARKS]
