000
CXUS54 KFWD 270730
CF6LUD
PRELIMINARY LOCAL CLIMATOLOGICAL DATA (WS FORM: F-6)

                                          STATION:   DECATUR
                                          MONTH:     MARCH
                                          YEAR:      2015
                                          LATITUDE:   33 15 N
                                          LONGITUDE:  97 30 W

  TEMPERATURE IN F:       :PCPN:    SNOW:  WIND      :SUNSHINE: SKY     :PK WND
================================================================================
1   2   3   4   5  6A  6B    7    8   9   10  11  12  13   14  15   16   17  18
                                     12Z  AVG MX 2MIN
DY MAX MIN AVG DEP HDD CDD  WTR  SNW DPTH SPD SPD DIR MIN PSBL S-S WX    SPD DR
================================================================================

 1  35  30  33 -16  32   0    M  0.0    0  5.0 12 360   M    M  10 16      M  M
 2  37  32  35 -15  30   0    M  0.0    M  3.7  9  10   M    M  10 1       M  M
 3  55  37  46  -4  19   0 0.00  0.0    0  4.2  7 120   M    M  10 12      M  M
 4  49  25  37 -13  28   0 0.11    M    0 11.0 20 360   M    M  10 12     28 360
 5  40  19  30 -20  35   0    M    M    M  6.2 13 360   M    M   1        24 360
 6  53  28  41 -10  24   0 0.00  0.0    0  6.7 10 170   M    M   0         M  M
 7  63  36  50  -1  15   0 0.00  0.0    0  7.3 13 170   M    M   3        17 170
 8  56  46  51   0  14   0    M  0.0    0  8.0 15 150   M    M   7 1      18 150
 9  48  46  47  -4  18   0 0.18  0.0    0  6.3 10  60   M    M  10 1       M  M
10  57  47  52   0  13   0 0.00  0.0    0  3.7  8 310   M    M   9 12      M  M
11  69  45  57   5   8   0 0.00  0.0    0  4.5 10  40   M    M   1 1       M  M
12  71  48  60   8   5   0 0.00  0.0    0  4.5 13  60   M    M   1        17  40
13  63  51  57   4   8   0 0.00  0.0    0  7.0 16 330   M    M   8 1      23 330
14  68  53  61   8   4   0 0.00  0.0    0 10.0 15  20   M    M   5        24 350
15  66  51  59   6   6   0 0.00  0.0    0  3.6  7 340   M    M   8 1       M  M
16  79  54  67  14   0   2 0.00  0.0    0  7.0 13 180   M    M   0         M  M
17  80  58  69  15   0   4 0.00  0.0    0  5.8  9  10   M    M   2         M  M
18  64  52  58   4   7   0 0.32  0.0    0  2.8  6  50   M    M   6 1       M  M
19  69  53  61   7   4   0 0.02  0.0    0  7.5 13  70   M    M   9 128    17 100
20  56  50  53  -1  12   0 0.39  0.0    0  6.6 13  40   M    M   8        20 330
21  59  49  54  -1  11   0 0.21  0.0    0  3.1  7  70   M    M   7 1       M  M
22  66  50  58   3   7   0 0.11  0.0    0  2.2  8 170   M    M   7 1       M  M
23  74  51  63   8   2   0 0.00  0.0    0 10.1 15 150   M    M   1 1      20 150
24  86  59  73  17   0   8 0.00  0.0    0 11.2 17 210   M    M   0        22 170
25  83  57  70  14   0   5 0.00  0.0    0 12.8 23 160   M    M   2 1      32 160
26  64  46  55  -1  10   0 0.00  0.0    0 11.6 22 340   M    M   4        31 340
================================================================================
SM 1610 1173       312  19  1.34     0.0 172.4          M      139
================================================================================
AV 61.9 45.1                               6.6 FASTST   M    M   5    MAX(MPH)
                                 MISC ---->  # 23 160                 32    M
================================================================================
NOTES:
# LAST OF SEVERAL OCCURRENCES

COLUMN 17 PEAK WIND IN M.P.H.

PRELIMINARY LOCAL CLIMATOLOGICAL DATA (WS FORM: F-6) , PAGE 2

                                          STATION:  DECATUR
                                          MONTH:    MARCH
                                          YEAR:     2015
                                          LATITUDE:   33 15 N
                                          LONGITUDE:  97 30 W

[TEMPERATURE DATA]      [PRECIPITATION DATA]       SYMBOLS USED IN COLUMN 16

AVERAGE MONTHLY: 53.5   TOTAL FOR MONTH:   1.34    1 = FOG OR MIST
DPTR FM NORMAL:   0.8   DPTR FM NORMAL:   -1.83    2 = FOG REDUCING VISIBILITY
HIGHEST:    86 ON 24    GRTST 24HR  0.39 ON 20-20      TO 1/4 MILE OR LESS
LOWEST:     19 ON  5                               3 = THUNDER
                        SNOW, ICE PELLETS, HAIL    4 = ICE PELLETS
                        TOTAL MONTH:   0.0 INCH    5 = HAIL
                        GRTST 24HR     0.0         6 = FREEZING RAIN OR DRIZZLE
                        GRTST DEPTH:   0           7 = DUSTSTORM OR SANDSTORM:
                                                       VSBY 1/2 MILE OR LESS
                                                   8 = SMOKE OR HAZE
[NO. OF DAYS WITH]      [WEATHER - DAYS WITH]      9 = BLOWING SNOW
                                                   X = TORNADO
MAX 32 OR BELOW:   0    0.01 INCH OR MORE:   7
MAX 90 OR ABOVE:   0    0.10 INCH OR MORE:   6
MIN 32 OR BELOW:   5    0.50 INCH OR MORE:   0
MIN  0 OR BELOW:   0    1.00 INCH OR MORE:   0

[HDD (BASE 65) ]
TOTAL THIS MO.   312    CLEAR  (SCALE 0-3)  10
DPTR FM NORMAL   -16    PTCLDY (SCALE 4-7)   8
TOTAL FM JUL 1  2428    CLOUDY (SCALE 8-10)  8
DPTR FM NORMAL  -301

[CDD (BASE 65) ]
TOTAL THIS MO.    19
DPTR FM NORMAL    16    [PRESSURE DATA]
TOTAL FM JAN 1    22    HIGHEST SLP M ON M
DPTR FM NORMAL    17    LOWEST  SLP M ON M

[REMARKS]
