000
CXUS55 KBYZ 271055
CF6LVM
PRELIMINARY LOCAL CLIMATOLOGICAL DATA (WS FORM: F-6)

                                          STATION:   LIVINGSTON MT
                                          MONTH:     FEBRUARY
                                          YEAR:      2017
                                          LATITUDE:   45 41 N
                                          LONGITUDE: 110 26 W

  TEMPERATURE IN F:       :PCPN:    SNOW:  WIND      :SUNSHINE: SKY     :PK WND
================================================================================
1   2   3   4   5  6A  6B    7    8   9   10  11  12  13   14  15   16   17  18
                                     12Z  AVG MX 2MIN
DY MAX MIN AVG DEP HDD CDD  WTR  SNW DPTH SPD SPD DIR MIN PSBL S-S WX    SPD DR
================================================================================

 1  14 -16  -1 -29  66   0 0.04    M    M  8.3 25 330   M    M   4 18     30 330
 2   7 -18  -5 -33  70   0    T    M    M  5.4 16 320   M    M   7 18     18 320
 3  42 -20  11 -17  54   0 0.00    M    M 11.4 37 210   M    M   4 8      42 210
 4  43  19  31   3  34   0 0.06    M    M 19.7 39 210   M    M   7 1      50 220
 5  45  40  43  15  22   0 0.00    M    M 33.6 46 220   M    M   5        56 220
 6  46  13  30   2  35   0 0.24    M    M 18.0 46 210   M    M   6 128    58 210
 7  18   5  12 -16  53   0 0.13    M    M 10.2 23  90   M    M  10 128    27  90
 8  29   5  17 -11  48   0 0.01    M    M  7.5 16 100   M    M   8 18     18 120
 9  54  17  36   8  29   0    T    M    M 29.8 46 220   M    M   9        59 210
10  52  29  41  13  24   0 0.19    M    M 16.6 41 220   M    M   7 1      52 220
11  40  23  32   4  33   0 0.00    M    M 18.5 36 270   M    M   4        42 270
12  48  20  34   6  31   0 0.00    M    M 21.5 39 230   M    M   0        48 250
13  48  24  36   8  29   0 0.00    M    M 12.9 28 260   M    M   0        35 250
14  52  21  37   8  28   0 0.00    M    M 15.5 24 320   M    M   0        33 310
15  59  28  44  15  21   0 0.00    M    M 32.8 48 210   M    M   0        64 200
16  61  42  52  23  13   0 0.00    M    M 36.0 54 220   M    M   3        65 220
17  53  29  41  12  24   0 0.00    M    M 14.9 39 220   M    M   3        51 230
18  58  32  45  16  20   0 0.00    M    M 11.9 35 220   M    M   5        43 220
19  54  32  43  13  22   0 0.12    M    M 12.9 32 260   M    M   6 1      39 230
20  53  34  44  14  21   0 0.00    M    M 26.8 46 230   M    M   4        56 220
21  58  36  47  17  18   0    T    M    M 25.8 46 220   M    M   6        56 220
22  41  29  35   5  30   0 0.01    M    M 15.3 33 260   M    M   8 1      40 260
23  29  21  25  -5  40   0 0.06    M    M 17.5 25  90   M    M   9 1      31  90
24  28  18  23  -8  42   0 0.04    M    M  4.6 13  90   M    M   9 18     16  90
25  28  20  24  -7  41   0 0.01    M    M 19.6 36 270   M    M   6 1      42 280
26  31  21  26  -5  39   0 0.00    M    M 24.8 39 210   M    M   6        46 220
================================================================================
SM 1091  504       887   0  0.91    M    471.8          M      136
================================================================================
AV 42.0 19.4                              18.1 FASTST   M    M   5    MAX(MPH)
                                 MISC ---->  # 54 220               # 65  220
================================================================================
NOTES:
# LAST OF SEVERAL OCCURRENCES

COLUMN 17 PEAK WIND IN M.P.H.

PRELIMINARY LOCAL CLIMATOLOGICAL DATA (WS FORM: F-6) , PAGE 2

                                          STATION:  LIVINGSTON MT
                                          MONTH:    FEBRUARY
                                          YEAR:     2017
                                          LATITUDE:   45 41 N
                                          LONGITUDE: 110 26 W

[TEMPERATURE DATA]      [PRECIPITATION DATA]       SYMBOLS USED IN COLUMN 16

AVERAGE MONTHLY: 30.7   TOTAL FOR MONTH:   0.91    1 = FOG OR MIST
DPTR FM NORMAL:   1.8   DPTR FM NORMAL:    0.45    2 = FOG REDUCING VISIBILITY
HIGHEST:    61 ON 16    GRTST 24HR  0.24 ON  6- 6      TO 1/4 MILE OR LESS
LOWEST:    -20 ON  3                               3 = THUNDER
                        SNOW, ICE PELLETS, HAIL    4 = ICE PELLETS
                        TOTAL MONTH:    M          5 = HAIL
                        GRTST 24HR    M  ON   M    6 = FREEZING RAIN OR DRIZZLE
                        GRTST DEPTH:  M  ON   M    7 = DUSTSTORM OR SANDSTORM:
                                                       VSBY 1/2 MILE OR LESS
                                                   8 = SMOKE OR HAZE
[NO. OF DAYS WITH]      [WEATHER - DAYS WITH]      9 = BLOWING SNOW
                                                   X = TORNADO
MAX 32 OR BELOW:   8    0.01 INCH OR MORE:  11
MAX 90 OR ABOVE:   0    0.10 INCH OR MORE:   4
MIN 32 OR BELOW:  22    0.50 INCH OR MORE:   0
MIN  0 OR BELOW:   3    1.00 INCH OR MORE:   0

[HDD (BASE 65) ]
TOTAL THIS MO.   887    CLEAR  (SCALE 0-3)   6
DPTR FM NORMAL   -51    PTCLDY (SCALE 4-7)  16
TOTAL FM JUL 1  5147    CLOUDY (SCALE 8-10)  4
DPTR FM NORMAL  -132

[CDD (BASE 65) ]
TOTAL THIS MO.     0
DPTR FM NORMAL     0    [PRESSURE DATA]
TOTAL FM JAN 1     0    HIGHEST SLP  0.00 ON 16
DPTR FM NORMAL     0    LOWEST  SLP  0.00 ON 16

[REMARKS]
