000
CXUS55 KBYZ 211055
CF6LVM
PRELIMINARY LOCAL CLIMATOLOGICAL DATA (WS FORM: F-6)

                                          STATION:   LIVINGSTON MT
                                          MONTH:     SEPTEMBER
                                          YEAR:      2017
                                          LATITUDE:   45 41 N
                                          LONGITUDE: 110 26 W

  TEMPERATURE IN F:       :PCPN:    SNOW:  WIND      :SUNSHINE: SKY     :PK WND
================================================================================
1   2   3   4   5  6A  6B    7    8   9   10  11  12  13   14  15   16   17  18
                                     12Z  AVG MX 2MIN
DY MAX MIN AVG DEP HDD CDD  WTR  SNW DPTH SPD SPD DIR MIN PSBL S-S WX    SPD DR
================================================================================

 1  86  50  68   7   0   3 0.00    M    M 10.6 23 270   M    M   1        28 270
 2  95  47  71  10   0   6 0.00    M    M 12.9 25 270   M    M   1        32 270
 3  98  58  78  18   0  13 0.00    M    M 10.6 22 240   M    M   7 8      27 250
 4  70  53  62   2   3   0 0.00    M    M 12.8 23 100   M    M   2        31  90
 5  77  36  57  -3   8   0 0.00    M    M  6.9 17  80   M    M   0        22  60
 6  88  37  63   4   2   0 0.00    M    M  6.1 16 300   M    M   0 8      19 300
 7  88  38  63   4   2   0 0.00    M    M  6.5 14  80   M    M   0 8      17  90
 8  88  41  65   6   0   0 0.00    M    M  9.5 28 210   M    M   0 8      37 210
 9  91  56  74  16   0   9 0.02    M    M 12.9 40 260   M    M   0 38     49 260
10  89  56  73  15   0   8 0.00    M    M 10.0 22 210   M    M   0        26 230
11  91  48  70  12   0   5 0.00    M    M  9.6 20 270   M    M   1 8      27 250
12  92  46  69  12   0   4 0.00    M    M 10.8 37 200   M    M   1        46 210
13  86  51  69  12   0   4 0.19    M    M  9.0 29 230   M    M   3 13     35 230
14  54  43  49  -7  16   0 0.46    M    M 15.3 24  80   M    M  10 1      30  80
15  43  36  40 -16  25   0 0.49    M    M 16.0 24  90   M    M  10 1      29  90
16  49  34  42 -14  23   0 0.03    M    M 11.3 22  80   M    M   9 1      29  80
17  66  34  50  -5  15   0 0.00    M    M 14.9 26 230   M    M   0        37 270
18  71  45  58   3   7   0 0.20    M    M 19.2 38 220   M    M   6 1      48 230
19  58  38  48  -6  17   0 0.44    M    M 15.4 32 300   M    M   7 13     40 300
20  61  37  49  -5  16   0 0.12    M    M 16.3 43 220   M    M   8 1      59 210
================================================================================
SM 1541  884       134  52  1.95    M    236.6          M       66
================================================================================
AV 77.1 44.2                              11.8 FASTST   M    M   3    MAX(MPH)
                                 MISC ---->  # 43 220               # 59  210
================================================================================
NOTES:
# LAST OF SEVERAL OCCURRENCES

COLUMN 17 PEAK WIND IN M.P.H.

PRELIMINARY LOCAL CLIMATOLOGICAL DATA (WS FORM: F-6) , PAGE 2

                                          STATION:  LIVINGSTON MT
                                          MONTH:    SEPTEMBER
                                          YEAR:     2017
                                          LATITUDE:   45 41 N
                                          LONGITUDE: 110 26 W

[TEMPERATURE DATA]      [PRECIPITATION DATA]       SYMBOLS USED IN COLUMN 16

AVERAGE MONTHLY: 60.6   TOTAL FOR MONTH:   1.95    1 = FOG OR MIST
DPTR FM NORMAL:   3.0   DPTR FM NORMAL:    1.19    2 = FOG REDUCING VISIBILITY
HIGHEST:    98 ON  3    GRTST 24HR  0.49 ON 15-15      TO 1/4 MILE OR LESS
LOWEST:     34 ON 17,16                            3 = THUNDER
                        SNOW, ICE PELLETS, HAIL    4 = ICE PELLETS
                        TOTAL MONTH:    M          5 = HAIL
                        GRTST 24HR    M  ON   M    6 = FREEZING RAIN OR DRIZZLE
                        GRTST DEPTH:  M  ON   M    7 = DUSTSTORM OR SANDSTORM:
                                                       VSBY 1/2 MILE OR LESS
                                                   8 = SMOKE OR HAZE
[NO. OF DAYS WITH]      [WEATHER - DAYS WITH]      9 = BLOWING SNOW
                                                   X = TORNADO
MAX 32 OR BELOW:   0    0.01 INCH OR MORE:   8
MAX 90 OR ABOVE:   5    0.10 INCH OR MORE:   6
MIN 32 OR BELOW:   0    0.50 INCH OR MORE:   0
MIN  0 OR BELOW:   0    1.00 INCH OR MORE:   0

[HDD (BASE 65) ]
TOTAL THIS MO.   134    CLEAR  (SCALE 0-3)  12
DPTR FM NORMAL   -24    PTCLDY (SCALE 4-7)   4
TOTAL FM JUL 1   157    CLOUDY (SCALE 8-10)  4
DPTR FM NORMAL  -119

[CDD (BASE 65) ]
TOTAL THIS MO.    52
DPTR FM NORMAL    39    [PRESSURE DATA]
TOTAL FM JAN 1   396    HIGHEST SLP M ON M
DPTR FM NORMAL   168    LOWEST  SLP 29.42 ON 19

[REMARKS]
