000
CXUS53 KILX 262300
CF6LWV
PRELIMINARY LOCAL CLIMATOLOGICAL DATA (WS FORM: F-6)

                                          STATION:   LAWRENCEVILLE IL AIRPORT
                                          MONTH:     MAY
                                          YEAR:      2017
                                          LATITUDE:   38 45 N
                                          LONGITUDE:  87 36 W

  TEMPERATURE IN F:       :PCPN:    SNOW:  WIND      :SUNSHINE: SKY     :PK WND
================================================================================
1   2   3   4   5  6A  6B    7    8   9   10  11  12  13   14  15   16   17  18
                                     12Z  AVG MX 2MIN
DY MAX MIN AVG DEP HDD CDD  WTR  SNW DPTH SPD SPD DIR MIN PSBL S-S WX    SPD DR
================================================================================

 1  62  50  56  -6   9   0    T    M    M 19.5 32 210   M    M   8        38 230
 2  69  47  58  -4   7   0    T    M    M 12.3 26 260   M    M   3        35 250
 3  52  47  50 -12  15   0 0.63    M    M 12.0 26  70   M    M  10 1      34  70
 4  53  48  51 -11  14   0 1.10    M    M 18.4 28  10   M    M  10 1      38  20
 5  63  44  54  -9  11   0 0.20    M    M 18.7 33 340   M    M   4 1      42 350
 6  64  42  53 -10  12   0 0.06    M    M  8.2 24 340   M    M   5 1      29 330
 7  70  40  55  -8  10   0 0.00    M    M  7.0 22 290   M    M   1 12     26 290
 8  71  44  58  -6   7   0 0.00    M    M  6.8 14 190   M    M   3        17 190
 9  86  54  70   6   0   5 0.00    M    M  8.7 22 250   M    M   1 1      26 250
10  85  61  73   9   0   8 1.49    M    M  9.2 22 310   M    M   4 138    26 310
11  71  58  65   0   0   0 1.00    M    M  8.1 24 320   M    M  10 123    35 320
12  72  55  64  -1   1   0 0.00    M    M  9.4 20  40   M    M   4        26  20
13  76  52  64  -1   1   0 0.00    M    M  4.4 15 350   M    M   0        18 350
14  83  57  70   4   0   5 0.00    M    M  7.2 20 220   M    M   0        22 210
15  85  59  72   6   0   7 0.00    M    M  7.0 18 180   M    M   0 1      23 180
16  88  61  75   9   0  10 0.00    M    M 14.0 26 180   M    M   0        33 210
17  85  71  78  12   0  13    T    M    0 19.5 37 170   M    M   3 38     47 170
18  88  70  79  12   0  14    T    M    M 12.8 25 220   M    M   3 3      32 210
19  88  64  76   9   0  11    T    M    M 11.9 25 250   M    M   4 3      31 230
20  84  64  74   7   0   9 0.34    M    M 11.8 25 220   M    M   4 13     31 220
21  76  55  66  -2   0   1    T    M    M 11.7 21 300   M    M   5 1      26 300
22  75  52  64  -4   1   0 0.00    M    M  5.0 14 220   M    M   0        17 210
23  74  59  67  -1   0   2    T    M    M  4.9 15 320   M    M   4        19 320
24  63  58  61  -7   4   0 1.08    M    M 10.0 22 320   M    M  10 1      26 310
25  73  58  66  -3   0   1 0.00  0.0    0 11.5 22 300   M    M   6 1      27 300
================================================================================
SM 1856 1370        92  86  5.90     0.0 270.0          M      102
================================================================================
AV 74.2 54.8                              10.8 FASTST   M    M   4    MAX(MPH)
                                 MISC ---->  # 37 170               # 47  170
================================================================================
NOTES:
# LAST OF SEVERAL OCCURRENCES

COLUMN 17 PEAK WIND IN M.P.H.

PRELIMINARY LOCAL CLIMATOLOGICAL DATA (WS FORM: F-6) , PAGE 2

                                          STATION:  LAWRENCEVILLE IL AIRPORT
                                          MONTH:    MAY
                                          YEAR:     2017
                                          LATITUDE:   38 45 N
                                          LONGITUDE:  87 36 W

[TEMPERATURE DATA]      [PRECIPITATION DATA]       SYMBOLS USED IN COLUMN 16

AVERAGE MONTHLY: 64.5   TOTAL FOR MONTH:   5.90    1 = FOG OR MIST
DPTR FM NORMAL:  -0.7   DPTR FM NORMAL:    1.08    2 = FOG REDUCING VISIBILITY
HIGHEST:    88 ON 19,18 GRTST 24HR  1.59 ON 30- 1      TO 1/4 MILE OR LESS
LOWEST:     40 ON  7                               3 = THUNDER
                        SNOW, ICE PELLETS, HAIL    4 = ICE PELLETS
                        TOTAL MONTH:   0.0 INCH    5 = HAIL
                        GRTST 24HR     0.0         6 = FREEZING RAIN OR DRIZZLE
                        GRTST DEPTH:   0           7 = DUSTSTORM OR SANDSTORM:
                                                       VSBY 1/2 MILE OR LESS
                                                   8 = SMOKE OR HAZE
[NO. OF DAYS WITH]      [WEATHER - DAYS WITH]      9 = BLOWING SNOW
                                                   X = TORNADO
MAX 32 OR BELOW:   0    0.01 INCH OR MORE:   8
MAX 90 OR ABOVE:   0    0.10 INCH OR MORE:   7
MIN 32 OR BELOW:   0    0.50 INCH OR MORE:   5
MIN  0 OR BELOW:   0    1.00 INCH OR MORE:   4

[HDD (BASE 65) ]
TOTAL THIS MO.    92    CLEAR  (SCALE 0-3)  11
DPTR FM NORMAL    16    PTCLDY (SCALE 4-7)   9
TOTAL FM JUL 1  3881    CLOUDY (SCALE 8-10)  5
DPTR FM NORMAL  -786

[CDD (BASE 65) ]
TOTAL THIS MO.    86
DPTR FM NORMAL     8    [PRESSURE DATA]
TOTAL FM JAN 1   133    HIGHEST SLP M ON M
DPTR FM NORMAL    29    LOWEST  SLP 29.46 ON 24

[REMARKS]
