000
CXUS53 KILX 222300
CF6LWV
PRELIMINARY LOCAL CLIMATOLOGICAL DATA (WS FORM: F-6)

                                          STATION:   LAWRENCEVILLE IL AIRPORT
                                          MONTH:     MARCH
                                          YEAR:      2017
                                          LATITUDE:   38 45 N
                                          LONGITUDE:  87 36 W

  TEMPERATURE IN F:       :PCPN:    SNOW:  WIND      :SUNSHINE: SKY     :PK WND
================================================================================
1   2   3   4   5  6A  6B    7    8   9   10  11  12  13   14  15   16   17  18
                                     12Z  AVG MX 2MIN
DY MAX MIN AVG DEP HDD CDD  WTR  SNW DPTH SPD SPD DIR MIN PSBL S-S WX    SPD DR
================================================================================

 1  68  38  53  13  12   0 0.54    M    M 20.1 43 310   M    M   8 138    52 310
 2  47  31  39  -1  26   0    T    M    M 12.5 24 330   M    M   5        36 300
 3  40  27  34  -6  31   0 0.00    M    M  7.5 17 340   M    M   1        20 340
 4  61  31  46   5  19   0 0.00    M    M  9.6 18 150   M    M   1        23 150
 5  67  34  51  10  14   0 0.00    M    M 15.7 32 210   M    M   4        40 220
 6  64  47  56  14   9   0 0.26    M    0 17.3 30 180   M    M   9 18     38 180
 7  65  39  52  10  13   0 0.93    M    M 14.8 37 190   M    M   5 13     47 200
 8  62  39  51   9  14   0 0.00    M    M 11.9 22 240   M    M   0        30 270
 9  71  37  54  11  11   0 0.07    M    M  9.7 23  30   M    M   1 1      28  10
10  45  33  39  -4  26   0 0.00    M    M 14.0 24 360   M    M   3        37 320
11  38  27  33 -10  32   0 0.00    M    M  8.0 15  30   M    M   3        19  40
12  41  24  33 -11  32   0 0.00    M    M  6.1 13 100   M    M   1        17  20
13  34  30  32 -12  33   0 0.09    M    M  8.1 17 350   M    M   8 18     21 340
14  36  20  28 -16  37   0    T    M    M 13.6 22 330   M    M   8 18     27 330
15  36  17  27 -18  38   0 0.00    M    M 10.5 22 300   M    M   1        28 320
16  47  18  33 -12  32   0 0.00    M    M  5.6 15 190   M    M   2        18 190
17  54  39  47   2  18   0 0.06    M    M  8.1 16 170   M    M   9 123    19 160
18  44  31  38  -8  27   0 0.00    M    M 11.5 23 310   M    M   7 12     28 320
19  56  26  41  -5  24   0 0.00    M    M  4.5 10 140   M    M   1 18     14 140
20  76  45  61  15   4   0    T    M    M 11.3 25  40   M    M   5        32  30
21  65  42  54   7  11   0 0.00    M    M 13.3 26 350   M    M   3 18     31 350
================================================================================
SM 1117  675       463   0  1.95    M    233.7          M       85
================================================================================
AV 53.2 32.1                              11.1 FASTST   M    M   4    MAX(MPH)
                                 MISC ---->  # 43 310               # 52  310
================================================================================
NOTES:
# LAST OF SEVERAL OCCURRENCES

COLUMN 17 PEAK WIND IN M.P.H.

PRELIMINARY LOCAL CLIMATOLOGICAL DATA (WS FORM: F-6) , PAGE 2

                                          STATION:  LAWRENCEVILLE IL AIRPORT
                                          MONTH:    MARCH
                                          YEAR:     2017
                                          LATITUDE:   38 45 N
                                          LONGITUDE:  87 36 W

[TEMPERATURE DATA]      [PRECIPITATION DATA]       SYMBOLS USED IN COLUMN 16

AVERAGE MONTHLY: 42.7   TOTAL FOR MONTH:   1.95    1 = FOG OR MIST
DPTR FM NORMAL:  -0.6   DPTR FM NORMAL:   -0.04    2 = FOG REDUCING VISIBILITY
HIGHEST:    76 ON 20    GRTST 24HR  0.93 ON  7- 7      TO 1/4 MILE OR LESS
LOWEST:     17 ON 15                               3 = THUNDER
                        SNOW, ICE PELLETS, HAIL    4 = ICE PELLETS
                        TOTAL MONTH:    M          5 = HAIL
                        GRTST 24HR    M  ON   M    6 = FREEZING RAIN OR DRIZZLE
                        GRTST DEPTH:   0           7 = DUSTSTORM OR SANDSTORM:
                                                       VSBY 1/2 MILE OR LESS
                                                   8 = SMOKE OR HAZE
[NO. OF DAYS WITH]      [WEATHER - DAYS WITH]      9 = BLOWING SNOW
                                                   X = TORNADO
MAX 32 OR BELOW:   0    0.01 INCH OR MORE:   6
MAX 90 OR ABOVE:   0    0.10 INCH OR MORE:   3
MIN 32 OR BELOW:  11    0.50 INCH OR MORE:   2
MIN  0 OR BELOW:   0    1.00 INCH OR MORE:   0

[HDD (BASE 65) ]
TOTAL THIS MO.   463    CLEAR  (SCALE 0-3)  11
DPTR FM NORMAL     8    PTCLDY (SCALE 4-7)   8
TOTAL FM JUL 1  3518    CLOUDY (SCALE 8-10)  2
DPTR FM NORMAL  -612

[CDD (BASE 65) ]
TOTAL THIS MO.     0
DPTR FM NORMAL     0    [PRESSURE DATA]
TOTAL FM JAN 1     0    HIGHEST SLP M ON M
DPTR FM NORMAL     0    LOWEST  SLP 29.50 ON  1

[REMARKS]
