794
CXUS51 KRNK 280631
CF6LYH
PRELIMINARY LOCAL CLIMATOLOGICAL DATA (WS FORM: F-6)

                                          STATION:   LYNCHBURG VA
                                          MONTH:     AUGUST
                                          YEAR:      2016
                                          LATITUDE:   37 19 N
                                          LONGITUDE:  79 12 W

  TEMPERATURE IN F:       :PCPN:    SNOW:  WIND      :SUNSHINE: SKY     :PK WND
================================================================================
1   2   3   4   5  6A  6B    7    8   9   10  11  12  13   14  15   16   17  18
                                     12Z  AVG MX 2MIN
DY MAX MIN AVG DEP HDD CDD  WTR  SNW DPTH SPD SPD DIR MIN PSBL S-S WX    SPD DR
================================================================================

 1  89  69  79   4   0  14    T  0.0    0  2.9 10 190   M    M   2 1      14 200
 2  85  71  78   3   0  13 0.00  0.0    0  3.9 13  40   M    M   4        17  40
 3  81  71  76   1   0  11    T  0.0    0  7.3 14  40   M    M   7        20 100
 4  76  68  72  -3   0   7 0.02  0.0    0  5.3 10  10   M    M   9        16  10
 5  81  70  76   1   0  11 0.05  0.0    0  5.3 13 170   M    M   8 1      16 170
 6  89  71  80   5   0  15 0.62  0.0    0  5.5 20  70   M    M   4 13     26  50
 7  80  68  74  -1   0   9 0.00  0.0    0  2.1  7  40   M    M   6         9  50
 8  71  66  69  -6   0   4 0.31  0.0    0  6.6 13  50   M    M  10 1      16  20
 9  77  65  71  -4   0   6 0.04  0.0    0  5.2 10  50   M    M  10 1      13  30
10  87  70  79   4   0  14 0.00  0.0    0  4.5 15 180   M    M   5 1      19 220
11  88  69  79   4   0  14 0.00  0.0    0  5.1 15 180   M    M   1        20 200
12  90  71  81   6   0  16 0.00  0.0    0  5.9 15 190   M    M   1        19 190
13  92  73  83   8   0  18 0.00  0.0    0  6.6 16 200   M    M   0        23 210
14  92  70  81   7   0  16 0.00  0.0    0  4.5 17 300   M    M   1 3      25 300
15  92  69  81   7   0  16    T  0.0    0  2.9 15 200   M    M   1 3      18 190
16  90  70  80   6   0  15 0.03  0.0    0  3.8 12 260   M    M   4 13     18 270
17  92  70  81   7   0  16 0.05  0.0    0  4.3 17 280   M    M   1 3      27 270
18  86  70  78   4   0  13 0.00  0.0    0  2.1  9  20   M    M   1        14 270
19  84  70  77   3   0  12 0.06  0.0    0  1.4 10 100   M    M   5        13 100
20  87  68  78   4   0  13 0.01  0.0    0  3.7 13 150   M    M   2        15 130
21  86  66  76   2   0  11 0.00  0.0    0  3.4 13 230   M    M   4 1      21 230
22  83  58  71  -3   0   6 0.00  0.0    0  1.7 10  10   M    M   2        15 360
23  84  60  72  -2   0   7 0.00  0.0    0  2.8 12 100   M    M   2        15 200
24  84  61  73  -1   0   8 0.00  0.0    0  4.1 13 190   M    M   2        16 190
25  91  66  79   6   0  14 0.00  0.0    0  4.4 10 220   M    M   1        12 200
26  94  68  81   8   0  16 0.00  0.0    0  2.0 12  50   M    M   2 1      17 100
27  92  72  82   9   0  17 0.00  0.0    0  6.6 14  20   M    M   1        19  40
================================================================================
SM 2323 1840         0 332  1.19     0.0 113.9          M       96
================================================================================
AV 86.0 68.2                               4.2 FASTST   M    M   4    MAX(MPH)
                                 MISC ---->  # 20  70               # 27  270
================================================================================
NOTES:
# LAST OF SEVERAL OCCURRENCES

COLUMN 17 PEAK WIND IN M.P.H.

PRELIMINARY LOCAL CLIMATOLOGICAL DATA (WS FORM: F-6) , PAGE 2

                                          STATION:  LYNCHBURG VA
                                          MONTH:    AUGUST
                                          YEAR:     2016
                                          LATITUDE:   37 19 N
                                          LONGITUDE:  79 12 W

[TEMPERATURE DATA]      [PRECIPITATION DATA]       SYMBOLS USED IN COLUMN 16

AVERAGE MONTHLY: 77.1   TOTAL FOR MONTH:   1.19    1 = FOG OR MIST
DPTR FM NORMAL:   2.7   DPTR FM NORMAL:   -1.65    2 = FOG REDUCING VISIBILITY
HIGHEST:    94 ON 26    GRTST 24HR  0.62 ON  6- 6      TO 1/4 MILE OR LESS
LOWEST:     58 ON 22                               3 = THUNDER
                        SNOW, ICE PELLETS, HAIL    4 = ICE PELLETS
                        TOTAL MONTH:   0.0 INCH    5 = HAIL
                        GRTST 24HR     0.0         6 = FREEZING RAIN OR DRIZZLE
                        GRTST DEPTH:   0           7 = DUSTSTORM OR SANDSTORM:
                                                       VSBY 1/2 MILE OR LESS
                                                   8 = SMOKE OR HAZE
[NO. OF DAYS WITH]      [WEATHER - DAYS WITH]      9 = BLOWING SNOW
                                                   X = TORNADO
MAX 32 OR BELOW:   0    0.01 INCH OR MORE:   9
MAX 90 OR ABOVE:   9    0.10 INCH OR MORE:   2
MIN 32 OR BELOW:   0    0.50 INCH OR MORE:   1
MIN  0 OR BELOW:   0    1.00 INCH OR MORE:   0

[HDD (BASE 65) ]
TOTAL THIS MO.     0    CLEAR  (SCALE 0-3)  15
DPTR FM NORMAL     0    PTCLDY (SCALE 4-7)   9
TOTAL FM JUL 1     0    CLOUDY (SCALE 8-10)  3
DPTR FM NORMAL    -1

[CDD (BASE 65) ]
TOTAL THIS MO.   332
DPTR FM NORMAL    78    [PRESSURE DATA]
TOTAL FM JAN 1  1025    HIGHEST SLP M ON M
DPTR FM NORMAL   157    LOWEST  SLP 29.80 ON  6

[REMARKS]
