000
CXUS54 KLZK 261430
CF6M19
PRELIMINARY LOCAL CLIMATOLOGICAL DATA (WS FORM: F-6)

                                          STATION:   Newport Airport
                                          MONTH:     FEBRUARY
                                          YEAR:      2015
                                          LATITUDE:   35 35 N
                                          LONGITUDE:  91 16 W

  TEMPERATURE IN F:       :PCPN:    SNOW:  WIND      :SUNSHINE: SKY     :PK WND
================================================================================
1   2   3   4   5  6A  6B    7    8   9   10  11  12  13   14  15   16   17  18
                                     12Z  AVG MX 2MIN
DY MAX MIN AVG DEP HDD CDD  WTR  SNW DPTH SPD SPD DIR MIN PSBL S-S WX    SPD DR
================================================================================

 1  53  30  42   4  23   0 0.52    M    0 14.1 27 300   M    M   9 1      37 300
 2  37  25  31  -7  34   0 0.00  0.0    0 12.2 25 300   M    M   4        32 320
 3  49  24  37  -2  28   0 0.00  0.0    0 10.3 20 200   M    M   0         M  M
 4  51  30  41   2  24   0 0.02    M    0  9.2 24  10   M    M   6        29  10
 5  32  23  28 -11  37   0    T    M    0 11.7 22  20   M    M   2         M  M
 6  51  21  36  -3  29   0 0.00  0.0    0  9.3 17 210   M    M   1        18 200
 7  63  35  49  10  16   0 0.00  0.0    0 16.1 27 210   M    M   1        32 200
 8  67  48  58  18   7   0 0.00  0.0    0 13.7 22 210   M    M   4        27 210
 9  53  37  45   5  20   0 0.00  0.0    0 12.9 16  20   M    M   6 8      23 360
10  44  27  36  -4  29   0 0.00  0.0    0  7.8 15  20   M    M   5         M  M
11  58  27  43   3  22   0 0.00  0.0    0  7.4 20 360   M    M   0 1      24 340
12  39  25  32  -9  33   0 0.00  0.0    0 13.7 27  30   M    M   0        33  30
13  42  24  33  -8  32   0    T    M    0  7.0 14 210   M    M   3         M  M
14  70  25  48   7  17   0 0.00  0.0    0 12.4 28  50   M    M   1        32  20
15  29  19  24 -18  41   0 0.02    M    0 17.4 24  50   M    M   5        25  80
16  26  19  23 -19  42   0 0.32    M    0 15.1 20 350   M    M   6 19      M  M
17  36  15  26 -16  39   0 0.01    M    0  7.2 20 220   M    M   1         M  M
18  34  18  26 -16  39   0 0.00  0.0    0 14.5 23 310   M    M   1        31 310
19  23  12  18 -25  47   0 0.00  0.0    0  5.9 10  10   M    M   5         M  M
20  33  22  28 -15  37   0 0.39    M    0 10.0 14 120   M    M  10 13      M  M
21  38  32  35  -8  30   0 1.62    M    0  8.9 16 360   M    M   9 13      M  M
22  37  28  33 -11  32   0 0.00  0.0    0 16.1 25  40   M    M   8 18     30  20
23  29  21  25 -19  40   0    T    M    0 19.2 25  20   M    M   9        31  20
24  39  22  31 -13  34   0 0.00  0.0    0  6.6 13 180   M    M   6         M  M
25  37  26  32 -13  33   0 0.00  0.0    0  5.1 12  30   M    M   2 1       M  M
================================================================================
SM 1070  635       765   0  2.90     0.0 283.8          M      104
================================================================================
AV 42.8 25.4                              11.4 FASTST   M    M   4    MAX(MPH)
                                 MISC ---->    28   M                 37    M
================================================================================
NOTES:
# LAST OF SEVERAL OCCURRENCES

COLUMN 17 PEAK WIND IN M.P.H.

PRELIMINARY LOCAL CLIMATOLOGICAL DATA (WS FORM: F-6) , PAGE 2

                                          STATION:  Newport Airport
                                          MONTH:    FEBRUARY
                                          YEAR:     2015
                                          LATITUDE:   35 35 N
                                          LONGITUDE:  91 16 W

[TEMPERATURE DATA]      [PRECIPITATION DATA]       SYMBOLS USED IN COLUMN 16

AVERAGE MONTHLY: 34.1   TOTAL FOR MONTH:   2.90    1 = FOG OR MIST
DPTR FM NORMAL:  -7.0   DPTR FM NORMAL:   -0.35    2 = FOG REDUCING VISIBILITY
HIGHEST:    70 ON 14    GRTST 24HR  1.62 ON 21-21      TO 1/4 MILE OR LESS
LOWEST:     12 ON 19                               3 = THUNDER
                        SNOW, ICE PELLETS, HAIL    4 = ICE PELLETS
                        TOTAL MONTH:   0.0 INCH    5 = HAIL
                        GRTST 24HR     0.0         6 = FREEZING RAIN OR DRIZZLE
                        GRTST DEPTH:   0           7 = DUSTSTORM OR SANDSTORM:
                                                       VSBY 1/2 MILE OR LESS
                                                   8 = SMOKE OR HAZE
[NO. OF DAYS WITH]      [WEATHER - DAYS WITH]      9 = BLOWING SNOW
                                                   X = TORNADO
MAX 32 OR BELOW:   5    0.01 INCH OR MORE:   7
MAX 90 OR ABOVE:   0    0.10 INCH OR MORE:   4
MIN 32 OR BELOW:  22    0.50 INCH OR MORE:   2
MIN  0 OR BELOW:   0    1.00 INCH OR MORE:   1

[HDD (BASE 65) ]
TOTAL THIS MO.   765    CLEAR  (SCALE 0-3)  11
DPTR FM NORMAL   168    PTCLDY (SCALE 4-7)   9
TOTAL FM JUL 1  2996    CLOUDY (SCALE 8-10)  5
DPTR FM NORMAL   102

[CDD (BASE 65) ]
TOTAL THIS MO.     0
DPTR FM NORMAL     0    [PRESSURE DATA]
TOTAL FM JAN 1     0    HIGHEST SLP M ON M
DPTR FM NORMAL     0    LOWEST  SLP M ON M

[REMARKS]
