000
CXUS54 KMAF 301100
CF6MAF
PRELIMINARY LOCAL CLIMATOLOGICAL DATA (WS FORM: F-6)

                                          STATION:   Midland International Airport
                                          MONTH:     JULY
                                          YEAR:      2016
                                          LATITUDE:   31 57 N
                                          LONGITUDE: 102 11 W

  TEMPERATURE IN F:       :PCPN:    SNOW:  WIND      :SUNSHINE: SKY     :PK WND
================================================================================
1   2   3   4   5  6A  6B    7    8   9   10  11  12  13   14  15   16   17  18
                                     12Z  AVG MX 2MIN
DY MAX MIN AVG DEP HDD CDD  WTR  SNW DPTH SPD SPD DIR MIN PSBL S-S WX    SPD DR
================================================================================

 1  96  72  84   2   0  19 0.00  0.0    0 12.3 22 150   M    M   1        28 130
 2  98  75  87   5   0  22 0.00  0.0    0 12.7 25 190   M    M   1        32 200
 3 105  77  91   9   0  26 0.00  0.0    0 11.3 18 270   M    M   1        26 280
 4 108  81  95  13   0  30 0.00  0.0    0 10.5 25 240   M    M   0 3      32 250
 5 107  79  93  11   0  28    T  0.0    0 16.8 44  90   M    M   0 38     54  90
 6 105  75  90   8   0  25    T  0.0    0 15.6 53 300   M    M   1 8      64 300
 7 106  77  92  10   0  27 0.01  0.0    0 13.0 36 220   M    M   0 38     48 180
 8 101  72  87   5   0  22 0.00  0.0    0 11.5 35  50   M    M   0 38     41  50
 9  98  72  85   3   0  20 0.00  0.0    0 11.1 24  60   M    M   1        30  70
10 102  75  89   7   0  24 0.00  0.0    0 12.9 23 160   M    M   0        35 150
11 107  79  93  11   0  28    T  0.0    0 17.0 33 160   M    M   0 3      38 160
12 108  80  94  12   0  29 0.00  0.0    0 15.9 29 180   M    M   0 3      37 190
13 106  78  92  10   0  27 0.00  0.0    0 15.7 24 160   M    M   0        28 190
14 106  74  90   8   0  25 0.01  0.0    0 13.6 38  30   M    M   1 38     47  30
15 102  77  90   8   0  25    T  0.0    0 11.0 28 140   M    M   1 138    32 140
16 100  72  86   4   0  21 0.00  0.0    0 14.8 24 160   M    M   0        29 160
17 101  76  89   7   0  24 0.00  0.0    0 14.4 22 150   M    M   0        30 190
18  99  75  87   5   0  22 0.00  0.0    0 14.0 23 130   M    M   0        29 130
19  99  73  86   4   0  21 0.00  0.0    0 11.2 22 150   M    M   1        28 140
20  98  76  87   5   0  22 0.00  0.0    0 12.8 23 160   M    M   1        28 170
21 100  74  87   5   0  22 0.00  0.0    0 12.8 22 160   M    M   0        28 130
22 100  72  86   4   0  21 0.00  0.0    0 10.2 21 150   M    M   0        26 150
23 101  74  88   6   0  23 0.00  0.0    0 10.7 21 160   M    M   0        31 180
24 101  78  90   8   0  25 0.00  0.0    0 12.2 21 150   M    M   1        31 160
25 102  77  90   8   0  25 0.00  0.0    0  9.1 18 120   M    M   1        27 110
26  99  74  87   5   0  22 0.10  0.0    0 11.2 32 360   M    M   4 3      40 360
27  99  72  86   4   0  21 0.00  0.0    0  5.7 21 120   M    M   0 18     26  80
28  96  71  84   2   0  19 0.12  0.0    0  7.2 22 130   M    M   1 3      27 120
29  96  71  84   2   0  19 0.00  0.0    0 10.3 21 150   M    M   0        27 150
================================================================================
SM 2946 2178         0 684  0.24     0.0 357.5          M       16
================================================================================
AV101.6 75.1                              12.3 FASTST   M    M   1    MAX(MPH)
                                 MISC ---->  # 53 300               # 64  300
================================================================================
NOTES:
# LAST OF SEVERAL OCCURRENCES

COLUMN 17 PEAK WIND IN M.P.H.

PRELIMINARY LOCAL CLIMATOLOGICAL DATA (WS FORM: F-6) , PAGE 2

                                          STATION:  Midland International Airport
                                          MONTH:    JULY
                                          YEAR:     2016
                                          LATITUDE:   31 57 N
                                          LONGITUDE: 102 11 W

[TEMPERATURE DATA]      [PRECIPITATION DATA]       SYMBOLS USED IN COLUMN 16

AVERAGE MONTHLY: 88.3   TOTAL FOR MONTH:   0.24    1 = FOG OR MIST
DPTR FM NORMAL:   6.3   DPTR FM NORMAL:   -1.47    2 = FOG REDUCING VISIBILITY
HIGHEST:   108 ON 12, 4 GRTST 24HR  0.12 ON 28-28      TO 1/4 MILE OR LESS
LOWEST:     71 ON 29,28                            3 = THUNDER
                        SNOW, ICE PELLETS, HAIL    4 = ICE PELLETS
                        TOTAL MONTH:   0.0 INCH    5 = HAIL
                        GRTST 24HR     0.0         6 = FREEZING RAIN OR DRIZZLE
                        GRTST DEPTH:   0           7 = DUSTSTORM OR SANDSTORM:
                                                       VSBY 1/2 MILE OR LESS
                                                   8 = SMOKE OR HAZE
[NO. OF DAYS WITH]      [WEATHER - DAYS WITH]      9 = BLOWING SNOW
                                                   X = TORNADO
MAX 32 OR BELOW:   0    0.01 INCH OR MORE:   4
MAX 90 OR ABOVE:  29    0.10 INCH OR MORE:   2
MIN 32 OR BELOW:   0    0.50 INCH OR MORE:   0
MIN  0 OR BELOW:   0    1.00 INCH OR MORE:   0

[HDD (BASE 65) ]
TOTAL THIS MO.     0    CLEAR  (SCALE 0-3)  28
DPTR FM NORMAL     0    PTCLDY (SCALE 4-7)   1
TOTAL FM JUL 1     0    CLOUDY (SCALE 8-10)  0
DPTR FM NORMAL     0

[CDD (BASE 65) ]
TOTAL THIS MO.   684
DPTR FM NORMAL   191    [PRESSURE DATA]
TOTAL FM JAN 1  1650    HIGHEST SLP M ON M
DPTR FM NORMAL   307    LOWEST  SLP 29.60 ON 11

[REMARKS]
