000
CXUS54 KMAF 281100
CF6MAF
PRELIMINARY LOCAL CLIMATOLOGICAL DATA (WS FORM: F-6)

                                          STATION:   Midland International Airport
                                          MONTH:     AUGUST
                                          YEAR:      2016
                                          LATITUDE:   31 57 N
                                          LONGITUDE: 102 11 W

  TEMPERATURE IN F:       :PCPN:    SNOW:  WIND      :SUNSHINE: SKY     :PK WND
================================================================================
1   2   3   4   5  6A  6B    7    8   9   10  11  12  13   14  15   16   17  18
                                     12Z  AVG MX 2MIN
DY MAX MIN AVG DEP HDD CDD  WTR  SNW DPTH SPD SPD DIR MIN PSBL S-S WX    SPD DR
================================================================================

 1 100  74  87   5   0  22 0.00  0.0    0 12.9 23 160   M    M   0        29 160
 2 101  77  89   7   0  24 0.00  0.0    0  9.4 25 240   M    M   1 3      29 240
 3 102  77  90   8   0  25 0.00  0.0    0 10.7 20 140   M    M   0        32 190
 4 102  77  90   8   0  25 0.00  0.0    0 12.5 18 150   M    M   0        26 130
 5 101  77  89   7   0  24 0.00  0.0    0 13.5 23 130   M    M   0        32 140
 6 100  73  87   5   0  22 0.00  0.0    0  9.9 21 130   M    M   1        26 150
 7 101  76  89   7   0  24 0.00  0.0    0 12.6 22 170   M    M   0        31 150
 8 102  79  91   9   0  26 0.00  0.0    0 13.8 22 150   M    M   0        27 150
 9  99  74  87   5   0  22 0.57  0.0    0 12.6 33 320   M    M   3 38     42 350
10  94  73  84   2   0  19 0.00  0.0    0  7.7 18 150   M    M   1        22 160
11 100  75  88   6   0  23 0.01  0.0    0  9.6 28 170   M    M   2 3      31 170
12  98  72  85   3   0  20 2.04  0.0    0  5.0 33 310   M    M   2 138    47 330
13  91  73  82   0   0  17 0.00  0.0    0 11.3 25  40   M    M   2 3      38  50
14  84  68  76  -6   0  11 0.00  0.0    0 10.2 21  20   M    M   1        26  10
15  90  61  76  -6   0  11 0.00  0.0    0  8.2 18 110   M    M   0        23 110
16  92  64  78  -4   0  13 0.00  0.0    0  7.9 18  70   M    M   0        24  50
17  89  67  78  -3   0  13 0.00  0.0    0  7.8 22 110   M    M   4        26 100
18  89  72  81   0   0  16 0.00  0.0    0 13.0 25 170   M    M   3        30 170
19  90  73  82   1   0  17 0.00  0.0    0 12.6 22 180   M    M   4        26 190
20  84  70  77  -4   0  12 0.00  0.0    0 10.5 23  50   M    M   4        27  30
21  85  68  77  -4   0  12 0.00  0.0    0  9.8 18 120   M    M   5        24 110
22  88  71  80  -1   0  15    T  0.0    0 11.0 29 170   M    M   7 38     34 170
23  89  74  82   1   0  17 0.02  0.0    0 12.8 24 180   M    M   1        27 180
24  90  67  79  -1   0  14 0.01  0.0    0  7.8 24 260   M    M   3 3      30 290
25  92  69  81   1   0  16    T  0.0    0  9.9 18 320   M    M   1 3      24 170
26  84  69  77  -3   0  12 0.26  0.0    0  7.3 21 260   M    M   5 38     30 150
27  91  69  80   0   0  15 0.00  0.0    0  8.6 20 130   M    M   2 8      24 130
================================================================================
SM 2528 1939         0 487  2.91     0.0 278.9          M       52
================================================================================
AV 93.6 71.8                              10.3 FASTST   M    M   2    MAX(MPH)
                                 MISC ---->  # 33 320               # 47  330
================================================================================
NOTES:
# LAST OF SEVERAL OCCURRENCES

COLUMN 17 PEAK WIND IN M.P.H.

PRELIMINARY LOCAL CLIMATOLOGICAL DATA (WS FORM: F-6) , PAGE 2

                                          STATION:  Midland International Airport
                                          MONTH:    AUGUST
                                          YEAR:     2016
                                          LATITUDE:   31 57 N
                                          LONGITUDE: 102 11 W

[TEMPERATURE DATA]      [PRECIPITATION DATA]       SYMBOLS USED IN COLUMN 16

AVERAGE MONTHLY: 82.7   TOTAL FOR MONTH:   2.91    1 = FOG OR MIST
DPTR FM NORMAL:   1.3   DPTR FM NORMAL:    1.33    2 = FOG REDUCING VISIBILITY
HIGHEST:   102 ON  8, 4 GRTST 24HR  2.05 ON 11-12      TO 1/4 MILE OR LESS
LOWEST:     61 ON 15                               3 = THUNDER
                        SNOW, ICE PELLETS, HAIL    4 = ICE PELLETS
                        TOTAL MONTH:   0.0 INCH    5 = HAIL
                        GRTST 24HR     0.0         6 = FREEZING RAIN OR DRIZZLE
                        GRTST DEPTH:   0           7 = DUSTSTORM OR SANDSTORM:
                                                       VSBY 1/2 MILE OR LESS
                                                   8 = SMOKE OR HAZE
[NO. OF DAYS WITH]      [WEATHER - DAYS WITH]      9 = BLOWING SNOW
                                                   X = TORNADO
MAX 32 OR BELOW:   0    0.01 INCH OR MORE:   6
MAX 90 OR ABOVE:  19    0.10 INCH OR MORE:   3
MIN 32 OR BELOW:   0    0.50 INCH OR MORE:   2
MIN  0 OR BELOW:   0    1.00 INCH OR MORE:   1

[HDD (BASE 65) ]
TOTAL THIS MO.     0    CLEAR  (SCALE 0-3)  21
DPTR FM NORMAL     0    PTCLDY (SCALE 4-7)   6
TOTAL FM JUL 1     0    CLOUDY (SCALE 8-10)  0
DPTR FM NORMAL     0

[CDD (BASE 65) ]
TOTAL THIS MO.   487
DPTR FM NORMAL    43    [PRESSURE DATA]
TOTAL FM JAN 1  2179    HIGHEST SLP M ON M
DPTR FM NORMAL   353    LOWEST  SLP 29.68 ON  8

[REMARKS]
