000
CXUS52 KTAE 220635
CF6MAI
PRELIMINARY LOCAL CLIMATOLOGICAL DATA (WS FORM: F-6)

                                          STATION:   MARIANNA
                                          MONTH:     APRIL
                                          YEAR:      2014
                                          LATITUDE:   30 50 N
                                          LONGITUDE:  85 11 W

  TEMPERATURE IN F:       :PCPN:    SNOW:  WIND      :SUNSHINE: SKY     :PK WND
================================================================================
1   2   3   4   5  6A  6B    7    8   9   10  11  12  13   14  15   16   17  18
                                     12Z  AVG MX 2MIN
DY MAX MIN AVG DEP HDD CDD  WTR  SNW DPTH SPD SPD DIR MIN PSBL S-S WX    SPD DR
================================================================================

 1  83  43  63   0   2   0 0.00  0.0    0  4.0 14 230   M    M   0        17 230
 2  83  49  66   3   0   1 0.00  0.0    0  4.8 16 220   M    M   3 12     23 240
 3  81  50  66   2   0   1 0.00  0.0    0  6.0  7   M   M    M   0         M  M
 4  84  58  71   7   0   6 0.00  0.0    0  6.8 12 310   M    M   3         M  M
 5  81  64  73   9   0   8 0.16  0.0    0  3.2 10 350   M    M   9 1      13 340
 6  72  65  69   5   0   4 0.06  0.0    0  6.4 15  80   M    M   9 1      19  80
 7  73  61  67   3   0   2 2.48  0.0    0  9.2 32 260   M    M   7 13     40 270
 8  69  52  61  -4   4   0 0.00  0.0    0  8.4 20 340   M    M   3        25 340
 9  73  49  61  -4   4   0 0.00  0.0    0  6.7 18 340   M    M   1        23 340
10  78  43  61  -4   4   0 0.00  0.0    0  4.0 17 240   M    M   0        22 250
11  78  48  63  -2   2   0 0.00  0.0    0  3.3 10 200   M    M   2        14 190
12  84  53  69   3   0   4 0.00  0.0    0  3.1 14 210   M    M   2        19 200
13  84  58  71   5   0   6 0.00  0.0    0  4.6 14 180   M    M   1        18 180
14  83  65  74   8   0   9 0.00  0.0    0  9.4 20 330   M    M   3 13     26 310
15  67  43  55 -11  10   0 3.05  0.0    0 10.6 24 290   M    M   7 13     33 310
16  66  39  53 -14  12   0 0.00  0.0    0 10.3 18  60   M    M   0        24  60
17  72  50  61  -6   4   0 0.00  0.0    0 11.7 22  60   M    M   7 1      27  60
18  60  54  57 -10   8   0 1.90  0.0    0 14.2 24  20   M    M  10 13     33  40
19  65  54  60  -7   5   0 0.00  0.0    0 11.4 20  40   M    M  10 1      26  40
20  63  52  58 -10   7   0 0.00  0.0    0  8.4 16  40   M    M   8 1      27  40
21  79  49  64  -4   1   0 0.00  0.0    0  2.8 10 310   M    M   1 1      14 330
================================================================================
SM 1578 1099        63  41  7.65     0.0 149.3          M       86
================================================================================
AV 75.1 52.3                               7.1 FASTST   M    M   4    MAX(MPH)
                                 MISC ---->  # 32 260               # 40  270
================================================================================
NOTES:
# LAST OF SEVERAL OCCURRENCES

COLUMN 17 PEAK WIND IN M.P.H.

PRELIMINARY LOCAL CLIMATOLOGICAL DATA (WS FORM: F-6) , PAGE 2

                                          STATION:  MARIANNA
                                          MONTH:    APRIL
                                          YEAR:     2014
                                          LATITUDE:   30 50 N
                                          LONGITUDE:  85 11 W

[TEMPERATURE DATA]      [PRECIPITATION DATA]       SYMBOLS USED IN COLUMN 16

AVERAGE MONTHLY: 63.7   TOTAL FOR MONTH:   7.65    1 = FOG OR MIST
DPTR FM NORMAL:  -1.7   DPTR FM NORMAL:    4.58    2 = FOG REDUCING VISIBILITY
HIGHEST:    84 ON 13,12 GRTST 24HR  3.05 ON 15-15      TO 1/4 MILE OR LESS
LOWEST:     39 ON 16                               3 = THUNDER
                        SNOW, ICE PELLETS, HAIL    4 = ICE PELLETS
                        TOTAL MONTH:   0.0 INCH    5 = HAIL
                        GRTST 24HR     0.0         6 = FREEZING RAIN OR DRIZZLE
                        GRTST DEPTH:   0           7 = DUSTSTORM OR SANDSTORM:
                                                       VSBY 1/2 MILE OR LESS
                                                   8 = SMOKE OR HAZE
[NO. OF DAYS WITH]      [WEATHER - DAYS WITH]      9 = BLOWING SNOW
                                                   X = TORNADO
MAX 32 OR BELOW:   0    0.01 INCH OR MORE:   5
MAX 90 OR ABOVE:   0    0.10 INCH OR MORE:   4
MIN 32 OR BELOW:   0    0.50 INCH OR MORE:   3
MIN  0 OR BELOW:   0    1.00 INCH OR MORE:   3

[HDD (BASE 65) ]
TOTAL THIS MO.    63    CLEAR  (SCALE 0-3)  12
DPTR FM NORMAL     8    PTCLDY (SCALE 4-7)   5
TOTAL FM JUL 1  1741    CLOUDY (SCALE 8-10)  4
DPTR FM NORMAL   101

[CDD (BASE 65) ]
TOTAL THIS MO.    41
DPTR FM NORMAL   -23    [PRESSURE DATA]
TOTAL FM JAN 1    53    HIGHEST SLP M ON M
DPTR FM NORMAL   -58    LOWEST  SLP 29.67 ON  7

[REMARKS]
