000
CXUS55 KLIX 290830
CF6MCB
PRELIMINARY LOCAL CLIMATOLOGICAL DATA (WS FORM: F-6)

                                          STATION:   MCCOMB
                                          MONTH:     SEPTEMBER
                                          YEAR:      2014
                                          LATITUDE:   31 10 N
                                          LONGITUDE:  90 28 W

  TEMPERATURE IN F:       :PCPN:    SNOW:  WIND      :SUNSHINE: SKY     :PK WND
================================================================================
1   2   3   4   5  6A  6B    7    8   9   10  11  12  13   14  15   16   17  18
                                     12Z  AVG MX 2MIN
DY MAX MIN AVG DEP HDD CDD  WTR  SNW DPTH SPD SPD DIR MIN PSBL S-S WX    SPD DR
================================================================================

 1  91  73  82   2   0  17 0.02  0.0    0  5.7 17 130   M    M   3 123    24 130
 2  92  72  82   3   0  17 0.23  0.0    0  5.4 16 160   M    M   2 123    23 310
 3  90  71  81   2   0  16 0.00  0.0    0  2.2 17 150   M    M   3 13     20 150
 4  93  70  82   3   0  17 0.33  0.0    0  2.8 16  70   M    M   2 138    24  90
 5  87  70  79   0   0  14 0.91  0.0    0  2.3 16 310   M    M   3 13     21 190
 6  89  69  79   0   0  14    T  0.0    0  2.6 10 340   M    M   3 12     13 340
 7  90  73  82   4   0  17 0.14  0.0    0  4.6 14 310   M    M   3 18     16 310
 8  91  72  82   4   0  17 0.00  0.0    0  2.2 12 300   M    M   2 18     14 300
 9  91  72  82   4   0  17 0.00  0.0    0  2.7  9 190   M    M   2 1      11 180
10  91  73  82   4   0  17 0.00  0.0    0  3.8 13 170   M    M   2 1      18 210
11  91  73  82   4   0  17 0.23  0.0    0  2.3 10 250   M    M   3 18     12 130
12  93  72  83   6   0  18 0.01  0.0    0  4.2 18 160   M    M   2 13     22 160
13  76  67  72  -5   0   7 0.00  0.0    0  8.5 14  10   M    M   9 18     18  10
14  87  67  77   0   0  12 0.00  0.0    0  5.0 12 360   M    M   5 18     16  10
15  93  72  83   6   0  18    T  0.0    0  3.5  8 120   M    M   2        12  50
16  92  72  82   6   0  17 0.62  0.0    0  5.0 18 160   M    M   4 13     22 150
17  88  70  79   3   0  14 0.00  0.0    0  1.4  8 180   M    M   3 12     10 140
18  84  71  78   2   0  13 0.18  0.0    0  1.5 10  10   M    M   2 13     15 190
19  88  69  79   4   0  14 0.01  0.0    0  2.8 13 150   M    M   1 1      15 150
20  89  70  80   5   0  15 0.00  0.0    0  3.7 12  80   M    M   0 18     16  80
21  90  65  78   3   0  13 0.00  0.0    0  2.5 10 360   M    M   0 1      14 360
22  87  66  77   3   0  12 0.00  0.0    0  6.9 17 350   M    M   0        21  10
23  84  58  71  -3   0   6 0.00  0.0    0  5.3 10  30   M    M   0        16  20
24  84  62  73  -1   0   8 0.00  0.0    0  4.8 10 130   M    M   0        15 110
25  84  62  73  -1   0   8 0.00  0.0    0  4.0 12 110   M    M   0        17 110
26  85  64  75   2   0  10 0.00  0.0    0  3.1 12  60   M    M   1        15  80
27  83  65  74   1   0   9 0.00  0.0    0  5.1 12 100   M    M   2        17  90
28  81  70  76   4   0  11 0.04  0.0    0  4.6 12  20   M    M   8 1      15  10
================================================================================
SM 2464 1930         0 385  2.72     0.0 108.5          M       67
================================================================================
AV 88.0 68.9                               3.9 FASTST   M    M   2    MAX(MPH)
                                 MISC ---->  # 18 160               # 24  130
================================================================================
NOTES:
# LAST OF SEVERAL OCCURRENCES

COLUMN 17 PEAK WIND IN M.P.H.

PRELIMINARY LOCAL CLIMATOLOGICAL DATA (WS FORM: F-6) , PAGE 2

                                          STATION:  MCCOMB
                                          MONTH:    SEPTEMBER
                                          YEAR:     2014
                                          LATITUDE:   31 10 N
                                          LONGITUDE:  90 28 W

[TEMPERATURE DATA]      [PRECIPITATION DATA]       SYMBOLS USED IN COLUMN 16

AVERAGE MONTHLY: 78.5   TOTAL FOR MONTH:   2.72    1 = FOG OR MIST
DPTR FM NORMAL:   2.0   DPTR FM NORMAL:   -1.44    2 = FOG REDUCING VISIBILITY
HIGHEST:    93 ON 15,12 GRTST 24HR  1.24 ON  4- 5      TO 1/4 MILE OR LESS
LOWEST:     58 ON 23                               3 = THUNDER
                        SNOW, ICE PELLETS, HAIL    4 = ICE PELLETS
                        TOTAL MONTH:   0.0 INCH    5 = HAIL
                        GRTST 24HR     0.0         6 = FREEZING RAIN OR DRIZZLE
                        GRTST DEPTH:   0           7 = DUSTSTORM OR SANDSTORM:
                                                       VSBY 1/2 MILE OR LESS
                                                   8 = SMOKE OR HAZE
[NO. OF DAYS WITH]      [WEATHER - DAYS WITH]      9 = BLOWING SNOW
                                                   X = TORNADO
MAX 32 OR BELOW:   0    0.01 INCH OR MORE:  11
MAX 90 OR ABOVE:  13    0.10 INCH OR MORE:   7
MIN 32 OR BELOW:   0    0.50 INCH OR MORE:   2
MIN  0 OR BELOW:   0    1.00 INCH OR MORE:   0

[HDD (BASE 65) ]
TOTAL THIS MO.     0    CLEAR  (SCALE 0-3)  20
DPTR FM NORMAL     0    PTCLDY (SCALE 4-7)   7
TOTAL FM JUL 1     0    CLOUDY (SCALE 8-10)  1
DPTR FM NORMAL     0

[CDD (BASE 65) ]
TOTAL THIS MO.   385
DPTR FM NORMAL    62    [PRESSURE DATA]
TOTAL FM JAN 1  2096    HIGHEST SLP M ON M
DPTR FM NORMAL     6    LOWEST  SLP 29.86 ON 18

[REMARKS]
