638
CXAK56 PAFG 271311
CF6MCG
PRELIMINARY LOCAL CLIMATOLOGICAL DATA (WS FORM: F-6)

                                          STATION:   MCGRATH AK
                                          MONTH:     APRIL
                                          YEAR:      2017
                                          LATITUDE:   62 57 N
                                          LONGITUDE: 155 36 W

  TEMPERATURE IN F:       :PCPN:    SNOW:  WIND      :SUNSHINE: SKY     :PK WND
================================================================================
1   2   3   4   5  6A  6B    7    8   9   10  11  12  13   14  15   16   17  18
                                     12Z  AVG MX 2MIN
DY MAX MIN AVG DEP HDD CDD  WTR  SNW DPTH SPD SPD DIR MIN PSBL S-S WX    SPD DR
================================================================================

 1  47  25  36  17  29   0 0.00  0.0   12  0.9  8 150   M    M   9         9 150
 2  38  26  32  12  33   0    T    T   11  7.2 17 220   M    M  10 8      23 220
 3  45  20  33  12  32   0 0.00  0.0   11  7.3 18  80   M    M   4 1      26  80
 4  47  33  40  19  25   0 0.00  0.0   10  6.1 14  80   M    M   5         M  M
 5  42  24  33  11  32   0 0.00  0.0   10  5.8 14  30   M    M   3        18  10
 6  47  28  38  15  27   0 0.00  0.0    9  1.0  9 100   M    M   5        12 100
 7  43  23  33   9  32   0 0.00  0.0    9  3.9 15 110   M    M   2        19 100
 8  38  25  32   8  33   0 0.02  0.2    9  7.1 15 100   M    M   6 1      17 110
 9  43  24  34   9  31   0 0.09  2.4    9  6.8 15 120   M    M   9 12     20 120
10  47  20  34   8  31   0 0.00  0.0    9  2.0  9 150   M    M   2        11 150
11  51  18  35   8  30   0 0.00  0.0    8  0.8  6 260   M    M   0         7 160
12  51  17  34   7  31   0 0.00  0.0    8  4.6 17  80   M    M   0        22  80
13  52  21  37   9  28   0 0.00  0.0    7  3.2  8 110   M    M   0        10 350
14  50  20  35   6  30   0 0.00  0.0    6  1.0  7 140   M    M   0         9 130
15  54  20  37   7  28   0 0.00  0.0    6  2.4 15 110   M    M   0        24 120
16  43  23  33   3  32   0 0.00  0.0    3  4.7 13 120   M    M   1        16 120
17  43  24  34   3  31   0 0.00  0.0    1  4.2 12 340   M    M   1        14 340
18  41  15  28  -4  37   0 0.00  0.0    1  5.7 14 350   M    M   0        19 350
19  43  17  30  -2  35   0 0.00  0.0    1  9.7 22  80   M    M   0        27  70
20  48  20  34   1  31   0 0.00  0.0    0  5.5 14  90   M    M   2        17  90
21  52  20  36   2  29   0 0.00  0.0    0  3.5 14  90   M    M   0         M  M
22  54  24  39   4  26   0 0.00  0.0    0  5.0 15  80   M    M   0        19 110
23  57  30  44   9  21   0 0.00  0.0    0  1.7  8 110   M    M   2        11 100
24  59  31  45   9  20   0    T  0.0    0  3.6 12  90   M    M   4        16 110
25  53  34  44   7  21   0 0.04  0.0    0  2.3 17 220   M    M   4 8      24 190
26  55  30  43   6  22   0 0.04  0.0    0  2.8 17  80   M    M   7        22  70
================================================================================
SM 1243  612       757   0  0.19     2.6 108.8          M       76
================================================================================
AV 47.8 23.5                               4.2 FASTST   M    M   3    MAX(MPH)
                                 MISC ---->  # 22  80               # 27   70
================================================================================
NOTES:
# LAST OF SEVERAL OCCURRENCES

COLUMN 17 PEAK WIND IN M.P.H.

PRELIMINARY LOCAL CLIMATOLOGICAL DATA (WS FORM: F-6) , PAGE 2

                                          STATION:  MCGRATH AK
                                          MONTH:    APRIL
                                          YEAR:     2017
                                          LATITUDE:   62 57 N
                                          LONGITUDE: 155 36 W

[TEMPERATURE DATA]      [PRECIPITATION DATA]       SYMBOLS USED IN COLUMN 16

AVERAGE MONTHLY: 35.7   TOTAL FOR MONTH:   0.19    1 = FOG OR MIST
DPTR FM NORMAL:   7.3   DPTR FM NORMAL:   -0.44    2 = FOG REDUCING VISIBILITY
HIGHEST:    59 ON 24    GRTST 24HR  0.11 ON  8- 9      TO 1/4 MILE OR LESS
LOWEST:     15 ON 18                               3 = THUNDER
                        SNOW, ICE PELLETS, HAIL    4 = ICE PELLETS
                        TOTAL MONTH:   2.6 INCHES  5 = HAIL
                        GRTST 24HR   2.4 ON   M    6 = FREEZING RAIN OR DRIZZLE
                        GRTST DEPTH:  12 ON  1     7 = DUSTSTORM OR SANDSTORM:
                                                       VSBY 1/2 MILE OR LESS
                                                   8 = SMOKE OR HAZE
[NO. OF DAYS WITH]      [WEATHER - DAYS WITH]      9 = BLOWING SNOW
                                                   X = TORNADO
MAX 32 OR BELOW:   0    0.01 INCH OR MORE:   4
MAX 90 OR ABOVE:   0    0.10 INCH OR MORE:   0
MIN 32 OR BELOW:  24    0.50 INCH OR MORE:   0
MIN  0 OR BELOW:   0    1.00 INCH OR MORE:   0

[HDD (BASE 65) ]
TOTAL THIS MO.   757    CLEAR  (SCALE 0-3)  16
DPTR FM NORMAL  -198    PTCLDY (SCALE 4-7)   7
TOTAL FM JUL 1 12438    CLOUDY (SCALE 8-10)  3
DPTR FM NORMAL  -404

[CDD (BASE 65) ]
TOTAL THIS MO.     0
DPTR FM NORMAL     0    [PRESSURE DATA]
TOTAL FM JAN 1     0    HIGHEST SLP M ON M
DPTR FM NORMAL     0    LOWEST  SLP 29.62 ON  5

[REMARKS]
