520
CXAK56 PAFG 211338
CF6MCG
PRELIMINARY LOCAL CLIMATOLOGICAL DATA (WS FORM: F-6)

                                          STATION:   MCGRATH AK
                                          MONTH:     OCTOBER
                                          YEAR:      2017
                                          LATITUDE:   62 57 N
                                          LONGITUDE: 155 36 W

  TEMPERATURE IN F:       :PCPN:    SNOW:  WIND      :SUNSHINE: SKY     :PK WND
================================================================================
1   2   3   4   5  6A  6B    7    8   9   10  11  12  13   14  15   16   17  18
                                     12Z  AVG MX 2MIN
DY MAX MIN AVG DEP HDD CDD  WTR  SNW DPTH SPD SPD DIR MIN PSBL S-S WX    SPD DR
================================================================================

 1  49  25  37   1  28   0 0.07  0.0    0  2.0  9  60   M    M   2 1      13  10
 2  55  39  47  11  18   0 0.12  0.0    0  3.7 12 330   M    M   9 1      15  50
 3  51  42  47  12  18   0 0.01  0.0    0  4.9 10 110   M    M  10        15 150
 4  50  40  45  11  20   0 0.02  0.0    0  3.3 10 100   M    M   8 1      16 200
 5  52  42  47  14  18   0 0.46  0.0    0  7.0 16 170   M    M   9 1      24 160
 6  52  34  43  10  22   0 0.01  0.0    0  4.4 14 290   M    M   7        19 290
 7  45  40  43  11  22   0 0.06  0.0    0  4.3 10  20   M    M   8 1      15  10
 8  43  38  41  10  24   0 0.15  0.0    0 10.2 17 290   M    M   9        24 290
 9  44  32  38   7  27   0 0.04  0.2    0  8.9 28 210   M    M   8 1      38 210
10  47  39  43  13  22   0 0.10  0.0    0 12.5 29 210   M    M   8 1      36 210
11  40  34  37   8  28   0 0.17    T    0  3.4 14 220   M    M  10 1      20 210
12  44  39  42  14  23   0 0.97  0.0    0  6.8 15 300   M    M  10 1      18 130
13  46  30  38  10  27   0    T  0.0    0  5.5 15 210   M    M   8 1      23 200
14  39  28  34   7  31   0 0.00  0.0    0  1.1  6 280   M    M   6 12      7 280
15  35  27  31   5  34   0 0.00  0.0    0  1.2  6 350   M    M   8         7 350
16  37  32  35  10  30   0 0.00  0.0    0  1.4  7 180   M    M  10         9 180
17  35  26  31   7  34   0 0.00  0.0    0  3.9 10 360   M    M   9        13  20
18  33  26  30   6  35   0    T  0.1    T  4.5 13 360   M    M   8        17 350
19  28  15  22  -1  43   0    T    M    0  3.8 13 350   M    M   3 8      16 340
20  25  17  21  -1  44   0 0.01    M    0  5.3 10  90   M    M  10        12  90
================================================================================
SM  850  645       548   0  2.19     0.3  98.1          M      160
================================================================================
AV 42.5 32.3                               4.9 FASTST   M    M   8    MAX(MPH)
                                 MISC ---->  # 29 210               # 38  210
================================================================================
NOTES:
# LAST OF SEVERAL OCCURRENCES

COLUMN 17 PEAK WIND IN M.P.H.

PRELIMINARY LOCAL CLIMATOLOGICAL DATA (WS FORM: F-6) , PAGE 2

                                          STATION:  MCGRATH AK
                                          MONTH:    OCTOBER
                                          YEAR:     2017
                                          LATITUDE:   62 57 N
                                          LONGITUDE: 155 36 W

[TEMPERATURE DATA]      [PRECIPITATION DATA]       SYMBOLS USED IN COLUMN 16

AVERAGE MONTHLY: 37.4   TOTAL FOR MONTH:   2.19    1 = FOG OR MIST
DPTR FM NORMAL:   8.0   DPTR FM NORMAL:    1.16    2 = FOG REDUCING VISIBILITY
HIGHEST:    55 ON  2    GRTST 24HR  0.97 ON 12-12      TO 1/4 MILE OR LESS
LOWEST:     15 ON 19                               3 = THUNDER
                        SNOW, ICE PELLETS, HAIL    4 = ICE PELLETS
                        TOTAL MONTH:   0.3 INCH    5 = HAIL
                        GRTST 24HR   0.2 ON  9- 9  6 = FREEZING RAIN OR DRIZZLE
                        GRTST DEPTH:   T           7 = DUSTSTORM OR SANDSTORM:
                                                       VSBY 1/2 MILE OR LESS
                                                   8 = SMOKE OR HAZE
[NO. OF DAYS WITH]      [WEATHER - DAYS WITH]      9 = BLOWING SNOW
                                                   X = TORNADO
MAX 32 OR BELOW:   2    0.01 INCH OR MORE:  13
MAX 90 OR ABOVE:   0    0.10 INCH OR MORE:   6
MIN 32 OR BELOW:  10    0.50 INCH OR MORE:   1
MIN  0 OR BELOW:   0    1.00 INCH OR MORE:   0

[HDD (BASE 65) ]
TOTAL THIS MO.   548    CLEAR  (SCALE 0-3)   2
DPTR FM NORMAL  -168    PTCLDY (SCALE 4-7)   5
TOTAL FM JUL 1  1424    CLOUDY (SCALE 8-10) 13
DPTR FM NORMAL  -395

[CDD (BASE 65) ]
TOTAL THIS MO.     0
DPTR FM NORMAL     0    [PRESSURE DATA]
TOTAL FM JAN 1    37    HIGHEST SLP M ON M
DPTR FM NORMAL    17    LOWEST  SLP 29.27 ON M

[REMARKS]
