000
CXUS52 KMLB 290627
CF6MCO
PRELIMINARY LOCAL CLIMATOLOGICAL DATA (WS FORM: F-6)

                                          STATION:   ORLANDO INTL
                                          MONTH:     AUGUST
                                          YEAR:      2015
                                          LATITUDE:   28 25 N
                                          LONGITUDE:  81 19 W

  TEMPERATURE IN F:       :PCPN:    SNOW:  WIND      :SUNSHINE: SKY     :PK WND
================================================================================
1   2   3   4   5  6A  6B    7    8   9   10  11  12  13   14  15   16   17  18
                                     12Z  AVG MX 2MIN
DY MAX MIN AVG DEP HDD CDD  WTR  SNW DPTH SPD SPD DIR MIN PSBL S-S WX    SPD DR
================================================================================

 1  89  72  81  -2   0  16 2.12  0.0    0  8.6 14 190   M    M   9 13     23 190
 2  87  72  80  -3   0  15 0.76  0.0    0  6.8 28 260   M    M   8 1      35 250
 3  82  74  78  -5   0  13    T  0.0    0 10.1 20 230   M    M   9        24 230
 4  91  73  82  -1   0  17 0.44  0.0    0  5.8 33 270   M    M   7 13     40 270
 5  94  73  84   1   0  19 0.00  0.0    0  2.6 16 290   M    M   3 1      19 310
 6  93  74  84   1   0  19    T  0.0    0  6.2 20 180   M    M   4 3      24 210
 7  88  75  82  -1   0  17 0.03  0.0    0  8.7 25 290   M    M   6 13     37 250
 8  88  74  81  -2   0  16    T  0.0    0  8.8 18 240   M    M   8 3      23 230
 9  94  74  84   1   0  19 0.00  0.0    0  6.2 17  80   M    M   3        22  70
10  93  76  85   2   0  20 0.10  0.0    0  6.9 18 110   M    M   4 1      22 110
11  96  73  85   2   0  20 0.00  0.0    0  4.7 16 230   M    M   4 1      20 220
12  94  77  86   3   0  21    T  0.0    0  5.8 20 280   M    M   6 3      23 290
13  90  71  81  -2   0  16 3.03  0.0    0  4.8 33  60   M    M   7 13     41  50
14  91  71  81  -2   0  16    T  0.0    0  5.1 21 320   M    M   7 13     25 150
15  92  73  83   0   0  18 0.21  0.0    0  6.2 20 240   M    M   8 13     24  60
16  91  74  83   0   0  18 0.89  0.0    0  5.7 22  80   M    M   7 13     26 110
17  90  76  83   0   0  18 0.05  0.0    0  3.9 28 110   M    M   7 3      32 110
18  93  75  84   1   0  19 0.01  0.0    0  3.7 21 110   M    M   6 1      26 110
19  94  77  86   3   0  21    T  0.0    0  4.6 21 130   M    M   7 3      25 140
20  92  75  84   1   0  19 1.44  0.0    0  5.0 21 230   M    M   8 13     29 220
21  96  75  86   3   0  21 0.01  0.0    0  1.8 15 220   M    M   6 138    19 210
22  94  78  86   3   0  21 0.58  0.0    0  2.9 26 310   M    M   6 13     33 320
23  95  77  86   3   0  21    T  0.0    0  6.8 18  50   M    M   7        26 280
24  92  75  84   1   0  19 0.00  0.0    0  4.0 21 340   M    M   6 3      24 340
25  96  77  87   4   0  22 0.00  0.0    0  5.0 14  80   M    M   5        19  80
26  94  73  84   1   0  19 0.10  0.0    0  4.6 28 110   M    M   6 13     33 120
27  85  72  79  -4   0  14 0.84  0.0    0  4.0 25 220   M    M   6 13     29 230
28  91  73  82   0   0  17 0.40  0.0    0  3.4 24 140   M    M   7 13     29 140
================================================================================
SM 2565 2079         0 511 11.01     0.0 152.7          M      177
================================================================================
AV 91.6 74.2                               5.5 FASTST   M    M   6    MAX(MPH)
                                 MISC ---->  # 33 270               # 41   50
================================================================================
NOTES:
# LAST OF SEVERAL OCCURRENCES

COLUMN 17 PEAK WIND IN M.P.H.

PRELIMINARY LOCAL CLIMATOLOGICAL DATA (WS FORM: F-6) , PAGE 2

                                          STATION:  ORLANDO INTL
                                          MONTH:    AUGUST
                                          YEAR:     2015
                                          LATITUDE:   28 25 N
                                          LONGITUDE:  81 19 W

[TEMPERATURE DATA]      [PRECIPITATION DATA]       SYMBOLS USED IN COLUMN 16

AVERAGE MONTHLY: 82.9   TOTAL FOR MONTH:  11.01    1 = FOG OR MIST
DPTR FM NORMAL:  -0.0   DPTR FM NORMAL:    4.53    2 = FOG REDUCING VISIBILITY
HIGHEST:    96 ON 25,21 GRTST 24HR  3.03 ON 13-13      TO 1/4 MILE OR LESS
LOWEST:     71 ON 14,13                            3 = THUNDER
                        SNOW, ICE PELLETS, HAIL    4 = ICE PELLETS
                        TOTAL MONTH:   0.0 INCH    5 = HAIL
                        GRTST 24HR     0.0         6 = FREEZING RAIN OR DRIZZLE
                        GRTST DEPTH:   0           7 = DUSTSTORM OR SANDSTORM:
                                                       VSBY 1/2 MILE OR LESS
                                                   8 = SMOKE OR HAZE
[NO. OF DAYS WITH]      [WEATHER - DAYS WITH]      9 = BLOWING SNOW
                                                   X = TORNADO
MAX 32 OR BELOW:   0    0.01 INCH OR MORE:  16
MAX 90 OR ABOVE:  22    0.10 INCH OR MORE:  12
MIN 32 OR BELOW:   0    0.50 INCH OR MORE:   7
MIN  0 OR BELOW:   0    1.00 INCH OR MORE:   3

[HDD (BASE 65) ]
TOTAL THIS MO.     0    CLEAR  (SCALE 0-3)   0
DPTR FM NORMAL     0    PTCLDY (SCALE 4-7)  26
TOTAL FM JUL 1     0    CLOUDY (SCALE 8-10)  2
DPTR FM NORMAL     0

[CDD (BASE 65) ]
TOTAL THIS MO.   511
DPTR FM NORMAL     7    [PRESSURE DATA]
TOTAL FM JAN 1  2820    HIGHEST SLP M ON M
DPTR FM NORMAL   476    LOWEST  SLP 29.85 ON  8

[REMARKS]
