000
CXUS53 KDMX 250920
CF6MCW
PRELIMINARY LOCAL CLIMATOLOGICAL DATA (WS FORM: F-6)

                                          STATION:   MASON CITY IA
                                          MONTH:     SEPTEMBER
                                          YEAR:      2017
                                          LATITUDE:   43  9 N
                                          LONGITUDE:  93 20 W

  TEMPERATURE IN F:       :PCPN:    SNOW:  WIND      :SUNSHINE: SKY     :PK WND
================================================================================
1   2   3   4   5  6A  6B    7    8   9   10  11  12  13   14  15   16   17  18
                                     12Z  AVG MX 2MIN
DY MAX MIN AVG DEP HDD CDD  WTR  SNW DPTH SPD SPD DIR MIN PSBL S-S WX    SPD DR
================================================================================

 1  73  49  61  -6   4   0 0.01  0.0    0  9.2 16 150   M    M   3 18     24 160
 2  78  54  66   0   0   1    T  0.0    0  8.9 16 310   M    M   6        20 210
 3  84  51  68   2   0   3 0.00  0.0    0 10.3 22 220   M    M   0        27 220
 4  74  48  61  -5   4   0 0.02  0.0    0 13.4 37 340   M    M   2 1      45 350
 5  68  48  58  -7   7   0 0.00  0.0    0 12.8 29 310   M    M   4        35 310
 6  69  41  55 -10  10   0 0.00  0.0    0  8.9 18 330   M    M   3        23 350
 7  76  40  58  -7   7   0 0.00  0.0    0  8.0 18 260   M    M   0        23 250
 8  77  49  63  -1   2   0 0.00  0.0    0  9.0 16  70   M    M   0        23  70
 9  79  50  65   1   0   0 0.00  0.0    0 12.0 20 160   M    M   0        24 150
10  81  57  69   6   0   4 0.00  0.0    0 12.6 22 160   M    M   1        26 150
11  83  52  68   5   0   3 0.00  0.0    0  7.7 14 200   M    M   0        17 170
12  87  54  71   8   0   6 0.00  0.0    0  2.3  8 250   M    M   0 18     12 240
13  87  51  69   7   0   4 0.00  0.0    0  5.3 13 250   M    M   1 128    19 270
14  91  55  73  11   0   8 0.00  0.0    0 10.6 22 180   M    M   0 18     27 180
15  89  64  77  16   0  12 0.00  0.0    0 13.8 24 160   M    M   0        31 150
16  80  57  69   8   0   4 1.55  0.0    M 12.1 32 210   M    M   4 13     41 200
17  70  50  60   0   5   0 0.03  0.0    0  6.3 15 320   M    M   1        18 310
18  64  52  58  -2   7   0 0.38  0.0    M  8.9 16 150   M    M  10 1      20 150
19  80  60  70  10   0   5 0.00  0.0    0 13.1 24 150   M    M   5 12     33 150
20  80  50  65   6   0   0 0.00  0.0    0  9.9 23 160   M    M   2        31 150
21  89  48  69  10   0   4 0.00  0.0    0 11.5 23 170   M    M   3 1      29 170
22  92  70  81  23   0  16 0.00  0.0    0 14.7 26 180   M    M   0        35 180
23  90  65  78  20   0  13 0.00  0.0    0 10.2 22 170   M    M   1        28 210
24  90  63  77  20   0  12 0.00  0.0    0  9.1 22 170   M    M   2        28 180
================================================================================
SM 1931 1278        46  95  1.99     0.0 240.6          M       48
================================================================================
AV 80.5 53.3                              10.0 FASTST   M    M   2    MAX(MPH)
                                 MISC ---->  # 37 340               # 45  350
================================================================================
NOTES:
# LAST OF SEVERAL OCCURRENCES

COLUMN 17 PEAK WIND IN M.P.H.

PRELIMINARY LOCAL CLIMATOLOGICAL DATA (WS FORM: F-6) , PAGE 2

                                          STATION:  MASON CITY IA
                                          MONTH:    SEPTEMBER
                                          YEAR:     2017
                                          LATITUDE:   43  9 N
                                          LONGITUDE:  93 20 W

[TEMPERATURE DATA]      [PRECIPITATION DATA]       SYMBOLS USED IN COLUMN 16

AVERAGE MONTHLY: 66.9   TOTAL FOR MONTH:   1.99    1 = FOG OR MIST
DPTR FM NORMAL:   4.6   DPTR FM NORMAL:   -0.67    2 = FOG REDUCING VISIBILITY
HIGHEST:    92 ON 22    GRTST 24HR  1.57 ON 16-17      TO 1/4 MILE OR LESS
LOWEST:     40 ON  7                               3 = THUNDER
                        SNOW, ICE PELLETS, HAIL    4 = ICE PELLETS
                        TOTAL MONTH:   0.0 INCH    5 = HAIL
                        GRTST 24HR     0.0         6 = FREEZING RAIN OR DRIZZLE
                        GRTST DEPTH:   0           7 = DUSTSTORM OR SANDSTORM:
                                                       VSBY 1/2 MILE OR LESS
                                                   8 = SMOKE OR HAZE
[NO. OF DAYS WITH]      [WEATHER - DAYS WITH]      9 = BLOWING SNOW
                                                   X = TORNADO
MAX 32 OR BELOW:   0    0.01 INCH OR MORE:   5
MAX 90 OR ABOVE:   4    0.10 INCH OR MORE:   2
MIN 32 OR BELOW:   0    0.50 INCH OR MORE:   1
MIN  0 OR BELOW:   0    1.00 INCH OR MORE:   1

[HDD (BASE 65) ]
TOTAL THIS MO.    46    CLEAR  (SCALE 0-3)  18
DPTR FM NORMAL   -71    PTCLDY (SCALE 4-7)   5
TOTAL FM JUL 1    69    CLOUDY (SCALE 8-10)  1
DPTR FM NORMAL   -84

[CDD (BASE 65) ]
TOTAL THIS MO.    95
DPTR FM NORMAL    46    [PRESSURE DATA]
TOTAL FM JAN 1   594    HIGHEST SLP M ON M
DPTR FM NORMAL   -11    LOWEST  SLP 29.64 ON 20

[REMARKS]
