000
CXUS54 KMAF 241100
CF6MDD
PRELIMINARY LOCAL CLIMATOLOGICAL DATA (WS FORM: F-6)

                                          STATION:   Midland Airpark
                                          MONTH:     FEBRUARY
                                          YEAR:      2017
                                          LATITUDE:   32  2 N
                                          LONGITUDE: 102  6 W

  TEMPERATURE IN F:       :PCPN:    SNOW:  WIND      :SUNSHINE: SKY     :PK WND
================================================================================
1   2   3   4   5  6A  6B    7    8   9   10  11  12  13   14  15   16   17  18
                                     12Z  AVG MX 2MIN
DY MAX MIN AVG DEP HDD CDD  WTR  SNW DPTH SPD SPD DIR MIN PSBL S-S WX    SPD DR
================================================================================

 1  73  44  59   M   6   0 0.00  0.0    0  9.2 14 320   M    M   0        22 310
 2  51  32  42   M  23   0 0.00  0.0    0  8.2 17  40   M    M   0        20  40
 3  47  29  38   M  27   0 0.00  0.0    0  9.9 16  60   M    M   4        21  60
 4  63  38  51   M  14   0 0.00  0.0    0  6.5  9 190   M    M   6 1       M  M
 5  79  35  57   M   8   0 0.00  0.0    0  5.0 10 190   M    M   1 12     16 210
 6  80  49  65   M   0   0 0.00  0.0    0 13.0 23 250   M    M   3 1      31 250
 7  78  49  64   M   1   0 0.00  0.0    0 10.8 16 250   M    M   0        24 260
 8  81  51  66   M   0   1 0.00  0.0    0 11.8 23  60   M    M   0        38  60
 9  75  38  57   M   8   0 0.00  0.0    0  8.7 17 170   M    M   0        24 180
10  86  52  69   M   0   4 0.00  0.0    0 11.7 16 200   M    M   0        22 180
11  92  55  74   M   0   9 0.00  0.0    0  7.4 13 250   M    M   0        20 270
12  70  50  60   M   5   0 0.00  0.0    0 17.1 30  50   M    M   3 8      38  50
13  50  38  44   M  21   0 0.02    M    0 10.2 20  60   M    M  10 13     28  60
14  47  38  43   M  22   0 0.00  0.0    0 11.4 23 350   M    M   9        30 360
15  56  36  46   M  19   0 0.00  0.0    0  7.0 12  30   M    M   0         M  M
16  65  38  52   M  13   0 0.00  0.0    0  6.6 15 200   M    M   0        18 200
17  75  44  60   M   5   0 0.00  0.0    0 12.0 17 240   M    M   0        22 240
18  76  55  66   M   0   1 0.00  0.0    0  7.1 13 260   M    M   0         M  M
19  73  55  64   M   1   0 0.01  0.0    0  8.0 17 230   M    M   2        24 240
20  72  46  59   M   6   0 0.00  0.0    0 12.0 23 340   M    M   0        35 340
21  82  42  62   M   3   0 0.00  0.0    0  6.9 13 280   M    M   0        21 270
22  85  50  68   M   0   3 0.00  0.0    0  7.3 10 230   M    M   0        16 230
23  85  56  71   M   0   6 0.00  0.0    0 14.3 30 260   M    M   0        39 260
================================================================================
SM 1641 1020       182  24  0.03     0.0 222.1          M       38
================================================================================
AV 71.4 44.4                               9.7 FASTST   M    M   2    MAX(MPH)
                                 MISC ---->    30   M                 39    M
================================================================================
NOTES:
# LAST OF SEVERAL OCCURRENCES

COLUMN 17 PEAK WIND IN M.P.H.

PRELIMINARY LOCAL CLIMATOLOGICAL DATA (WS FORM: F-6) , PAGE 2

                                          STATION:  Midland Airpark
                                          MONTH:    FEBRUARY
                                          YEAR:     2017
                                          LATITUDE:   32  2 N
                                          LONGITUDE: 102  6 W

[TEMPERATURE DATA]      [PRECIPITATION DATA]       SYMBOLS USED IN COLUMN 16

AVERAGE MONTHLY: 57.8   TOTAL FOR MONTH:   0.03    1 = FOG OR MIST
DPTR FM NORMAL:     M   DPTR FM NORMAL:       M    2 = FOG REDUCING VISIBILITY
HIGHEST:    92 ON 11    GRTST 24HR  0.02 ON 13-13      TO 1/4 MILE OR LESS
LOWEST:     29 ON  3                               3 = THUNDER
                        SNOW, ICE PELLETS, HAIL    4 = ICE PELLETS
                        TOTAL MONTH:   0.0 INCH    5 = HAIL
                        GRTST 24HR     0.0         6 = FREEZING RAIN OR DRIZZLE
                        GRTST DEPTH:   0           7 = DUSTSTORM OR SANDSTORM:
                                                       VSBY 1/2 MILE OR LESS
                                                   8 = SMOKE OR HAZE
[NO. OF DAYS WITH]      [WEATHER - DAYS WITH]      9 = BLOWING SNOW
                                                   X = TORNADO
MAX 32 OR BELOW:   0    0.01 INCH OR MORE:   2
MAX 90 OR ABOVE:   1    0.10 INCH OR MORE:   0
MIN 32 OR BELOW:   2    0.50 INCH OR MORE:   0
MIN  0 OR BELOW:   0    1.00 INCH OR MORE:   0

[HDD (BASE 65) ]
TOTAL THIS MO.   182    CLEAR  (SCALE 0-3)  18
DPTR FM NORMAL     M    PTCLDY (SCALE 4-7)   3
TOTAL FM JUL 1  1355    CLOUDY (SCALE 8-10)  2
DPTR FM NORMAL     M

[CDD (BASE 65) ]
TOTAL THIS MO.    24
DPTR FM NORMAL     M    [PRESSURE DATA]
TOTAL FM JAN 1    26    HIGHEST SLP M ON M
DPTR FM NORMAL     M    LOWEST  SLP M ON M

[REMARKS]
