000
CXUS54 KMAF 221100
CF6MDD
PRELIMINARY LOCAL CLIMATOLOGICAL DATA (WS FORM: F-6)

                                          STATION:   Midland Airpark
                                          MONTH:     JULY
                                          YEAR:      2016
                                          LATITUDE:   32  2 N
                                          LONGITUDE: 102  6 W

  TEMPERATURE IN F:       :PCPN:    SNOW:  WIND      :SUNSHINE: SKY     :PK WND
================================================================================
1   2   3   4   5  6A  6B    7    8   9   10  11  12  13   14  15   16   17  18
                                     12Z  AVG MX 2MIN
DY MAX MIN AVG DEP HDD CDD  WTR  SNW DPTH SPD SPD DIR MIN PSBL S-S WX    SPD DR
================================================================================

 1  96  74  85   M   0  20 0.00  0.0    0 10.0 16 140   M    M   1        23 190
 2  98  76  87   M   0  22 0.00  0.0    0 12.7 20 200   M    M   1        27 180
 3 104  78  91   M   0  26 0.00  0.0    0  9.3 14 270   M    M   0        24 310
 4 107  80  94   M   0  29 0.03  0.0    0  8.2 17 250   M    M   1 3      24 250
 5 106  74  90   M   0  25 0.03  0.0    0 14.6 37  80   M    M   1        48  80
 6 105  73  89   M   0  24 0.00  0.0    0 14.6 33 280   M    M   0 38     48 280
 7 106  81  94   M   0  29 0.00  0.0    0 12.2 28 190   M    M   0 3      36 190
 8 102  70  86   M   0  21 0.00  0.0    0  9.7 33 160   M    M   2 3      41 160
 9  98  72  85   M   0  20 0.00  0.0    0 10.3 16 160   M    M   2        23 110
10 102  75  89   M   0  24 0.00  0.0    0 11.2 16 150   M    M   0        23 180
11 106  78  92   M   0  27 0.00  0.0    0 15.7 21 190   M    M   0        29 190
12 109  80  95   M   0  30 0.00  0.0    0 13.8 20 180   M    M   0        28 170
13 105  80  93   M   0  28 0.00  0.0    0 14.2 17 160   M    M   0        25 180
14 106  70  88   M   0  23 0.41  0.0    0 12.8 32  10   M    M   1 3      41  10
15  99  75  87   M   0  22 0.00  0.0    0  8.3 15 120   M    M   0        20 160
16  99  72  86   M   0  21 0.00  0.0    0 11.8 18 150   M    M   0 8      23 150
17 100  76  88   M   0  23 0.00  0.0    0 12.9 16 140   M    M   0        23 160
18  98  76  87   M   0  22 0.00  0.0    0 12.6 17 160   M    M   0        22 140
19  98  75  87   M   0  22 0.00  0.0    0  9.8 16 140   M    M   1        22 160
20  98  77  88   M   0  23 0.00  0.0    0 11.3 16 160   M    M   1        24 190
21 100  76  88   M   0  23 0.00  0.0    0 10.7 16 160   M    M   0        21 140
================================================================================
SM 2142 1588         0 504  0.47     0.0 246.7          M       11
================================================================================
AV102.0 75.6                              11.7 FASTST   M    M   1    MAX(MPH)
                                 MISC ---->    37   M                 48    M
================================================================================
NOTES:
# LAST OF SEVERAL OCCURRENCES

COLUMN 17 PEAK WIND IN M.P.H.

PRELIMINARY LOCAL CLIMATOLOGICAL DATA (WS FORM: F-6) , PAGE 2

                                          STATION:  Midland Airpark
                                          MONTH:    JULY
                                          YEAR:     2016
                                          LATITUDE:   32  2 N
                                          LONGITUDE: 102  6 W

[TEMPERATURE DATA]      [PRECIPITATION DATA]       SYMBOLS USED IN COLUMN 16

AVERAGE MONTHLY: 88.8   TOTAL FOR MONTH:   0.47    1 = FOG OR MIST
DPTR FM NORMAL:     M   DPTR FM NORMAL:       M    2 = FOG REDUCING VISIBILITY
HIGHEST:   109 ON 12    GRTST 24HR  0.41 ON 14-14      TO 1/4 MILE OR LESS
LOWEST:     70 ON 14, 8                            3 = THUNDER
                        SNOW, ICE PELLETS, HAIL    4 = ICE PELLETS
                        TOTAL MONTH:   0.0 INCH    5 = HAIL
                        GRTST 24HR     0.0         6 = FREEZING RAIN OR DRIZZLE
                        GRTST DEPTH:   0           7 = DUSTSTORM OR SANDSTORM:
                                                       VSBY 1/2 MILE OR LESS
                                                   8 = SMOKE OR HAZE
[NO. OF DAYS WITH]      [WEATHER - DAYS WITH]      9 = BLOWING SNOW
                                                   X = TORNADO
MAX 32 OR BELOW:   0    0.01 INCH OR MORE:   3
MAX 90 OR ABOVE:  21    0.10 INCH OR MORE:   1
MIN 32 OR BELOW:   0    0.50 INCH OR MORE:   0
MIN  0 OR BELOW:   0    1.00 INCH OR MORE:   0

[HDD (BASE 65) ]
TOTAL THIS MO.     0    CLEAR  (SCALE 0-3)  21
DPTR FM NORMAL     M    PTCLDY (SCALE 4-7)   0
TOTAL FM JUL 1     0    CLOUDY (SCALE 8-10)  0
DPTR FM NORMAL     M

[CDD (BASE 65) ]
TOTAL THIS MO.   504
DPTR FM NORMAL     M    [PRESSURE DATA]
TOTAL FM JAN 1  1543    HIGHEST SLP M ON M
DPTR FM NORMAL     M    LOWEST  SLP M ON M

[REMARKS]
