000
CXUS55 KCTP 261131
CF6MDT
PRELIMINARY LOCAL CLIMATOLOGICAL DATA (WS FORM: F-6)

                                          STATION:   HARRISBURG PA
                                          MONTH:     AUGUST
                                          YEAR:      2016
                                          LATITUDE:   40 11 N
                                          LONGITUDE:  76 46 W

  TEMPERATURE IN F:       :PCPN:    SNOW:  WIND      :SUNSHINE: SKY     :PK WND
================================================================================
1   2   3   4   5  6A  6B    7    8   9   10  11  12  13   14  15   16   17  18
                                     12Z  AVG MX 2MIN
DY MAX MIN AVG DEP HDD CDD  WTR  SNW DPTH SPD SPD DIR MIN PSBL S-S WX    SPD DR
================================================================================

 1  88  69  79   4   0  14 0.37  0.0    0  3.9 14 120   M    M   7 138    20  40
 2  87  68  78   3   0  13 0.00  0.0    0  4.4 17 100   M    M   7 12     22 110
 3  82  67  75   0   0  10 0.00  0.0    0  5.8 10 150   M    M   7        15 130
 4  84  66  75   0   0  10 0.00  0.0    0  5.3 12 130   M    M   3        14 130
 5  83  68  76   1   0  11 0.00  0.0    0  5.7 13 200   M    M   7        18 210
 6  90  72  81   6   0  16 0.02  0.0    0  4.6 13 290   M    M   6        16 290
 7  88  67  78   3   0  13 0.00  0.0    0  4.8 14 300   M    M   2        18 300
 8  84  67  76   1   0  11 0.00  0.0    0  3.2 10  50   M    M   6        18  10
 9  84  65  75   0   0  10    T  0.0    0  4.9 12 150   M    M   7 18     16 180
10  94  76  85  10   0  20 0.01  0.0    0  4.6 12 180   M    M   9 3      16 250
11  91  77  84   9   0  19    T  0.0    0  2.6 12 200   M    M   8 3      17 210
12  95  77  86  11   0  21 0.65  0.0    0  4.1 23 200   M    M   6 138    28 210
13  96  77  87  13   0  22    T  0.0    0  3.0 18 310   M    M   3 3      24 210
14  94  75  85  11   0  20 0.41  0.0    0  5.7 32 280   M    M   6 13     41 270
15  91  73  82   8   0  17    T  0.0    0  4.6 12 220   M    M   6        15 250
16  93  74  84  10   0  19 0.18  0.0    0  5.0 29 270   M    M   7 13     37 270
17  88  73  81   7   0  16 0.04  0.0    0  5.5 15 310   M    M   7 1      18  30
18  89  73  81   7   0  16    T  0.0    0  4.8 14 330   M    M   6        18 340
19  90  70  80   6   0  15 0.00  0.0    0  3.2 10 300   M    M   3        15 320
20  91  68  80   6   0  15 0.00  0.0    0  4.7 13 140   M    M   2        17 120
21  83  71  77   3   0  12 2.05  0.0    0  7.9 25 300   M    M   7 1      31 290
22  81  62  72  -1   0   7 0.00  0.0    0  7.4 20 330   M    M   2        26 320
23  84  59  72  -1   0   7 0.00  0.0    0  2.2  8 110   M    M   2        12 110
24  86  63  75   2   0  10 0.00  0.0    0  5.5 12 170   M    M   4 1      16 170
25  90  67  79   6   0  14 0.00  0.0    0  3.5  8 130   M    M   7        12 210
================================================================================
SM 2206 1744         0 358  3.73     0.0 116.9          M      137
================================================================================
AV 88.2 69.8                               4.7 FASTST   M    M   5    MAX(MPH)
                                 MISC ---->  # 32 280               # 41  270
================================================================================
NOTES:
# LAST OF SEVERAL OCCURRENCES

COLUMN 17 PEAK WIND IN M.P.H.

PRELIMINARY LOCAL CLIMATOLOGICAL DATA (WS FORM: F-6) , PAGE 2

                                          STATION:  HARRISBURG PA
                                          MONTH:    AUGUST
                                          YEAR:     2016
                                          LATITUDE:   40 11 N
                                          LONGITUDE:  76 46 W

[TEMPERATURE DATA]      [PRECIPITATION DATA]       SYMBOLS USED IN COLUMN 16

AVERAGE MONTHLY: 79.0   TOTAL FOR MONTH:   3.73    1 = FOG OR MIST
DPTR FM NORMAL:   4.7   DPTR FM NORMAL:    1.14    2 = FOG REDUCING VISIBILITY
HIGHEST:    96 ON 13    GRTST 24HR  2.05 ON 21-21      TO 1/4 MILE OR LESS
LOWEST:     59 ON 23                               3 = THUNDER
                        SNOW, ICE PELLETS, HAIL    4 = ICE PELLETS
                        TOTAL MONTH:   0.0 INCH    5 = HAIL
                        GRTST 24HR     0.0         6 = FREEZING RAIN OR DRIZZLE
                        GRTST DEPTH:   0           7 = DUSTSTORM OR SANDSTORM:
                                                       VSBY 1/2 MILE OR LESS
                                                   8 = SMOKE OR HAZE
[NO. OF DAYS WITH]      [WEATHER - DAYS WITH]      9 = BLOWING SNOW
                                                   X = TORNADO
MAX 32 OR BELOW:   0    0.01 INCH OR MORE:   8
MAX 90 OR ABOVE:  11    0.10 INCH OR MORE:   5
MIN 32 OR BELOW:   0    0.50 INCH OR MORE:   2
MIN  0 OR BELOW:   0    1.00 INCH OR MORE:   1

[HDD (BASE 65) ]
TOTAL THIS MO.     0    CLEAR  (SCALE 0-3)   7
DPTR FM NORMAL     0    PTCLDY (SCALE 4-7)  17
TOTAL FM JUL 1     0    CLOUDY (SCALE 8-10)  1
DPTR FM NORMAL     0

[CDD (BASE 65) ]
TOTAL THIS MO.   358
DPTR FM NORMAL   124    [PRESSURE DATA]
TOTAL FM JAN 1  1176    HIGHEST SLP M ON M
DPTR FM NORMAL   326    LOWEST  SLP 29.71 ON  6

[REMARKS]
