000
CXUS55 KCTP 281131
CF6MDT
PRELIMINARY LOCAL CLIMATOLOGICAL DATA (WS FORM: F-6)

                                          STATION:   HARRISBURG PA
                                          MONTH:     APRIL
                                          YEAR:      2016
                                          LATITUDE:   40 11 N
                                          LONGITUDE:  76 46 W

  TEMPERATURE IN F:       :PCPN:    SNOW:  WIND      :SUNSHINE: SKY     :PK WND
================================================================================
1   2   3   4   5  6A  6B    7    8   9   10  11  12  13   14  15   16   17  18
                                     12Z  AVG MX 2MIN
DY MAX MIN AVG DEP HDD CDD  WTR  SNW DPTH SPD SPD DIR MIN PSBL S-S WX    SPD DR
================================================================================

 1  80  61  71  24   0   6 0.06  0.0    0 10.2 25 310   M    M   8 3      32 310
 2  61  41  51   4  14   0 0.09  0.0    0 12.7 39 280   M    M   8        56 270
 3  45  31  38 -10  27   0    T    T    0 19.7 45 300   M    M   4        57 300
 4  51  30  41  -7  24   0 0.11  0.0    0  7.6 21 360   M    M   8 18     27 360
 5  44  26  35 -13  30   0 0.00  0.0    0  9.4 21 330   M    M   2        26 320
 6  54  26  40  -9  25   0 0.00  0.0    0  9.7 22 200   M    M   6        32 180
 7  59  46  53   4  12   0 1.06  0.0    0  9.7 32 280   M    M   9 1      47 290
 8  49  34  42  -8  23   0 0.01    T    0 11.4 29 320   M    M   8 18     38 310
 9  43  32  38 -12  27   0 0.23  1.2    T  9.1 22 340   M    M   9 1      28 350
10  48  29  39 -11  26   0 0.00  0.0    0  7.7 20 320   M    M   5        23 230
11  65  43  54   3  11   0 0.02  0.0    0  7.0 14 160   M    M   9        18 210
12  67  38  53   2  12   0 0.05  0.0    0 11.1 24 330   M    M   5 1      35  10
13  57  34  46  -5  19   0 0.00  0.0    0  4.0  9  70   M    M   2        13  60
14  63  34  49  -3  16   0 0.00  0.0    0  3.1 12 120   M    M   1        12 210
15  65  38  52   0  13   0 0.00  0.0    0  4.1  8 190   M    M   0        12 190
16  70  40  55   3  10   0 0.00  0.0    0  2.8 10 130   M    M   1 8      13  80
17  76  42  59   6   6   0 0.00  0.0    0  3.0 10 120   M    M   3        12 120
18  81  48  65  12   0   0 0.00  0.0    0  5.7 14 330   M    M   4        18 280
19  75  49  62   9   3   0 0.00  0.0    0  8.1 22 350   M    M   6        27 360
20  70  38  54   0  11   0 0.00  0.0    0  4.7 14 200   M    M   2        20 200
21  71  49  60   6   5   0    T  0.0    0  4.5 14 250   M    M   8 8      19 250
22  74  57  66  12   0   1 0.11  0.0    0  4.6 15 220   M    M   9 18     21 220
23  66  46  56   1   9   0 0.11  0.0    0 10.2 22 330   M    M   5 1      30 330
24  67  40  54  -1  11   0 0.00  0.0    0  4.1 12 270   M    M   3        16 260
25  77  48  63   7   2   0 0.00  0.0    0  4.0  8 150   M    M   7        11 150
26  82  56  69  13   0   4 0.14  0.0    0  7.8 33 340   M    M   7 138    46 330
27  58  49  54  -2  11   0    T  0.0    0  3.8 13  50   M    M  10 18     17  30
================================================================================
SM 1718 1105       347  11  1.99     1.2 199.8          M      149
================================================================================
AV 63.6 40.9                               7.4 FASTST   M    M   6    MAX(MPH)
                                 MISC ---->  # 45 300               # 57  300
================================================================================
NOTES:
# LAST OF SEVERAL OCCURRENCES

COLUMN 17 PEAK WIND IN M.P.H.

PRELIMINARY LOCAL CLIMATOLOGICAL DATA (WS FORM: F-6) , PAGE 2

                                          STATION:  HARRISBURG PA
                                          MONTH:    APRIL
                                          YEAR:     2016
                                          LATITUDE:   40 11 N
                                          LONGITUDE:  76 46 W

[TEMPERATURE DATA]      [PRECIPITATION DATA]       SYMBOLS USED IN COLUMN 16

AVERAGE MONTHLY: 52.3   TOTAL FOR MONTH:   1.99    1 = FOG OR MIST
DPTR FM NORMAL:   0.6   DPTR FM NORMAL:   -0.80    2 = FOG REDUCING VISIBILITY
HIGHEST:    82 ON 26    GRTST 24HR  1.06 ON  6- 7      TO 1/4 MILE OR LESS
LOWEST:     26 ON  6, 5                            3 = THUNDER
                        SNOW, ICE PELLETS, HAIL    4 = ICE PELLETS
                        TOTAL MONTH:   1.2 INCHES  5 = HAIL
                        GRTST 24HR   1.2 ON   M    6 = FREEZING RAIN OR DRIZZLE
                        GRTST DEPTH:   T           7 = DUSTSTORM OR SANDSTORM:
                                                       VSBY 1/2 MILE OR LESS
                                                   8 = SMOKE OR HAZE
[NO. OF DAYS WITH]      [WEATHER - DAYS WITH]      9 = BLOWING SNOW
                                                   X = TORNADO
MAX 32 OR BELOW:   0    0.01 INCH OR MORE:  11
MAX 90 OR ABOVE:   0    0.10 INCH OR MORE:   6
MIN 32 OR BELOW:   6    0.50 INCH OR MORE:   1
MIN  0 OR BELOW:   0    1.00 INCH OR MORE:   1

[HDD (BASE 65) ]
TOTAL THIS MO.   347    CLEAR  (SCALE 0-3)   8
DPTR FM NORMAL   -19    PTCLDY (SCALE 4-7)  12
TOTAL FM JUL 1  4239    CLOUDY (SCALE 8-10)  7
DPTR FM NORMAL  -838

[CDD (BASE 65) ]
TOTAL THIS MO.    11
DPTR FM NORMAL    11    [PRESSURE DATA]
TOTAL FM JAN 1    12    HIGHEST SLP M ON M
DPTR FM NORMAL    11    LOWEST  SLP 29.33 ON M

[REMARKS]
