000
CXUS53 KARX 230930
CF6MDZ
PRELIMINARY LOCAL CLIMATOLOGICAL DATA (WS FORM: F-6)

                                          STATION:   MEDFORD WI
                                          MONTH:     MAY
                                          YEAR:      2015
                                          LATITUDE:   45  5 N
                                          LONGITUDE:  90 18 W

  TEMPERATURE IN F:       :PCPN:    SNOW:  WIND      :SUNSHINE: SKY     :PK WND
================================================================================
1   2   3   4   5  6A  6B    7    8   9   10  11  12  13   14  15   16   17  18
                                     12Z  AVG MX 2MIN
DY MAX MIN AVG DEP HDD CDD  WTR  SNW DPTH SPD SPD DIR MIN PSBL S-S WX    SPD DR
================================================================================

 1  68  32  50   M  15   0 0.00  0.0    0  6.0 14 220   M    M   4        21 240
 2  76  49  63   M   2   0 0.00  0.0    0  9.0 15 190   M    M   4        21 190
 3  78  53  66   M   0   1 0.14  0.0    0  9.3 21 350   M    M   2 3      29 350
 4  67  45  56   M   9   0 0.00  0.0    0  6.1 13 340   M    M   0        17 340
 5  69  40  55   M  10   0 0.00  0.0    0  8.8 14 150   M    M   2        22 100
 6  71  46  59   M   6   0 0.20    M    0  8.1 12 120   M    M   7 3      18 130
 7  79  58  69   M   0   4 0.18  0.0    0 15.9 27 180   M    M   6 138    37 200
 8  60  53  57   M   8   0 0.03  0.0    0  7.7 14 270   M    M  10 1      18 230
 9  63  43  53   M  12   0 0.00  0.0    0  5.6 13  50   M    M   4 8      17  50
10  61  40  51   M  14   0 0.04  0.0    0 10.9 15 100   M    M   7 2      22  90
11  61  44  53   M  12   0 0.25  0.0    0 10.2 18 230   M    M  10 13     24 210
12  47  31  39   M  26   0    T  0.0    0 11.3 20 310   M    M   8 1      28 280
13  59  28  44   M  21   0 0.00  0.0    0  4.9  8 120   M    M   2         M  M
14  59  41  50   M  15   0 0.04  0.0    0  8.6 15 150   M    M   5        21 150
15  60  46  53   M  12   0 0.09  0.0    0  3.6  9 150   M    M  10 12      M  M
16  74  46  60   M   5   0 0.00  0.0    0  6.2 13 130   M    M   8 12     18 130
17  74  59  67   M   0   2 0.12  0.0    0 12.9 21 230   M    M   8 1      29 230
18  59  37  48   M  17   0    T  0.0    0 13.8 18 240   M    M  10        31 230
19  50  31  41   M  24   0    T    T    0  9.1 16 360   M    M   6 1      24 340
20  58  28  43   M  22   0 0.00  0.0    0  4.7 10 290   M    M   0 1       M  M
21  70  37  54   M  11   0 0.00  0.0    0  7.3 16 280   M    M   2        23 280
22  68  33  51   M  14   0 0.00  0.0    0  3.1  9 270   M    M   0        17 270
================================================================================
SM 1431  920       255   7  1.09    T    183.1          M      115
================================================================================
AV 65.0 41.8                               8.3 FASTST   M    M   5    MAX(MPH)
                                 MISC ---->  # 27 180                 37    M
================================================================================
NOTES:
# LAST OF SEVERAL OCCURRENCES

COLUMN 17 PEAK WIND IN M.P.H.

PRELIMINARY LOCAL CLIMATOLOGICAL DATA (WS FORM: F-6) , PAGE 2

                                          STATION:  MEDFORD WI
                                          MONTH:    MAY
                                          YEAR:     2015
                                          LATITUDE:   45  5 N
                                          LONGITUDE:  90 18 W

[TEMPERATURE DATA]      [PRECIPITATION DATA]       SYMBOLS USED IN COLUMN 16

AVERAGE MONTHLY: 53.4   TOTAL FOR MONTH:   1.09    1 = FOG OR MIST
DPTR FM NORMAL:     M   DPTR FM NORMAL:       M    2 = FOG REDUCING VISIBILITY
HIGHEST:    79 ON  7    GRTST 24HR  0.25 ON 11-11      TO 1/4 MILE OR LESS
LOWEST:     28 ON 20,13                            3 = THUNDER
                        SNOW, ICE PELLETS, HAIL    4 = ICE PELLETS
                        TOTAL MONTH:    T          5 = HAIL
                        GRTST 24HR    T  ON 19-19  6 = FREEZING RAIN OR DRIZZLE
                        GRTST DEPTH:   0           7 = DUSTSTORM OR SANDSTORM:
                                                       VSBY 1/2 MILE OR LESS
                                                   8 = SMOKE OR HAZE
[NO. OF DAYS WITH]      [WEATHER - DAYS WITH]      9 = BLOWING SNOW
                                                   X = TORNADO
MAX 32 OR BELOW:   0    0.01 INCH OR MORE:   9
MAX 90 OR ABOVE:   0    0.10 INCH OR MORE:   5
MIN 32 OR BELOW:   5    0.50 INCH OR MORE:   0
MIN  0 OR BELOW:   0    1.00 INCH OR MORE:   0

[HDD (BASE 65) ]
TOTAL THIS MO.   255    CLEAR  (SCALE 0-3)   7
DPTR FM NORMAL     M    PTCLDY (SCALE 4-7)  10
TOTAL FM JUL 1  8800    CLOUDY (SCALE 8-10)  5
DPTR FM NORMAL     M

[CDD (BASE 65) ]
TOTAL THIS MO.     7
DPTR FM NORMAL     M    [PRESSURE DATA]
TOTAL FM JAN 1     7    HIGHEST SLP M ON M
DPTR FM NORMAL     M    LOWEST  SLP M ON M

[REMARKS]
