000
CXUS55 KFSD 170905
CF6MHE
PRELIMINARY LOCAL CLIMATOLOGICAL DATA (WS FORM: F-6)

                                          STATION:   MITCHELL SD
                                          MONTH:     JANUARY
                                          YEAR:      2018
                                          LATITUDE:   43 46 N
                                          LONGITUDE:  98  2 W

  TEMPERATURE IN F:       :PCPN:    SNOW:  WIND      :SUNSHINE: SKY     :PK WND
================================================================================
1   2   3   4   5  6A  6B    7    8   9   10  11  12  13   14  15   16   17  18
                                     12Z  AVG MX 2MIN
DY MAX MIN AVG DEP HDD CDD  WTR  SNW DPTH SPD SPD DIR MIN PSBL S-S WX    SPD DR
================================================================================

 1  -6 -23 -14 -33  79   0 0.00  0.0    6  4.6 10 250   M    M   0        12 260
 2  24 -19   3 -15  62   0    T    T    6 12.6 29 330   M    M   2 18     36 330
 3  13  -3   5 -13  60   0 0.00  0.0    6  6.1 22 350   M    M   1        27 350
 4  14  -3   6 -12  59   0 0.00  0.0    5  8.7 17 110   M    M   5        20 110
 5  12   9  11  -7  54   0 0.00  0.0    5 10.4 16 140   M    M  10        19 140
 6  23   7  15  -3  50   0 0.00  0.0    5 19.2 30 170   M    M   6 8      38 180
 7  39  18  29  11  36   0 0.00  0.0    5  9.3 22 320   M    M   2 1      27 330
 8  39  24  32  14  33   0 0.00  0.0    4  6.4 13 240   M    M   0        15 250
 9  46  26  36  18  29   0 0.00  0.0    4  9.2 18 160   M    M   0         M  M
10  44  13  29  11  36   0 0.06  0.8    3 13.4 38 330   M    M   3 126    45 330
11  13  -3   5 -13  60   0 0.01  0.2    4 23.9 36 320   M    M   5 19     43 320
12   7  -5   1 -17  64   0    T    T    4  8.6 13 330   M    M   7        16 360
13  14  -7   4 -14  61   0 0.00  0.0    3  7.8 17 160   M    M   3        20 160
14  32   4  18   0  47   0 0.06  0.5    3 13.8 29 330   M    M   9 189    37 320
15   4  -5   0 -18  65   0    T    T    3 22.2 31 340   M    M   5        36 340
16   8  -8   0 -18  65   0 0.00  0.0    3 10.0 23 340   M    M   4        27 340
================================================================================
SM  326   25       860   0  0.13     1.5 186.2          M       62
================================================================================
AV 20.4  1.6                              11.6 FASTST   M    M   4    MAX(MPH)
                                 MISC ---->  # 38 330               # 45  330
================================================================================
NOTES:
# LAST OF SEVERAL OCCURRENCES

COLUMN 17 PEAK WIND IN M.P.H.

PRELIMINARY LOCAL CLIMATOLOGICAL DATA (WS FORM: F-6) , PAGE 2

                                          STATION:  MITCHELL SD
                                          MONTH:    JANUARY
                                          YEAR:     2018
                                          LATITUDE:   43 46 N
                                          LONGITUDE:  98  2 W

[TEMPERATURE DATA]      [PRECIPITATION DATA]       SYMBOLS USED IN COLUMN 16

AVERAGE MONTHLY: 11.0   TOTAL FOR MONTH:   0.13    1 = FOG OR MIST
DPTR FM NORMAL:  -7.1   DPTR FM NORMAL:    0.02    2 = FOG REDUCING VISIBILITY
HIGHEST:    46 ON  9    GRTST 24HR  0.06 ON 14-14      TO 1/4 MILE OR LESS
LOWEST:    -23 ON  1                               3 = THUNDER
                        SNOW, ICE PELLETS, HAIL    4 = ICE PELLETS
                        TOTAL MONTH:   1.5 INCHES  5 = HAIL
                        GRTST 24HR   0.8 ON 10-10  6 = FREEZING RAIN OR DRIZZLE
                        GRTST DEPTH:   6 ON  3, 2  7 = DUSTSTORM OR SANDSTORM:
                                                       VSBY 1/2 MILE OR LESS
                                                   8 = SMOKE OR HAZE
[NO. OF DAYS WITH]      [WEATHER - DAYS WITH]      9 = BLOWING SNOW
                                                   X = TORNADO
MAX 32 OR BELOW:  12    0.01 INCH OR MORE:   3
MAX 90 OR ABOVE:   0    0.10 INCH OR MORE:   0
MIN 32 OR BELOW:  16    0.50 INCH OR MORE:   0
MIN  0 OR BELOW:   9    1.00 INCH OR MORE:   0

[HDD (BASE 65) ]
TOTAL THIS MO.   860    CLEAR  (SCALE 0-3)   8
DPTR FM NORMAL   113    PTCLDY (SCALE 4-7)   6
TOTAL FM JUL 1  3543    CLOUDY (SCALE 8-10)  2
DPTR FM NORMAL  -139

[CDD (BASE 65) ]
TOTAL THIS MO.     0
DPTR FM NORMAL     0    [PRESSURE DATA]
TOTAL FM JAN 1     0    HIGHEST SLP M ON M
DPTR FM NORMAL     0    LOWEST  SLP 29.39 ON 10

[REMARKS]
