000
CXUS53 KTOP 300800
CF6MHK
PRELIMINARY LOCAL CLIMATOLOGICAL DATA (WS FORM: F-6)

                                          STATION:   Manhattan KS
                                          MONTH:     SEPTEMBER
                                          YEAR:      2016
                                          LATITUDE:   39  9 N
                                          LONGITUDE:  96 40 W

  TEMPERATURE IN F:       :PCPN:    SNOW:  WIND      :SUNSHINE: SKY     :PK WND
================================================================================
1   2   3   4   5  6A  6B    7    8   9   10  11  12  13   14  15   16   17  18
                                     12Z  AVG MX 2MIN
DY MAX MIN AVG DEP HDD CDD  WTR  SNW DPTH SPD SPD DIR MIN PSBL S-S WX    SPD DR
================================================================================

 1  80  58  69  -5   0   4 0.00    M    M  4.9 14  90   M    M   0        17  80
 2  79  56  68  -5   0   3 0.00    M    M  5.2 14 100   M    M   1 1      18 150
 3  83  59  71  -2   0   6 0.00    M    M  7.1 18 170   M    M   2        26 140
 4  88  67  78   5   0  13 0.01    M    M 11.7 24 170   M    M   1 13     31 170
 5  92  74  83  11   0  18 0.00    M    M 14.1 25 210   M    M   0        35 200
 6  92  76  84  12   0  19 0.00    M    M 13.8 23 210   M    M   1        32 220
 7  91  76  84  12   0  19 0.03    M    M 11.0 24 220   M    M   5 1      31 210
 8  84  70  77   6   0  12    T    M    M  5.6 17 210   M    M   4        23 210
 9  88  66  77   6   0  12    T    M    M  8.1 22  20   M    M   5 3      30  20
10  77  51  64  -6   1   0 0.00    M    M  4.3 13 350   M    M   0        19 330
11  82  46  64  -6   1   0 0.00    M    M  6.7 20 170   M    M   0        25 210
12  91  67  79   9   0  14 0.00    M    M 12.4 25 210   M    M   1        32 210
13  77  61  69   0   0   4 1.36    M    M  5.7 25 190   M    M   9 13     37 180
14  73  61  67  -2   0   2 0.72    M    M  2.4  9 270   M    M   6 13     12  30
15  87  66  77   9   0  12 0.00    M    M  6.7 18 200   M    M   4 1      27 180
16  73  59  66  -2   0   1 0.21    M    M  4.0 17  60   M    M   7 13     23  60
17  85  58  72   5   0   7 0.00    M    M  1.8  8 260   M    M   4 12     11 240
18  87  61  74   7   0   9 0.00    M    M  5.2 14 170   M    M   0        18 190
19  94  63  79  13   0  14 0.00    M    M  4.8 15 230   M    M   0 1      20 200
20  94  65  80  14   0  15 0.00    M    M  5.3 16 180   M    M   0 1      24 210
21  91  75  83  17   0  18 0.00    M    M 10.4 21 220   M    M   0        25 200
22  92  71  82  17   0  17 0.00    M    M 11.0 22 210   M    M   0        28 210
23  90  60  75  10   0  10 0.00    M    M  8.5 18 170   M    M   1        25 180
24  87  68  78  14   0  13 1.17    M    M  8.6 23 220   M    M   7 138    29 220
25  75  50  63  -1   2   0 0.12    M    M  4.9 14 350   M    M   3 18     24 340
26  76  44  60  -3   5   0 0.00    M    M  3.5 12 270   M    M   0 8      16 270
27  83  48  66   3   0   1 0.00    M    M  3.2 12 270   M    M   0        16 260
28  71  50  61  -1   4   0 0.00    M    M  6.6 20  30   M    M   0        25  40
29  72  44  58  -4   7   0 0.00    M    M  2.5 13  50   M    M   1        17  50
================================================================================
SM 2434 1770        20 243  3.62    M    200.0          M       62
================================================================================
AV 83.9 61.0                               6.9 FASTST   M    M   2    MAX(MPH)
                                 MISC ---->  # 25 210               # 37  180
================================================================================
NOTES:
# LAST OF SEVERAL OCCURRENCES

COLUMN 17 PEAK WIND IN M.P.H.

PRELIMINARY LOCAL CLIMATOLOGICAL DATA (WS FORM: F-6) , PAGE 2

                                          STATION:  Manhattan KS
                                          MONTH:    SEPTEMBER
                                          YEAR:     2016
                                          LATITUDE:   39  9 N
                                          LONGITUDE:  96 40 W

[TEMPERATURE DATA]      [PRECIPITATION DATA]       SYMBOLS USED IN COLUMN 16

AVERAGE MONTHLY: 72.5   TOTAL FOR MONTH:   3.62    1 = FOG OR MIST
DPTR FM NORMAL:   4.4   DPTR FM NORMAL:    0.53    2 = FOG REDUCING VISIBILITY
HIGHEST:    94 ON 20,19 GRTST 24HR  1.42 ON 13-14      TO 1/4 MILE OR LESS
LOWEST:     44 ON 29,26                            3 = THUNDER
                        SNOW, ICE PELLETS, HAIL    4 = ICE PELLETS
                        TOTAL MONTH:    M          5 = HAIL
                        GRTST 24HR    M  ON   M    6 = FREEZING RAIN OR DRIZZLE
                        GRTST DEPTH:  M  ON   M    7 = DUSTSTORM OR SANDSTORM:
                                                       VSBY 1/2 MILE OR LESS
                                                   8 = SMOKE OR HAZE
[NO. OF DAYS WITH]      [WEATHER - DAYS WITH]      9 = BLOWING SNOW
                                                   X = TORNADO
MAX 32 OR BELOW:   0    0.01 INCH OR MORE:   7
MAX 90 OR ABOVE:   9    0.10 INCH OR MORE:   5
MIN 32 OR BELOW:   0    0.50 INCH OR MORE:   3
MIN  0 OR BELOW:   0    1.00 INCH OR MORE:   2

[HDD (BASE 65) ]
TOTAL THIS MO.    20    CLEAR  (SCALE 0-3)  20
DPTR FM NORMAL   -41    PTCLDY (SCALE 4-7)   8
TOTAL FM JUL 1    20    CLOUDY (SCALE 8-10)  1
DPTR FM NORMAL   -44

[CDD (BASE 65) ]
TOTAL THIS MO.   243
DPTR FM NORMAL    91    [PRESSURE DATA]
TOTAL FM JAN 1  1699    HIGHEST SLP M ON M
DPTR FM NORMAL   364    LOWEST  SLP 29.80 ON M

[REMARKS]
