000
CXUS56 KMFR 281000
CF6MHS
PRELIMINARY LOCAL CLIMATOLOGICAL DATA (WS FORM: F-6)

                                          STATION:   MT SHASTA CITY CA
                                          MONTH:     JULY
                                          YEAR:      2015
                                          LATITUDE:   41 19 N
                                          LONGITUDE: 122 19 W

  TEMPERATURE IN F:       :PCPN:    SNOW:  WIND      :SUNSHINE: SKY     :PK WND
================================================================================
1   2   3   4   5  6A  6B    7    8   9   10  11  12  13   14  15   16   17  18
                                     12Z  AVG MX 2MIN
DY MAX MIN AVG DEP HDD CDD  WTR  SNW DPTH SPD SPD DIR MIN PSBL S-S WX    SPD DR
================================================================================

 1 100  60  80  15   0  15 0.00    M    M  1.7  7 140   M    M   0 8      14 150
 2  99  62  81  15   0  16 0.00    M    M  0.8  6  90   M    M   0        17 140
 3  84  60  72   6   0   7 0.00    M    M  0.3  6  70   M    M   1 8       9  90
 4  95  56  76  10   0  11 0.00    M    M  0.7  9 290   M    M   1 8      18 300
 5  91  61  76  10   0  11 0.00    M    M  0.6  6 130   M    M   1        15 140
 6  91  55  73   7   0   8 0.00    M    M  0.8  6  90   M    M   0        11 140
 7  90  52  71   4   0   6 0.02    M    M  0.6  8  70   M    M   1        15  20
 8  81  56  69   2   0   4 0.12    M    M  2.8 13 300   M    M   4 1      22 320
 9  78  56  67   0   0   2 0.02    M    M  0.8  7 130   M    M   7        16 140
10  77  59  68   1   0   3 0.00    M    M  1.0  8  90   M    M   8        14 140
11  78  59  69   1   0   4 0.08    M    M  0.8  7 130   M    M   4 1      16 140
12  77  51  64  -4   1   0 0.12    M    M  0.5  7  90   M    M   4 1      15 140
13  84  49  67  -1   0   2 0.00    M    M  1.4  8 340   M    M   2        14 340
14  85  53  69   1   0   4 0.00    M    M  3.0 10 330   M    M   3        20 320
15  88  54  71   3   0   6 0.00    M    M  3.7 10 350   M    M   1        20 330
16  86  56  71   3   0   6 0.00    M    M  4.9 12 340   M    M   0        23 330
17  88  54  71   3   0   6 0.00    M    M  3.5 13 300   M    M   1        18 330
18  89  50  70   1   0   5 0.00    M    M  0.8  7 130   M    M   1        12 130
19  91  51  71   2   0   6 0.00    M    M  1.0  7 320   M    M   1        14 150
20  91  55  73   4   0   8 0.03    M    M  1.5  9 360   M    M   2        20  30
21  91  53  72   3   0   7 1.10    M    M  0.9 10  60   M    M   2 18     15  60
22  84  54  69   0   0   4 0.00    M    M  1.2  7 140   M    M   1 1      13 140
23  82  46  64  -5   1   0 0.00    M    M  1.1  6 140   M    M   0        12 140
24  84  42  63  -6   2   0 0.00    M    M  0.8  6 100   M    M   0        12 140
25  86  45  66  -3   0   1 0.00    M    M  0.7  6  60   M    M   1        14 130
26  82  49  66  -3   0   1 0.01    M    M  4.7 13 330   M    M   1        24 330
27   M   M   M   M   M   M    M    M    M   M   M   M   M    M   M         M  M
================================================================================
SM 2252 1398         4 143  1.50    M     40.6          M       47
================================================================================
AV 86.6 53.8                               1.6 FASTST   M    M   2    MAX(MPH)
                                 MISC ---->  # 13 300               # 24  330
================================================================================
NOTES:
# LAST OF SEVERAL OCCURRENCES

COLUMN 17 PEAK WIND IN M.P.H.

PRELIMINARY LOCAL CLIMATOLOGICAL DATA (WS FORM: F-6) , PAGE 2

                                          STATION:  MT SHASTA CITY CA
                                          MONTH:    JULY
                                          YEAR:     2015
                                          LATITUDE:   41 19 N
                                          LONGITUDE: 122 19 W

[TEMPERATURE DATA]      [PRECIPITATION DATA]       SYMBOLS USED IN COLUMN 16

AVERAGE MONTHLY: 70.2   TOTAL FOR MONTH:   1.50    1 = FOG OR MIST
DPTR FM NORMAL:   2.5   DPTR FM NORMAL:    1.15    2 = FOG REDUCING VISIBILITY
HIGHEST:   100 ON  1    GRTST 24HR  1.10 ON 21-21      TO 1/4 MILE OR LESS
LOWEST:     42 ON 24                               3 = THUNDER
                        SNOW, ICE PELLETS, HAIL    4 = ICE PELLETS
                        TOTAL MONTH:    M          5 = HAIL
                        GRTST 24HR    M  ON   M    6 = FREEZING RAIN OR DRIZZLE
                        GRTST DEPTH:  M  ON   M    7 = DUSTSTORM OR SANDSTORM:
                                                       VSBY 1/2 MILE OR LESS
                                                   8 = SMOKE OR HAZE
[NO. OF DAYS WITH]      [WEATHER - DAYS WITH]      9 = BLOWING SNOW
                                                   X = TORNADO
MAX 32 OR BELOW:   0    0.01 INCH OR MORE:   8
MAX 90 OR ABOVE:   9    0.10 INCH OR MORE:   3
MIN 32 OR BELOW:   0    0.50 INCH OR MORE:   1
MIN  0 OR BELOW:   0    1.00 INCH OR MORE:   1

[HDD (BASE 65) ]
TOTAL THIS MO.     4    CLEAR  (SCALE 0-3)  21
DPTR FM NORMAL   -29    PTCLDY (SCALE 4-7)   5
TOTAL FM JUL 1     4    CLOUDY (SCALE 8-10)  0
DPTR FM NORMAL   -29

[CDD (BASE 65) ]
TOTAL THIS MO.   143
DPTR FM NORMAL    36    [PRESSURE DATA]
TOTAL FM JAN 1   323    HIGHEST SLP M ON M
DPTR FM NORMAL   171    LOWEST  SLP  0.00 ON M

[REMARKS]
