000
CXUS53 KMPX 241000
CF6MIC
PRELIMINARY LOCAL CLIMATOLOGICAL DATA (WS FORM: F-6)

                                          STATION:   MINNEAPOLIS CRYSTAL MN
                                          MONTH:     JANUARY
                                          YEAR:      2017
                                          LATITUDE:   45  4 N
                                          LONGITUDE:  93 21 W

  TEMPERATURE IN F:       :PCPN:    SNOW:  WIND      :SUNSHINE: SKY     :PK WND
================================================================================
1   2   3   4   5  6A  6B    7    8   9   10  11  12  13   14  15   16   17  18
                                     12Z  AVG MX 2MIN
DY MAX MIN AVG DEP HDD CDD  WTR  SNW DPTH SPD SPD DIR MIN PSBL S-S WX    SPD DR
================================================================================

 1  30  20  25   9  40   0    M    M    M  6.9 20 220   M    M   3        25 220
 2  32  27  30  14  35   0    M    M    M  6.1 12  90   M    M  10 18     16  80
 3  32   1  17   1  48   0    M    M    M 15.7 26 310   M    M   6 1      32 300
 4   3  -6  -1 -17  66   0    M    M    M 13.3 21 300   M    M   1 8      28 280
 5   2  -9  -3 -18  68   0    M    M    M  9.2 15 300   M    M   4 8      19 270
 6   5 -11  -3 -18  68   0    M    M    M  4.8  9 280   M    M   1 8      12 290
 7   8  -2   3 -12  62   0    M    M    M  8.1 16 280   M    M   0        21 310
 8  16  -6   5 -10  60   0    M    M    M  7.6 20 160   M    M   4 8      25 150
 9  26  10  18   3  47   0    M    M    M  6.4 17 130   M    M   9 8      27 130
10  27   3  15   0  50   0    M    M    M 11.9 28 310   M    M   5 168    35 310
11   9   4   7  -8  58   0    M    M    M  6.5 15 360   M    M   6 8      19 350
12  13  -8   3 -12  62   0    M    M    M 10.5 26 290   M    M   4 8      33 300
13   9 -10   0 -15  65   0    M    M    M  4.9 10 160   M    M   6        13 160
14  22   3  13  -2  52   0    M    M    M  4.3  9 280   M    M   1        13 150
15  32  -1  16   1  49   0    M    M    M  4.5 12 180   M    M   0 18     15 200
16  33   8  21   6  44   0    M    M    M  3.3  8 350   M    M   5 18     10 340
17  35  28  32  17  33   0    M    M    M  6.9 13 230   M    M   9 168    16 220
18  40  26  33  18  32   0    M    M    M  8.1 15 190   M    M   1 128    21 190
19  40  29  35  20  30   0    M    M    M  6.4 13 140   M    M   4 18     16 150
20  37  35  36  21  29   0    M    M    M  6.4 12 150   M    M  10 1      15 140
21  38  35  37  22  28   0    M    M    M  3.3  8 100   M    M  10 12     11 110
22  40  34  37  22  28   0    M    M    M  5.9 12 250   M    M  10 12     17 290
23  34  32  33  18  32   0    M    M    M  3.9  9 290   M    M  10 18     12 280
================================================================================
SM  563  242      1086   0    M     M    164.9          M      119
================================================================================
AV 24.5 10.5                               7.2 FASTST   M    M   5    MAX(MPH)
                                 MISC ---->  # 28 310               # 35  310
================================================================================
NOTES:
# LAST OF SEVERAL OCCURRENCES

COLUMN 17 PEAK WIND IN M.P.H.

PRELIMINARY LOCAL CLIMATOLOGICAL DATA (WS FORM: F-6) , PAGE 2

                                          STATION:  MINNEAPOLIS CRYSTAL MN
                                          MONTH:    JANUARY
                                          YEAR:     2017
                                          LATITUDE:   45  4 N
                                          LONGITUDE:  93 21 W

[TEMPERATURE DATA]      [PRECIPITATION DATA]       SYMBOLS USED IN COLUMN 16

AVERAGE MONTHLY: 17.5   TOTAL FOR MONTH:      M    1 = FOG OR MIST
DPTR FM NORMAL:   2.3   DPTR FM NORMAL:       M    2 = FOG REDUCING VISIBILITY
HIGHEST:    40 ON 22,19 GRTST 24HR  0.18 ON 10-11      TO 1/4 MILE OR LESS
LOWEST:    -11 ON  6                               3 = THUNDER
                        SNOW, ICE PELLETS, HAIL    4 = ICE PELLETS
                        TOTAL MONTH:    M          5 = HAIL
                        GRTST 24HR    M  ON   M    6 = FREEZING RAIN OR DRIZZLE
                        GRTST DEPTH:  M  ON   M    7 = DUSTSTORM OR SANDSTORM:
                                                       VSBY 1/2 MILE OR LESS
                                                   8 = SMOKE OR HAZE
[NO. OF DAYS WITH]      [WEATHER - DAYS WITH]      9 = BLOWING SNOW
                                                   X = TORNADO
MAX 32 OR BELOW:  15    0.01 INCH OR MORE:   0
MAX 90 OR ABOVE:   0    0.10 INCH OR MORE:   0
MIN 32 OR BELOW:  20    0.50 INCH OR MORE:   0
MIN  0 OR BELOW:   8    1.00 INCH OR MORE:   0

[HDD (BASE 65) ]
TOTAL THIS MO.  1086    CLEAR  (SCALE 0-3)   6
DPTR FM NORMAL   -61    PTCLDY (SCALE 4-7)  10
TOTAL FM JUL 1  3636    CLOUDY (SCALE 8-10)  7
DPTR FM NORMAL  -585

[CDD (BASE 65) ]
TOTAL THIS MO.     0
DPTR FM NORMAL     0    [PRESSURE DATA]
TOTAL FM JAN 1     0    HIGHEST SLP M ON M
DPTR FM NORMAL     0    LOWEST  SLP 29.40 ON 21

[REMARKS]
