000
CXUS53 KMPX 241000
CF6MIC
PRELIMINARY LOCAL CLIMATOLOGICAL DATA (WS FORM: F-6)

                                          STATION:   MINNEAPOLIS CRYSTAL MN
                                          MONTH:     OCTOBER
                                          YEAR:      2014
                                          LATITUDE:   45  4 N
                                          LONGITUDE:  93 21 W

  TEMPERATURE IN F:       :PCPN:    SNOW:  WIND      :SUNSHINE: SKY     :PK WND
================================================================================
1   2   3   4   5  6A  6B    7    8   9   10  11  12  13   14  15   16   17  18
                                     12Z  AVG MX 2MIN
DY MAX MIN AVG DEP HDD CDD  WTR  SNW DPTH SPD SPD DIR MIN PSBL S-S WX    SPD DR
================================================================================

 1  59  51  55   1  10   0 0.34    M    M  7.8 17 130   M    M   9 18     23 160
 2  61  50  56   2   9   0 0.49    M    M  4.7 13 330   M    M   9 18     17 330
 3  52  38  45  -9  20   0 0.08    M    M 19.7 30 300   M    M   9        38 310
 4  53  37  45  -8  20   0 0.01    M    M 14.3 26 310   M    M   5        37 300
 5  51  34  43 -10  22   0 0.00    M    M  9.1 21 260   M    M   6        25 260
 6  64  37  51  -1  14   0    T    M    M 10.1 22 250   M    M   3        29 210
 7  61  44  53   1  12   0 0.00    M    M 11.4 26 280   M    M   4 8      35 310
 8  59  39  49  -3  16   0 0.00    M    M  9.1 23 290   M    M   1        29 310
 9  55  31  43  -8  22   0 0.00    M    M  3.9 13 320   M    M   0        18 310
10  54  30  42  -9  23   0 0.00    M    M  3.7 14 340   M    M   1 1      18 350
11  59  28  44  -6  21   0 0.00    M    M  4.9 13 170   M    M   0 1      18 150
12  64  42  53   3  12   0 0.00    M    M 11.9 22 150   M    M   2 18     31 160
13  57  51  54   4  11   0    T    M    M  6.5 16 360   M    M  10 18     22 360
14  66  45  56   7   9   0    T    M    M 10.8 22  10   M    M   2        30  20
15  67  34  51   2  14   0 0.00    M    M  1.9 12 340   M    M   0        15 340
16  74  34  54   6  11   0 0.00    M    M  7.5 21 290   M    M   1 1      27 190
17  58  49  54   6  11   0 0.00    M    M 13.6 23 310   M    M   9        31 320
18  54  36  45  -3  20   0 0.00    M    M  4.5 12  30   M    M   5        16  20
19  70  39  55   8  10   0 0.00    M    M  9.6 20 220   M    M   0        27 220
20  65  39  52   5  13   0 0.00    M    M  7.5 16 320   M    M   0        22 310
21  59  32  46   0  19   0 0.00    M    M  6.5 15 110   M    M   0 1      20 150
22  62  42  52   6  13   0    T    M    M 14.6 25 150   M    M   3        34 160
23  68  49  59  13   6   0 0.03    M    M  5.4 14 180   M    M   5 1      19 170
================================================================================
SM 1392  911       338   0  0.95    M    199.0          M       84
================================================================================
AV 60.5 39.6                               8.7 FASTST   M    M   4    MAX(MPH)
                                 MISC ---->  # 30 300               # 38  310
================================================================================
NOTES:
# LAST OF SEVERAL OCCURRENCES

COLUMN 17 PEAK WIND IN M.P.H.

PRELIMINARY LOCAL CLIMATOLOGICAL DATA (WS FORM: F-6) , PAGE 2

                                          STATION:  MINNEAPOLIS CRYSTAL MN
                                          MONTH:    OCTOBER
                                          YEAR:     2014
                                          LATITUDE:   45  4 N
                                          LONGITUDE:  93 21 W

[TEMPERATURE DATA]      [PRECIPITATION DATA]       SYMBOLS USED IN COLUMN 16

AVERAGE MONTHLY: 50.1   TOTAL FOR MONTH:   0.95    1 = FOG OR MIST
DPTR FM NORMAL:   0.1   DPTR FM NORMAL:   -1.01    2 = FOG REDUCING VISIBILITY
HIGHEST:    74 ON 16    GRTST 24HR  0.51 ON  2- 3      TO 1/4 MILE OR LESS
LOWEST:     28 ON 11                               3 = THUNDER
                        SNOW, ICE PELLETS, HAIL    4 = ICE PELLETS
                        TOTAL MONTH:    M          5 = HAIL
                        GRTST 24HR    M  ON   M    6 = FREEZING RAIN OR DRIZZLE
                        GRTST DEPTH:  M  ON   M    7 = DUSTSTORM OR SANDSTORM:
                                                       VSBY 1/2 MILE OR LESS
                                                   8 = SMOKE OR HAZE
[NO. OF DAYS WITH]      [WEATHER - DAYS WITH]      9 = BLOWING SNOW
                                                   X = TORNADO
MAX 32 OR BELOW:   0    0.01 INCH OR MORE:   5
MAX 90 OR ABOVE:   0    0.10 INCH OR MORE:   2
MIN 32 OR BELOW:   4    0.50 INCH OR MORE:   0
MIN  0 OR BELOW:   0    1.00 INCH OR MORE:   0

[HDD (BASE 65) ]
TOTAL THIS MO.   338    CLEAR  (SCALE 0-3)  11
DPTR FM NORMAL   -14    PTCLDY (SCALE 4-7)   7
TOTAL FM JUL 1   475    CLOUDY (SCALE 8-10)  5
DPTR FM NORMAL   -65

[CDD (BASE 65) ]
TOTAL THIS MO.     0
DPTR FM NORMAL    -3    [PRESSURE DATA]
TOTAL FM JAN 1   744    HIGHEST SLP M ON M
DPTR FM NORMAL    55    LOWEST  SLP 29.47 ON  6

[REMARKS]
