000
CXUS53 KMPX 011000
CF6MIC
PRELIMINARY LOCAL CLIMATOLOGICAL DATA (WS FORM: F-6)

                                          STATION:   MINNEAPOLIS CRYSTAL MN
                                          MONTH:     SEPTEMBER
                                          YEAR:      2016
                                          LATITUDE:   45  4 N
                                          LONGITUDE:  93 21 W

  TEMPERATURE IN F:       :PCPN:    SNOW:  WIND      :SUNSHINE: SKY     :PK WND
================================================================================
1   2   3   4   5  6A  6B    7    8   9   10  11  12  13   14  15   16   17  18
                                     12Z  AVG MX 2MIN
DY MAX MIN AVG DEP HDD CDD  WTR  SNW DPTH SPD SPD DIR MIN PSBL S-S WX    SPD DR
================================================================================

 1  77  52  65  -3   0   0 0.00    M    M  4.3 12  90   M    M   1        16  80
 2  75  55  65  -2   0   0 0.00    M    M  8.8 18 150   M    M   1        23 150
 3  76  58  67   0   0   2 0.00    M    M 12.0 22 160   M    M   1        28 150
 4  79  61  70   4   0   5 0.23    M    M 13.4 22 150   M    M   4 138    29 140
 5  80  66  73   7   0   8 0.40    M    M  8.5 25 200   M    M   7 13     38 190
 6  80  69  75   9   0  10 1.31    M    M  7.0 21 230   M    M   6 13     30 240
 7  76  68  72   7   0   7 0.02    M    M  5.2 13 130   M    M   8        16  30
 8  77  61  69   4   0   4    T    M    M  6.7 16 310   M    M   2        20 310
 9  75  62  69   5   0   4 0.07    M    M  6.5 20 130   M    M   4        25 140
10  73  54  64   0   1   0    T    M    M  8.5 23 310   M    M   2        27 310
11  80  53  67   4   0   2 0.00    M    M 11.2 26 190   M    M   0        34 170
12  81  62  72   9   0   7 0.00    M    M 10.7 17 320   M    M   4        24 170
13  66  53  60  -2   5   0 0.00    M    M  9.2 16 330   M    M   2        22  10
14  70  44  57  -5   8   0 0.00    M    M  2.4  9 360   M    M   0        13 340
15  75  51  63   1   2   0 0.59    M    M  8.2 20 280   M    M   7 13     26 140
16  77  61  69   8   0   4 0.00    M    M  7.1 16 280   M    M   7        20 200
17  73  51  62   2   3   0 0.00    M    M  6.6 16 260   M    M   4 1      21 250
18  83  51  67   7   0   2 0.00    M    M  8.4 21 170   M    M   0        27 160
19  80  55  68   8   0   3    T    M    M  4.4 14 330   M    M   1        18 330
20  79  51  65   6   0   0 0.00    M    M  3.9 14  70   M    M   3 1      17 100
21  70  60  65   6   0   0 3.06    M    M  7.4 24 330   M    M   8 138    35 320
22  67  59  63   5   2   0 0.24    M    M  7.0 18 140   M    M   9 1      25 150
23  71  59  65   7   0   0 0.30    M    M  8.1 15 100   M    M   9 13     21 110
24  70  63  67  10   0   2    T    M    M 11.5 18 130   M    M  10 18     25 130
25  69  54  62   5   3   0 0.17    M    M 11.9 18 240   M    M   8 1      32 290
26  66  50  58   2   7   0 0.00    M    M 14.9 31 290   M    M   2        45 300
27  59  49  54  -2  11   0 0.06    M    M 12.3 22 320   M    M   5 18     29 300
28  62  45  54  -2  11   0 0.00    M    M  8.2 16 350   M    M   8        23 350
29  67  44  56   1   9   0 0.00    M    M  3.5 12  20   M    M   2 1      15  10
30  71  47  59   4   6   0 0.00    M    M  5.6 13  20   M    M   3 12     17  30
================================================================================
SM 2204 1668        68  60  6.45    M    243.4          M      128
================================================================================
AV 73.5 55.6                               8.1 FASTST   M    M   4    MAX(MPH)
                                 MISC ---->  # 31 290               # 45  300
================================================================================
NOTES:
# LAST OF SEVERAL OCCURRENCES

COLUMN 17 PEAK WIND IN M.P.H.

PRELIMINARY LOCAL CLIMATOLOGICAL DATA (WS FORM: F-6) , PAGE 2

                                          STATION:  MINNEAPOLIS CRYSTAL MN
                                          MONTH:    SEPTEMBER
                                          YEAR:     2016
                                          LATITUDE:   45  4 N
                                          LONGITUDE:  93 21 W

[TEMPERATURE DATA]      [PRECIPITATION DATA]       SYMBOLS USED IN COLUMN 16

AVERAGE MONTHLY: 64.5   TOTAL FOR MONTH:   6.45    1 = FOG OR MIST
DPTR FM NORMAL:   3.3   DPTR FM NORMAL:    2.96    2 = FOG REDUCING VISIBILITY
HIGHEST:    83 ON 18    GRTST 24HR  3.30 ON 21-22      TO 1/4 MILE OR LESS
LOWEST:     44 ON 29,14                            3 = THUNDER
                        SNOW, ICE PELLETS, HAIL    4 = ICE PELLETS
                        TOTAL MONTH:    M          5 = HAIL
                        GRTST 24HR    M  ON   M    6 = FREEZING RAIN OR DRIZZLE
                        GRTST DEPTH:  M  ON   M    7 = DUSTSTORM OR SANDSTORM:
                                                       VSBY 1/2 MILE OR LESS
                                                   8 = SMOKE OR HAZE
[NO. OF DAYS WITH]      [WEATHER - DAYS WITH]      9 = BLOWING SNOW
                                                   X = TORNADO
MAX 32 OR BELOW:   0    0.01 INCH OR MORE:  11
MAX 90 OR ABOVE:   0    0.10 INCH OR MORE:   8
MIN 32 OR BELOW:   0    0.50 INCH OR MORE:   3
MIN  0 OR BELOW:   0    1.00 INCH OR MORE:   2

[HDD (BASE 65) ]
TOTAL THIS MO.    68    CLEAR  (SCALE 0-3)  14
DPTR FM NORMAL  -102    PTCLDY (SCALE 4-7)  13
TOTAL FM JUL 1    75    CLOUDY (SCALE 8-10)  3
DPTR FM NORMAL  -113

[CDD (BASE 65) ]
TOTAL THIS MO.    60
DPTR FM NORMAL     4    [PRESSURE DATA]
TOTAL FM JAN 1   791    HIGHEST SLP 30.49 ON 29
DPTR FM NORMAL   105    LOWEST  SLP 29.71 ON 18

[REMARKS]
#FINAL-09-16#
