000
CXUS55 KEAX 190736
CF6MKC
PRELIMINARY LOCAL CLIMATOLOGICAL DATA (WS FORM: F-6)

                                          STATION:   Downtown Kansas City MO
                                          MONTH:     FEBRUARY
                                          YEAR:      2017
                                          LATITUDE:   39  7 N
                                          LONGITUDE:  94 36 W

  TEMPERATURE IN F:       :PCPN:    SNOW:  WIND      :SUNSHINE: SKY     :PK WND
================================================================================
1   2   3   4   5  6A  6B    7    8   9   10  11  12  13   14  15   16   17  18
                                     12Z  AVG MX 2MIN
DY MAX MIN AVG DEP HDD CDD  WTR  SNW DPTH SPD SPD DIR MIN PSBL S-S WX    SPD DR
================================================================================

 1  45  30  38   6  27   0 0.00    M    M 10.4 17  10   M    M   0        23  10
 2  34  21  28  -4  37   0 0.00    M    M  8.1 17 360   M    M   1        22 350
 3  36  24  30  -2  35   0    T    M    M  5.8 13 360   M    M   5        17 350
 4  48  27  38   6  27   0 0.00    M    M 12.9 28 190   M    M   2        39 190
 5  51  29  40   7  25   0 0.00    M    M  4.0 12 360   M    M   0        14 350
 6  59  32  46  13  19   0 0.00    M    M  3.0 10 230   M    M   6 128    14 150
 7  55  30  43  10  22   0 0.00    M    M 10.3 17 320   M    M   5 1      24 340
 8  30  19  25  -8  40   0 0.00    M    M 10.3 22 360   M    M   5        28  10
 9  38  17  28  -6  37   0 0.00    M    M  6.1 13 140   M    M   1        17 170
10  70  31  51  17  14   0 0.00    M    M 14.6 24 230   M    M   0        35 210
11  73  48  61  27   4   0 0.00    M    M  5.8 16  10   M    M   1 1      20 360
12  55  32  44  10  21   0 0.00    M    M  9.1 23  10   M    M   0        30  10
13  52  30  41   6  24   0 0.00    M    M  2.9 13 190   M    M   5        17 220
14  56  37  47  12  18   0 0.00    M    M  6.6 14 360   M    M   0        17 360
15  54  31  43   8  22   0 0.00    M    M  5.5 12 320   M    M   0        19 360
16  74  40  57  21   8   0 0.00    M    M 13.0 24 220   M    M   0        30 230
17  76  46  61  25   4   0 0.00    M    M 13.6 22 200   M    M   0        28 200
18  73  42  58  22   7   0 0.00    M    M  2.8 20 270   M    M   0        29 210
================================================================================
SM  979  566       391   0    T     M    144.8          M       31
================================================================================
AV 54.4 31.4                               8.0 FASTST   M    M   2    MAX(MPH)
                                 MISC ---->  # 28 190               # 39  190
================================================================================
NOTES:
# LAST OF SEVERAL OCCURRENCES

COLUMN 17 PEAK WIND IN M.P.H.

PRELIMINARY LOCAL CLIMATOLOGICAL DATA (WS FORM: F-6) , PAGE 2

                                          STATION:  Downtown Kansas City MO
                                          MONTH:    FEBRUARY
                                          YEAR:     2017
                                          LATITUDE:   39  7 N
                                          LONGITUDE:  94 36 W

[TEMPERATURE DATA]      [PRECIPITATION DATA]       SYMBOLS USED IN COLUMN 16

AVERAGE MONTHLY: 42.9   TOTAL FOR MONTH:      T    1 = FOG OR MIST
DPTR FM NORMAL:   9.1   DPTR FM NORMAL:   -0.91    2 = FOG REDUCING VISIBILITY
HIGHEST:    76 ON 17    GRTST 24HR    T  ON  3- 3      TO 1/4 MILE OR LESS
LOWEST:     17 ON  9                               3 = THUNDER
                        SNOW, ICE PELLETS, HAIL    4 = ICE PELLETS
                        TOTAL MONTH:    M          5 = HAIL
                        GRTST 24HR    M  ON   M    6 = FREEZING RAIN OR DRIZZLE
                        GRTST DEPTH:  M  ON   M    7 = DUSTSTORM OR SANDSTORM:
                                                       VSBY 1/2 MILE OR LESS
                                                   8 = SMOKE OR HAZE
[NO. OF DAYS WITH]      [WEATHER - DAYS WITH]      9 = BLOWING SNOW
                                                   X = TORNADO
MAX 32 OR BELOW:   1    0.01 INCH OR MORE:   0
MAX 90 OR ABOVE:   0    0.10 INCH OR MORE:   0
MIN 32 OR BELOW:  13    0.50 INCH OR MORE:   0
MIN  0 OR BELOW:   0    1.00 INCH OR MORE:   0

[HDD (BASE 65) ]
TOTAL THIS MO.   391    CLEAR  (SCALE 0-3)  13
DPTR FM NORMAL  -170    PTCLDY (SCALE 4-7)   5
TOTAL FM JUL 1  2738    CLOUDY (SCALE 8-10)  0
DPTR FM NORMAL  -725

[CDD (BASE 65) ]
TOTAL THIS MO.     0
DPTR FM NORMAL     0    [PRESSURE DATA]
TOTAL FM JAN 1     0    HIGHEST SLP  0.00 ON M
DPTR FM NORMAL     0    LOWEST  SLP  0.00 ON M

[REMARKS]
