000
CXUS55 KEAX 250736
CF6MKC
PRELIMINARY LOCAL CLIMATOLOGICAL DATA (WS FORM: F-6)

                                          STATION:   Downtown Kansas City MO
                                          MONTH:     APRIL
                                          YEAR:      2014
                                          LATITUDE:   39  7 N
                                          LONGITUDE:  94 36 W

  TEMPERATURE IN F:       :PCPN:    SNOW:  WIND      :SUNSHINE: SKY     :PK WND
================================================================================
1   2   3   4   5  6A  6B    7    8   9   10  11  12  13   14  15   16   17  18
                                     12Z  AVG MX 2MIN
DY MAX MIN AVG DEP HDD CDD  WTR  SNW DPTH SPD SPD DIR MIN PSBL S-S WX    SPD DR
================================================================================

 1  54  31  43  -9  22   0    T    M    M  7.6 18 300   M    M   4        28 290
 2  54  44  49  -3  16   0 0.60    M    M 11.6 22  50   M    M   9 13     26  80
 3  76  40  58   6   7   0 0.01    M    M  9.6 26  70   M    M  10 138    31 280
 4  46  34  40 -13  25   0    T    M    M 11.9 26 310   M    M   9        40 310
 5  59  30  45  -8  20   0 0.00    M    M  4.7 12 130   M    M   0        18 360
 6  65  48  57   4   8   0 0.00    M    M  4.3 14 140   M    M   8        20 130
 7  68  43  56   2   9   0 0.00    M    M  6.5 18 320   M    M   6 8      23 320
 8  61  41  51  -3  14   0    T    M    M  9.8 23 330   M    M   3        32 320
 9  76  36  56   2   9   0 0.00    M    M 12.1 25 200   M    M   0        33 200
10  70  46  58   3   7   0 0.00    M    M 10.6 24 200   M    M   0        33 200
11  77  41  59   4   6   0 0.00    M    M  4.7 14 130   M    M   0        20  90
12  85  60  73  17   0   8 0.00    M    M 14.8 26 180   M    M   1 3      36 180
13  72  39  56   0   9   0 0.91    M    M 12.2 28 210   M    M   9 138    36 200
14  46  32  39 -17  26   0    T    M    M 13.5 22 360   M    M   7 18     33 350
15  56  31  44 -12  21   0 0.00    M    M  6.7 21 170   M    M   1        30 170
16  67  45  56  -1   9   0 0.00    M    M 18.4 35 180   M    M   0        44 170
17  51  39  45 -12  20   0 0.00    M    M  4.9 14 360   M    M   4        19 330
18  70  37  54  -4  11   0 0.00    M    M  4.6 13 190   M    M   0 18     16 130
19  78  55  67   9   0   2 0.00    M    M 11.1 24 200   M    M   0        30 190
20  79  59  69  11   0   4    T    M    M  9.5 21 210   M    M   2        26 210
21  75  60  68  10   0   3    T    M    M  7.2 20  10   M    M   8 8      26 360
22  71  48  60   1   5   0 0.00    M    M  7.3 17  40   M    M   0        23  10
23  76  55  66   7   0   1    T    M    M 12.1 22 170   M    M   3        32 130
24  70  50  60   0   5   0 1.11    M    M  8.2 28 260   M    M   6 123    49 260
================================================================================
SM 1602 1044       249  18  2.63    M    223.9          M       90
================================================================================
AV 66.8 43.5                               9.3 FASTST   M    M   4    MAX(MPH)
                                 MISC ---->  # 35 180               # 49  260
================================================================================
NOTES:
# LAST OF SEVERAL OCCURRENCES

COLUMN 17 PEAK WIND IN M.P.H.

PRELIMINARY LOCAL CLIMATOLOGICAL DATA (WS FORM: F-6) , PAGE 2

                                          STATION:  Downtown Kansas City MO
                                          MONTH:    APRIL
                                          YEAR:     2014
                                          LATITUDE:   39  7 N
                                          LONGITUDE:  94 36 W

[TEMPERATURE DATA]      [PRECIPITATION DATA]       SYMBOLS USED IN COLUMN 16

AVERAGE MONTHLY: 55.1   TOTAL FOR MONTH:   2.63    1 = FOG OR MIST
DPTR FM NORMAL:  -0.5   DPTR FM NORMAL:   -0.18    2 = FOG REDUCING VISIBILITY
HIGHEST:    85 ON 12    GRTST 24HR  1.11 ON 24-24      TO 1/4 MILE OR LESS
LOWEST:     30 ON  5                               3 = THUNDER
                        SNOW, ICE PELLETS, HAIL    4 = ICE PELLETS
                        TOTAL MONTH:    M          5 = HAIL
                        GRTST 24HR    M  ON   M    6 = FREEZING RAIN OR DRIZZLE
                        GRTST DEPTH:  M  ON   M    7 = DUSTSTORM OR SANDSTORM:
                                                       VSBY 1/2 MILE OR LESS
                                                   8 = SMOKE OR HAZE
[NO. OF DAYS WITH]      [WEATHER - DAYS WITH]      9 = BLOWING SNOW
                                                   X = TORNADO
MAX 32 OR BELOW:   0    0.01 INCH OR MORE:   4
MAX 90 OR ABOVE:   0    0.10 INCH OR MORE:   3
MIN 32 OR BELOW:   4    0.50 INCH OR MORE:   3
MIN  0 OR BELOW:   0    1.00 INCH OR MORE:   1

[HDD (BASE 65) ]
TOTAL THIS MO.   249    CLEAR  (SCALE 0-3)  12
DPTR FM NORMAL     1    PTCLDY (SCALE 4-7)   8
TOTAL FM JUL 1  5113    CLOUDY (SCALE 8-10)  4
DPTR FM NORMAL   542

[CDD (BASE 65) ]
TOTAL THIS MO.    18
DPTR FM NORMAL    -5    [PRESSURE DATA]
TOTAL FM JAN 1    18    HIGHEST SLP  0.00 ON M
DPTR FM NORMAL   -10    LOWEST  SLP  0.00 ON M

[REMARKS]
