000
CXUS55 KEAX 010736
CF6MKC
PRELIMINARY LOCAL CLIMATOLOGICAL DATA (WS FORM: F-6)

                                          STATION:   Downtown Kansas City MO
                                          MONTH:     JULY
                                          YEAR:      2015
                                          LATITUDE:   39  7 N
                                          LONGITUDE:  94 36 W

  TEMPERATURE IN F:       :PCPN:    SNOW:  WIND      :SUNSHINE: SKY     :PK WND
================================================================================
1   2   3   4   5  6A  6B    7    8   9   10  11  12  13   14  15   16   17  18
                                     12Z  AVG MX 2MIN
DY MAX MIN AVG DEP HDD CDD  WTR  SNW DPTH SPD SPD DIR MIN PSBL S-S WX    SPD DR
================================================================================

 1  87  70  79  -1   0  14 1.00    M    M  9.5 29  10   M    M   8 13     35  10
 2  77  69  73  -7   0   8    T    M    M  8.6 16  90   M    M   9 18     22 100
 3  81  67  74  -6   0   9    T    M    M  7.1 13  20   M    M   4        16  20
 4  84  63  74  -6   0   9 0.00    M    M  4.0 10 130   M    M   0 18     15 130
 5  90  70  80   0   0  15 0.00    M    M  8.9 17 180   M    M   0 18     24 170
 6  91  71  81   0   0  16 2.04    M    M 10.9 24 280   M    M   4 13     44 270
 7  76  62  69 -12   0   4 0.45    M    M  9.8 20  30   M    M   7 18     27  20
 8  67  63  65 -16   0   0    M    M    M  8.5 21  50   M    M   9 1      26 350
 9  80  62  71 -10   0   6    T    M    M  4.1 12 150   M    M   4        16 100
10  80  66  73  -8   0   8 0.22    M    M  4.2 22 210   M    M   7 13     27 220
11  92  71  82   1   0  17 0.00    M    M 11.2 21 200   M    M   2        28 200
12  95  76  86   5   0  21 0.00    M    M 11.1 20 200   M    M   0        24 200
13  98  80  89   8   0  24 0.00    M    M  8.3 16 230   M    M   0 3      22 200
14  98  76  87   6   0  22 0.00    M    M  3.8 13 240   M    M   1 3      16 240
15  89  76  83   2   0  18    T    M    M  9.6 25 230   M    M   1 3      33 220
16  95  77  86   5   0  21 0.00    M    M 11.6 20 210   M    M   1        29 200
17  95  80  88   7   0  23 0.00    M    M 12.4 18 190   M    M   0        27 200
18  93  76  85   4   0  20 0.16    M    M  7.7 16 160   M    M   4 138    23 200
19  86  76  81   0   0  16    T    M    M  7.2 15  80   M    M   2 3      23  80
20  89  71  80  -1   0  15 1.51    M    M  6.8 23 230   M    M   3 13     31 230
21  83  69  76  -5   0  11 0.00    M    M  5.4 13  30   M    M   1        17 360
22  85  65  75  -6   0  10 0.00    M    M  5.9 12  90   M    M   3        16 100
23  89  72  81   0   0  16 0.00    M    M  6.7 13  70   M    M   1        16  70
24  98  76  87   6   0  22    T    M    M  6.0 14  90   M    M   1        18 160
25  93  78  86   5   0  21    T    M    M  7.2 21  30   M    M   2 3      27  80
26  94  77  86   5   0  21    T    M    M  4.9 16  30   M    M   1 13     21  30
27  95  80  88   7   0  23 0.00    M    M  7.0 15 190   M    M   0        18 200
28  97  78  88   7   0  23 0.00    M    M 10.3 20 200   M    M   0        27 210
29  88  72  80  -1   0  15 0.26    M    M  6.0 22  30   M    M   5 13     29  40
30  89  67  78  -3   0  13 0.00    M    M  2.1 10 190   M    M   0        14 190
31  91  66  79  -2   0  14 0.00    M    M  3.0 10 240   M    M   0        14 240
================================================================================
SM 2745 2222         0 475  5.64    M    229.8          M       80
================================================================================
AV 88.5 71.7                               7.4 FASTST   M    M   3    MAX(MPH)
                                 MISC ---->  # 29  10               # 44  270
================================================================================
NOTES:
# LAST OF SEVERAL OCCURRENCES

COLUMN 17 PEAK WIND IN M.P.H.

PRELIMINARY LOCAL CLIMATOLOGICAL DATA (WS FORM: F-6) , PAGE 2

                                          STATION:  Downtown Kansas City MO
                                          MONTH:    JULY
                                          YEAR:     2015
                                          LATITUDE:   39  7 N
                                          LONGITUDE:  94 36 W

[TEMPERATURE DATA]      [PRECIPITATION DATA]       SYMBOLS USED IN COLUMN 16

AVERAGE MONTHLY: 80.1   TOTAL FOR MONTH:   5.64    1 = FOG OR MIST
DPTR FM NORMAL:  -0.9   DPTR FM NORMAL:    1.67    2 = FOG REDUCING VISIBILITY
HIGHEST:    98 ON 24,14 GRTST 24HR  2.49 ON  6- 7      TO 1/4 MILE OR LESS
LOWEST:     62 ON  9, 7                            3 = THUNDER
                        SNOW, ICE PELLETS, HAIL    4 = ICE PELLETS
                        TOTAL MONTH:    M          5 = HAIL
                        GRTST 24HR    M  ON   M    6 = FREEZING RAIN OR DRIZZLE
                        GRTST DEPTH:  M  ON   M    7 = DUSTSTORM OR SANDSTORM:
                                                       VSBY 1/2 MILE OR LESS
                                                   8 = SMOKE OR HAZE
[NO. OF DAYS WITH]      [WEATHER - DAYS WITH]      9 = BLOWING SNOW
                                                   X = TORNADO
MAX 32 OR BELOW:   0    0.01 INCH OR MORE:   7
MAX 90 OR ABOVE:  15    0.10 INCH OR MORE:   7
MIN 32 OR BELOW:   0    0.50 INCH OR MORE:   3
MIN  0 OR BELOW:   0    1.00 INCH OR MORE:   3

[HDD (BASE 65) ]
TOTAL THIS MO.     0    CLEAR  (SCALE 0-3)  21
DPTR FM NORMAL     0    PTCLDY (SCALE 4-7)   8
TOTAL FM JUL 1     0    CLOUDY (SCALE 8-10)  2
DPTR FM NORMAL     0

[CDD (BASE 65) ]
TOTAL THIS MO.   475
DPTR FM NORMAL   -22    [PRESSURE DATA]
TOTAL FM JAN 1   987    HIGHEST SLP  0.00 ON M
DPTR FM NORMAL     2    LOWEST  SLP  0.00 ON M

[REMARKS]
#FINAL-07-15#
