000
CXUS55 KEAX 280736
CF6MKC
PRELIMINARY LOCAL CLIMATOLOGICAL DATA (WS FORM: F-6)

                                          STATION:   Downtown Kansas City MO
                                          MONTH:     FEBRUARY
                                          YEAR:      2015
                                          LATITUDE:   39  7 N
                                          LONGITUDE:  94 36 W

  TEMPERATURE IN F:       :PCPN:    SNOW:  WIND      :SUNSHINE: SKY     :PK WND
================================================================================
1   2   3   4   5  6A  6B    7    8   9   10  11  12  13   14  15   16   17  18
                                     12Z  AVG MX 2MIN
DY MAX MIN AVG DEP HDD CDD  WTR  SNW DPTH SPD SPD DIR MIN PSBL S-S WX    SPD DR
================================================================================

 1  34  17  26  -6  39   0 0.15    M    M 11.8 28 320   M    M  10 1      39 310
 2  27   6  17 -15  48   0    T    M    M  7.1 16 330   M    M   2        25 330
 3  52  24  38   6  27   0 0.00    M    M  7.7 23 200   M    M   0        31 200
 4  38  12  25  -7  40   0 0.01    M    M 10.1 21  10   M    M   4        27  20
 5  30   6  18 -15  47   0 0.00    M    M  6.0 15 190   M    M   1        19 180
 6  57  27  42   9  23   0 0.00    M    M 10.4 22 210   M    M   0        27 220
 7  66  39  53  20  12   0 0.00    M    M 12.0 20 210   M    M   0        24 210
 8  67  42  55  22  10   0 0.00    M    M  8.9 17 220   M    M   1        22 320
 9  42  35  39   5  26   0 0.00    M    M  9.2 15  10   M    M   9        20 360
10  52  30  41   7  24   0 0.00    M    M  6.3 14 120   M    M   2        18 130
11  42  29  36   2  29   0    T    M    M 10.0 23 350   M    M   6        30 360
12  32  12  22 -12  43   0    T    M    M  9.3 25 360   M    M   5        35 360
13  47  22  35   0  30   0 0.00    M    M  4.9 14 290   M    M   2        18 290
14  41  18  30  -5  35   0 0.00    M    M 11.5 28  20   M    M   3        34  20
15  20  13  17 -18  48   0 0.06    M    M 13.0 21  70   M    M   7 1      28  70
16  25  14  20 -16  45   0    T    M    M  5.6 12  50   M    M   8 1      14  50
17  33  18  26 -10  39   0    T    M    M  7.0 17 310   M    M   8        24 320
18  20  12  16 -20  49   0 0.00    M    M  8.9 24 330   M    M   0        34 320
19  20   6  13 -24  52   0 0.01    M    M  4.7 13 120   M    M   6        16 130
20  38  13  26 -11  39   0    M    M    M  4.9 12 180   M    M   6 8      16 170
21  50  28  39   2  26   0    M    M    M  7.7 23  10   M    M   4 8      27  10
22  28  15  22 -16  43   0 0.00    M    M 13.6 21  10   M    M   4        27 360
23  24   9  17 -21  48   0 0.00    M    M  5.4 16  40   M    M   0        19  50
24  47  18  33  -5  32   0 0.00    M    M  8.9 21 250   M    M   0        27 240
25  55  21  38  -1  27   0    T    M    M  9.5 29 360   M    M   3 18     36 360
26  23   8  16 -23  49   0    T    M    M 13.1 24 360   M    M   2        35 360
27  19   4  12 -28  53   0 0.00    M    M  4.7 13  10   M    M   3        17 360
================================================================================
SM 1029  498       983   0  0.23    M    232.2          M       96
================================================================================
AV 38.1 18.4                               8.6 FASTST   M    M   4    MAX(MPH)
                                 MISC ---->  # 29 360               # 39  310
================================================================================
NOTES:
# LAST OF SEVERAL OCCURRENCES

COLUMN 17 PEAK WIND IN M.P.H.

PRELIMINARY LOCAL CLIMATOLOGICAL DATA (WS FORM: F-6) , PAGE 2

                                          STATION:  Downtown Kansas City MO
                                          MONTH:    FEBRUARY
                                          YEAR:     2015
                                          LATITUDE:   39  7 N
                                          LONGITUDE:  94 36 W

[TEMPERATURE DATA]      [PRECIPITATION DATA]       SYMBOLS USED IN COLUMN 16

AVERAGE MONTHLY: 28.3   TOTAL FOR MONTH:   0.23    1 = FOG OR MIST
DPTR FM NORMAL:  -7.0   DPTR FM NORMAL:   -1.19    2 = FOG REDUCING VISIBILITY
HIGHEST:    67 ON  8    GRTST 24HR  0.50 ON 31- 1      TO 1/4 MILE OR LESS
LOWEST:      4 ON 27                               3 = THUNDER
                        SNOW, ICE PELLETS, HAIL    4 = ICE PELLETS
                        TOTAL MONTH:    M          5 = HAIL
                        GRTST 24HR    M  ON   M    6 = FREEZING RAIN OR DRIZZLE
                        GRTST DEPTH:  M  ON   M    7 = DUSTSTORM OR SANDSTORM:
                                                       VSBY 1/2 MILE OR LESS
                                                   8 = SMOKE OR HAZE
[NO. OF DAYS WITH]      [WEATHER - DAYS WITH]      9 = BLOWING SNOW
                                                   X = TORNADO
MAX 32 OR BELOW:  11    0.01 INCH OR MORE:   4
MAX 90 OR ABOVE:   0    0.10 INCH OR MORE:   1
MIN 32 OR BELOW:  24    0.50 INCH OR MORE:   0
MIN  0 OR BELOW:   0    1.00 INCH OR MORE:   0

[HDD (BASE 65) ]
TOTAL THIS MO.   983    CLEAR  (SCALE 0-3)  14
DPTR FM NORMAL   180    PTCLDY (SCALE 4-7)  11
TOTAL FM JUL 1  3753    CLOUDY (SCALE 8-10)  2
DPTR FM NORMAL    48

[CDD (BASE 65) ]
TOTAL THIS MO.     0
DPTR FM NORMAL     0    [PRESSURE DATA]
TOTAL FM JAN 1     0    HIGHEST SLP  0.00 ON M
DPTR FM NORMAL     0    LOWEST  SLP  0.00 ON M

[REMARKS]
