446
CXUS53 KMKX 010900
CF6MKE
PRELIMINARY LOCAL CLIMATOLOGICAL DATA (WS FORM: F-6)

                                          STATION:   MILWAUKEE WI
                                          MONTH:     APRIL
                                          YEAR:      2016
                                          LATITUDE:   42 57 N
                                          LONGITUDE:  87 54 W

  TEMPERATURE IN F:       :PCPN:    SNOW:  WIND      :SUNSHINE: SKY     :PK WND
================================================================================
1   2   3   4   5  6A  6B    7    8   9   10  11  12  13   14  15   16   17  18
                                     12Z  AVG MX 2MIN
DY MAX MIN AVG DEP HDD CDD  WTR  SNW DPTH SPD SPD DIR MIN PSBL S-S WX    SPD DR
================================================================================

 1  52  36  44   4  21   0 0.03  0.0    0  8.0 23 290   M    M   7        34 240
 2  38  27  33  -8  32   0 0.12  1.8    0 14.4 31 330   M    M   7 128    45 320
 3  70  27  49   8  16   0    T  0.0    0 15.3 31  20   M    M   7        40  20
 4  34  26  30 -12  35   0    T    T    0 12.6 26  10   M    M   9        36 350
 5  41  23  32 -10  33   0 0.03  0.0    0 11.4 26 160   M    M   6        34 140
 6  48  37  43   1  22   0 0.60  0.0    0 10.4 21 180   M    M  10 13     28 190
 7  40  34  37  -5  28   0 0.01    T    0 12.6 21 350   M    M   8 1      28 330
 8  40  24  32 -11  33   0 0.15  1.6    0 11.3 28 310   M    M   9 18     38  10
 9  33  21  27 -16  38   0 0.00  0.0    T 11.8 20 340   M    M   3        25 330
10  49  33  41  -3  24   0 0.07    T    0 13.6 25 160   M    M  10 14     32 160
11  49  35  42  -2  23   0 0.00  0.0    0 12.8 24 300   M    M   4 1      31 300
12  41  30  36  -8  29   0 0.00  0.0    0  7.9 15 130   M    M   2        18 120
13  46  36  41  -4  24   0    T  0.0    0  7.5 18 110   M    M   9 1      23 100
14  53  37  45   0  20   0 0.00  0.0    0  7.5 17 140   M    M   1        20 130
15  55  37  46   1  19   0 0.00  0.0    0  6.1 14 150   M    M   1        16 140
16  63  39  51   5  14   0 0.00  0.0    0  3.7  9 100   M    M   1        11  80
17  67  42  55   9  10   0 0.00  0.0    0  3.3  9 130   M    M   2        11 110
18  78  42  60  14   5   0 0.00  0.0    0  8.4 25  10   M    M   7        33  10
19  48  40  44  -3  21   0    T  0.0    0 12.6 24  30   M    M  10        31  30
20  57  43  50   3  15   0 0.12  0.0    0  7.0 16 110   M    M   8 1      20 130
21  66  50  58  10   7   0 0.07  0.0    0  4.9 13 140   M    M   8 18     16 140
22  56  39  48   0  17   0 0.00  0.0    0 15.7 25  10   M    M   6 12     34 360
23  50  38  44  -4  21   0 0.00  0.0    0  7.3 14  30   M    M   4        16  30
24  61  37  49   0  16   0 0.00  0.0    0  7.3 17 140   M    M   6        22 100
25  78  47  63  14   2   0 0.07  0.0    0  8.5 20 220   M    M   7 138    24 240
26  49  40  45  -4  20   0    T  0.0    0 15.1 25  20   M    M  10 1      34  20
27  48  39  44  -6  21   0 0.08  0.0    0 14.9 24  30   M    M   7        31  30
28  46  38  42  -8  23   0 0.03  0.0    0 13.2 23  80   M    M  10 1      29  80
29  47  39  43  -7  22   0 0.02  0.0    0  7.4 20  20   M    M   6 1      24  30
30  46  40  43  -8  22   0 0.40  0.0    0 13.0 22  70   M    M   9 1      26  60
================================================================================
SM 1549 1076       633   0  1.80     3.4 305.5          M      194
================================================================================
AV 51.6 35.9                              10.2 FASTST   M    M   6    MAX(MPH)
                                 MISC ---->  # 31 330               # 45  320
================================================================================
NOTES:
# LAST OF SEVERAL OCCURRENCES

COLUMN 17 PEAK WIND IN M.P.H.

PRELIMINARY LOCAL CLIMATOLOGICAL DATA (WS FORM: F-6) , PAGE 2

                                          STATION:  MILWAUKEE WI
                                          MONTH:    APRIL
                                          YEAR:     2016
                                          LATITUDE:   42 57 N
                                          LONGITUDE:  87 54 W

[TEMPERATURE DATA]      [PRECIPITATION DATA]       SYMBOLS USED IN COLUMN 16

AVERAGE MONTHLY: 43.8   TOTAL FOR MONTH:   1.80    1 = FOG OR MIST
DPTR FM NORMAL:  -1.8   DPTR FM NORMAL:   -1.76    2 = FOG REDUCING VISIBILITY
HIGHEST:    78 ON 25,18 GRTST 24HR  0.63 ON  5- 6      TO 1/4 MILE OR LESS
LOWEST:     21 ON  9                               3 = THUNDER
                        SNOW, ICE PELLETS, HAIL    4 = ICE PELLETS
                        TOTAL MONTH:   3.4 INCHES  5 = HAIL
                        GRTST 24HR   1.8 ON   M    6 = FREEZING RAIN OR DRIZZLE
                        GRTST DEPTH:   T           7 = DUSTSTORM OR SANDSTORM:
                                                       VSBY 1/2 MILE OR LESS
                                                   8 = SMOKE OR HAZE
[NO. OF DAYS WITH]      [WEATHER - DAYS WITH]      9 = BLOWING SNOW
                                                   X = TORNADO
MAX 32 OR BELOW:   0    0.01 INCH OR MORE:  14
MAX 90 OR ABOVE:   0    0.10 INCH OR MORE:   5
MIN 32 OR BELOW:   7    0.50 INCH OR MORE:   1
MIN  0 OR BELOW:   0    1.00 INCH OR MORE:   0

[HDD (BASE 65) ]
TOTAL THIS MO.   633    CLEAR  (SCALE 0-3)   6
DPTR FM NORMAL    45    PTCLDY (SCALE 4-7)  14
TOTAL FM JUL 1  5616    CLOUDY (SCALE 8-10) 10
DPTR FM NORMAL  -881

[CDD (BASE 65) ]
TOTAL THIS MO.     0
DPTR FM NORMAL    -5    [PRESSURE DATA]
TOTAL FM JAN 1     0    HIGHEST SLP 30.50 ON  5
DPTR FM NORMAL    -5    LOWEST  SLP 29.44 ON  2

[REMARKS]
#FINAL-04-16#
