763
CXUS53 KMKX 160900
CF6MKE
PRELIMINARY LOCAL CLIMATOLOGICAL DATA (WS FORM: F-6)

                                          STATION:   MILWAUKEE  WI
                                          MONTH:     OCTOBER
                                          YEAR:      2017
                                          LATITUDE:   42 57 N
                                          LONGITUDE:  87 54 W

  TEMPERATURE IN F:       :PCPN:    SNOW:  WIND      :SUNSHINE: SKY     :PK WND
================================================================================
1   2   3   4   5  6A  6B    7    8   9   10  11  12  13   14  15   16   17  18
                                     12Z  AVG MX 2MIN
DY MAX MIN AVG DEP HDD CDD  WTR  SNW DPTH SPD SPD DIR MIN PSBL S-S WX    SPD DR
================================================================================

 1  69  48  59   2   6   0 0.00  0.0    0  9.1 22 140   M    M   6        26 130
 2  78  63  71  15   0   6 0.00  0.0    0 12.7 21 160   M    M   7        28 160
 3  82  67  75  19   0  10 0.00  0.0    0 13.4 25 220   M    M   6        30 220
 4  74  54  64   8   1   0 0.01  0.0    0  8.7 22 220   M    M   5 138    26 220
 5  67  48  58   3   7   0 0.25  0.0    0  4.2 13 140   M    M   6 13     15 140
 6  68  56  62   7   3   0 0.06  0.0    0  8.4 18 170   M    M  10 12     25 170
 7  78  60  69  15   0   4 0.15  0.0    0 15.6 29 220   M    M   8 1      38 230
 8  78  56  67  13   0   2 0.00  0.0    0  8.8 21 140   M    M   1        25 140
 9  77  52  65  11   0   0 0.00  0.0    0  6.1 16  20   M    M   1        21  20
10  59  52  56   3   9   0 0.49  0.0    0 14.6 24  10   M    M   8 1      34  10
11  59  55  57   4   8   0 0.86  0.0    0 13.6 22  60   M    M  10 1      29  70
12  59  56  58   6   7   0 0.00  0.0    0  7.1 14 120   M    M  10        17 100
13  67  58  63  11   2   0 0.42  0.0    0  6.9 15 220   M    M  10 1      19 210
14  67  58  63  11   2   0 0.80  0.0    0 11.1 21 180   M    M   9 13     29 180
15  68  46  57   5   8   0 0.02  0.0    0 14.3 30 290   M    M   8 1      39 310
================================================================================
SM 1050  829        53  22  3.06     0.0 154.6          M      105
================================================================================
AV 70.0 55.3                              10.3 FASTST   M    M   7    MAX(MPH)
                                 MISC ---->  # 30 290               # 39  310
================================================================================
NOTES:
# LAST OF SEVERAL OCCURRENCES

COLUMN 17 PEAK WIND IN M.P.H.

PRELIMINARY LOCAL CLIMATOLOGICAL DATA (WS FORM: F-6) , PAGE 2

                                          STATION:  MILWAUKEE  WI
                                          MONTH:    OCTOBER
                                          YEAR:     2017
                                          LATITUDE:   42 57 N
                                          LONGITUDE:  87 54 W

[TEMPERATURE DATA]      [PRECIPITATION DATA]       SYMBOLS USED IN COLUMN 16

AVERAGE MONTHLY: 62.6   TOTAL FOR MONTH:   3.06    1 = FOG OR MIST
DPTR FM NORMAL:   8.6   DPTR FM NORMAL:    1.76    2 = FOG REDUCING VISIBILITY
HIGHEST:    82 ON  3    GRTST 24HR  0.86 ON 11-11      TO 1/4 MILE OR LESS
LOWEST:     46 ON 15                               3 = THUNDER
                        SNOW, ICE PELLETS, HAIL    4 = ICE PELLETS
                        TOTAL MONTH:   0.0 INCH    5 = HAIL
                        GRTST 24HR     0.0         6 = FREEZING RAIN OR DRIZZLE
                        GRTST DEPTH:   0           7 = DUSTSTORM OR SANDSTORM:
                                                       VSBY 1/2 MILE OR LESS
                                                   8 = SMOKE OR HAZE
[NO. OF DAYS WITH]      [WEATHER - DAYS WITH]      9 = BLOWING SNOW
                                                   X = TORNADO
MAX 32 OR BELOW:   0    0.01 INCH OR MORE:   9
MAX 90 OR ABOVE:   0    0.10 INCH OR MORE:   6
MIN 32 OR BELOW:   0    0.50 INCH OR MORE:   2
MIN  0 OR BELOW:   0    1.00 INCH OR MORE:   0

[HDD (BASE 65) ]
TOTAL THIS MO.    53    CLEAR  (SCALE 0-3)   2
DPTR FM NORMAL  -117    PTCLDY (SCALE 4-7)   7
TOTAL FM JUL 1   125    CLOUDY (SCALE 8-10)  6
DPTR FM NORMAL  -197

[CDD (BASE 65) ]
TOTAL THIS MO.    22
DPTR FM NORMAL    19    [PRESSURE DATA]
TOTAL FM JAN 1   767    HIGHEST SLP M ON M
DPTR FM NORMAL   130    LOWEST  SLP 29.43 ON  7

[REMARKS]
