000
CXUS53 KMKX 300900
CF6MKE
PRELIMINARY LOCAL CLIMATOLOGICAL DATA (WS FORM: F-6)

                                          STATION:   MILWAUKEE WI
                                          MONTH:     OCTOBER
                                          YEAR:      2014
                                          LATITUDE:   42 57 N
                                          LONGITUDE:  87 54 W

  TEMPERATURE IN F:       :PCPN:    SNOW:  WIND      :SUNSHINE: SKY     :PK WND
================================================================================
1   2   3   4   5  6A  6B    7    8   9   10  11  12  13   14  15   16   17  18
                                     12Z  AVG MX 2MIN
DY MAX MIN AVG DEP HDD CDD  WTR  SNW DPTH SPD SPD DIR MIN PSBL S-S WX    SPD DR
================================================================================

 1  64  52  58   1   7   0 0.00  0.0    0 11.4 23 140   M    M   8        27 140
 2  76  61  69  13   0   4 0.02  0.0    0  8.1 14 160   M    M  10 1      19 150
 3  66  44  55  -1  10   0 0.77  0.0    0 13.8 28 300   M    M   9 1      36 300
 4  47  39  43 -13  22   0    T  0.0    0 12.5 21 290   M    M   9        28 290
 5  55  35  45 -10  20   0    T  0.0    0 10.7 23 230   M    M   7        30 220
 6  58  46  52  -3  13   0 0.00  0.0    0  7.7 18 240   M    M   7        24 240
 7  65  47  56   2   9   0    T  0.0    0 11.3 20 240   M    M   4        25 250
 8  65  43  54   0  11   0 0.00  0.0    0  7.8 21 280   M    M   3        37 280
 9  58  40  49  -5  16   0 0.00  0.0    0  6.1 17 310   M    M   5        23 300
10  54  40  47  -6  18   0 0.00  0.0    0  5.5 14  20   M    M   5        17  30
11  60  35  48  -5  17   0 0.00  0.0    0  4.9 17 130   M    M   2        21 140
12  58  38  48  -4  17   0 0.04  0.0    0  8.5 21 130   M    M   5 1      25 150
13  66  54  60   8   5   0 1.27  0.0    0  8.3 22 160   M    M  10 1      32 150
14  64  51  58   6   7   0 0.32  0.0    0 11.9 23  10   M    M   9 1      32 350
15  56  50  53   1  12   0 0.14  0.0    0  9.8 21  20   M    M  10 12     27 360
16  57  50  54   3  11   0    T  0.0    0  5.6 13 200   M    M   7 1      15 200
17  61  47  54   3  11   0 0.02  0.0    0 12.5 23 280   M    M   6 1      33 360
18  48  35  42  -8  23   0 0.07  0.0    0  7.1 17 360   M    M   7        24 330
19  56  35  46  -4  19   0    T  0.0    0 11.3 21 200   M    M   5        27 210
20  60  48  54   4  11   0    T  0.0    0  8.6 18 330   M    M   5        22 330
21  49  40  45  -5  20   0 0.00  0.0    0  9.8 17  10   M    M   6        22  10
22  52  34  43  -6  22   0 0.00  0.0    0  5.3 14 110   M    M   2        19 100
23  58  33  46  -3  19   0 0.10  0.0    0  6.3 16 140   M    M   7 18     21 200
24  62  50  56   8   9   0    T  0.0    0  6.3 12 230   M    M   9 18     15 280
25  69  52  61  13   4   0 0.00  0.0    0 12.3 24 280   M    M   2 18     34 280
26  59  41  50   2  15   0 0.00  0.0    0  7.0 13 160   M    M   3        16 290
27  75  52  64  16   1   0 0.04  0.0    0 11.1 18 160   M    M   7 3      25 210
28  67  48  58  11   7   0    T  0.0    0 14.6 25 280   M    M   6        36 290
29  49  36  43  -4  22   0    T  0.0    0 10.1 22 280   M    M   8        28 280
================================================================================
SM 1734 1276       378   4  2.79     0.0 266.2          M      183
================================================================================
AV 59.8 44.0                               9.2 FASTST   M    M   6    MAX(MPH)
                                 MISC ---->  # 28 300                 37    M
================================================================================
NOTES:
# LAST OF SEVERAL OCCURRENCES

COLUMN 17 PEAK WIND IN M.P.H.

PRELIMINARY LOCAL CLIMATOLOGICAL DATA (WS FORM: F-6) , PAGE 2

                                          STATION:  MILWAUKEE WI
                                          MONTH:    OCTOBER
                                          YEAR:     2014
                                          LATITUDE:   42 57 N
                                          LONGITUDE:  87 54 W

[TEMPERATURE DATA]      [PRECIPITATION DATA]       SYMBOLS USED IN COLUMN 16

AVERAGE MONTHLY: 51.9   TOTAL FOR MONTH:   2.79    1 = FOG OR MIST
DPTR FM NORMAL:   0.3   DPTR FM NORMAL:    0.31    2 = FOG REDUCING VISIBILITY
HIGHEST:    76 ON  2    GRTST 24HR  1.41 ON 13-14      TO 1/4 MILE OR LESS
LOWEST:     33 ON 23                               3 = THUNDER
                        SNOW, ICE PELLETS, HAIL    4 = ICE PELLETS
                        TOTAL MONTH:   0.0 INCH    5 = HAIL
                        GRTST 24HR     0.0         6 = FREEZING RAIN OR DRIZZLE
                        GRTST DEPTH:   0           7 = DUSTSTORM OR SANDSTORM:
                                                       VSBY 1/2 MILE OR LESS
                                                   8 = SMOKE OR HAZE
[NO. OF DAYS WITH]      [WEATHER - DAYS WITH]      9 = BLOWING SNOW
                                                   X = TORNADO
MAX 32 OR BELOW:   0    0.01 INCH OR MORE:  10
MAX 90 OR ABOVE:   0    0.10 INCH OR MORE:   5
MIN 32 OR BELOW:   0    0.50 INCH OR MORE:   2
MIN  0 OR BELOW:   0    1.00 INCH OR MORE:   1

[HDD (BASE 65) ]
TOTAL THIS MO.   378    CLEAR  (SCALE 0-3)   5
DPTR FM NORMAL   -18    PTCLDY (SCALE 4-7)  16
TOTAL FM JUL 1   553    CLOUDY (SCALE 8-10)  8
DPTR FM NORMAL     5

[CDD (BASE 65) ]
TOTAL THIS MO.     4
DPTR FM NORMAL     1    [PRESSURE DATA]
TOTAL FM JAN 1   464    HIGHEST SLP M ON M
DPTR FM NORMAL  -173    LOWEST  SLP 29.44 ON M

[REMARKS]
