000
CXUS53 KMKX 280900
CF6MKE
PRELIMINARY LOCAL CLIMATOLOGICAL DATA (WS FORM: F-6)

                                          STATION:   MILWAUKEE WI
                                          MONTH:     FEBRUARY
                                          YEAR:      2015
                                          LATITUDE:   42 57 N
                                          LONGITUDE:  87 54 W

  TEMPERATURE IN F:       :PCPN:    SNOW:  WIND      :SUNSHINE: SKY     :PK WND
================================================================================
1   2   3   4   5  6A  6B    7    8   9   10  11  12  13   14  15   16   17  18
                                     12Z  AVG MX 2MIN
DY MAX MIN AVG DEP HDD CDD  WTR  SNW DPTH SPD SPD DIR MIN PSBL S-S WX    SPD DR
================================================================================

 1  29  13  21  -2  44   0 0.48 10.4    5 23.4 32  30   M    M  10 129    42  40
 2  17   7  12 -11  53   0    T  0.5   11 11.3 21 340   M    M   6 8      29 350
 3  22   5  14  -9  51   0 0.09  1.5   11  6.7 13 220   M    M   6 18     16 270
 4  20   8  14  -9  51   0    T    T   11 10.2 18 320   M    M   6 8      24 310
 5  16   1   9 -15  56   0 0.00  0.0   11 11.0 26 240   M    M   2 9      38 260
 6  28  14  21  -3  44   0 0.00  0.0   10  6.9 22 260   M    M   6 89     31 250
 7  36  19  28   4  37   0 0.00  0.0    9  2.1 10 150   M    M   7 18     12 140
 8  37  23  30   6  35   0    T    T    7 11.2 23 350   M    M  10 1268   33  10
 9  26  21  24   0  41   0    T    T    6 11.0 18  20   M    M   8 8      25  10
10  29  23  26   2  39   0    T    T    5 10.1 22 160   M    M   9        26 170
11  34  17  26   1  39   0    T    T    5 14.7 24 300   M    M   8 18     35 310
12  17   7  12 -13  53   0 0.00  0.0    5 13.1 26 340   M    M   4        35 330
13  26   3  15 -10  50   0    T    T    5 10.7 22 220   M    M   8 8      27 220
14  26   0  13 -13  52   0    T  0.2    5 19.0 33 340   M    M   5 8      45 310
15  14  -2   6 -20  59   0 0.01  0.2    5  7.9 17 330   M    M   7 8      22 330
16  18  12  15 -11  50   0 0.01  0.4    6  5.7 12 260   M    M  10 8      16 180
17  18   8  13 -13  52   0 0.02  0.4    6 11.3 20 300   M    M   8 89     26 300
18   8  -4   2 -25  63   0    T    T    6 14.9 23 310   M    M   6 8      32 290
19   5  -9  -2 -29  67   0 0.00  0.0    6 10.6 21 310   M    M   1        27 300
20  19  -6   7 -20  58   0 0.02  0.6    6 11.6 22 200   M    M   7 8      29 200
21  28  19  24  -4  41   0    T  0.1    6  5.4 17 320   M    M  10 8      22 310
22  23   1  12 -16  53   0    T    T    6 12.4 21 280   M    M   6        25 280
23  11  -5   3 -25  62   0 0.00  0.0    6 10.7 17 230   M    M   1        23 230
24  32   5  19  -9  46   0 0.01    T    6 17.8 32 220   M    M   6 8      41 230
25  20  10  15 -14  50   0 0.06  1.5    6  8.6 16 360   M    M   6 8      20  10
26  17   5  11 -18  54   0 0.11  3.7   10  9.6 17 340   M    M   6 8      22  30
27  18   0   9 -21  56   0 0.00  0.0    9  8.4 14 230   M    M   0        20 270
================================================================================
SM  594  195      1356   0  0.81    19.5 296.3          M      169
================================================================================
AV 22.0  7.2                              11.0 FASTST   M    M   6    MAX(MPH)
                                 MISC ---->  # 33 340               # 45  310
================================================================================
NOTES:
# LAST OF SEVERAL OCCURRENCES

COLUMN 17 PEAK WIND IN M.P.H.

PRELIMINARY LOCAL CLIMATOLOGICAL DATA (WS FORM: F-6) , PAGE 2

                                          STATION:  MILWAUKEE WI
                                          MONTH:    FEBRUARY
                                          YEAR:     2015
                                          LATITUDE:   42 57 N
                                          LONGITUDE:  87 54 W

[TEMPERATURE DATA]      [PRECIPITATION DATA]       SYMBOLS USED IN COLUMN 16

AVERAGE MONTHLY: 14.6   TOTAL FOR MONTH:   0.81    1 = FOG OR MIST
DPTR FM NORMAL: -11.2   DPTR FM NORMAL:   -0.78    2 = FOG REDUCING VISIBILITY
HIGHEST:    37 ON  8    GRTST 24HR  0.56 ON 31- 1      TO 1/4 MILE OR LESS
LOWEST:     -9 ON 19                               3 = THUNDER
                        SNOW, ICE PELLETS, HAIL    4 = ICE PELLETS
                        TOTAL MONTH:  19.5 INCHES  5 = HAIL
                        GRTST 24HR  10.4 ON   M    6 = FREEZING RAIN OR DRIZZLE
                        GRTST DEPTH:  11 ON  5, 4  7 = DUSTSTORM OR SANDSTORM:
                                                       VSBY 1/2 MILE OR LESS
                                                   8 = SMOKE OR HAZE
[NO. OF DAYS WITH]      [WEATHER - DAYS WITH]      9 = BLOWING SNOW
                                                   X = TORNADO
MAX 32 OR BELOW:  24    0.01 INCH OR MORE:   9
MAX 90 OR ABOVE:   0    0.10 INCH OR MORE:   2
MIN 32 OR BELOW:  27    0.50 INCH OR MORE:   0
MIN  0 OR BELOW:   7    1.00 INCH OR MORE:   0

[HDD (BASE 65) ]
TOTAL THIS MO.  1356    CLEAR  (SCALE 0-3)   4
DPTR FM NORMAL   297    PTCLDY (SCALE 4-7)  17
TOTAL FM JUL 1  5274    CLOUDY (SCALE 8-10)  6
DPTR FM NORMAL   330

[CDD (BASE 65) ]
TOTAL THIS MO.     0
DPTR FM NORMAL     0    [PRESSURE DATA]
TOTAL FM JAN 1     0    HIGHEST SLP M ON M
DPTR FM NORMAL     0    LOWEST  SLP 29.58 ON  7

[REMARKS]
