000
CXHW52 PHFO 171250
CF6MKK
PRELIMINARY LOCAL CLIMATOLOGICAL DATA (WS FORM: F-6)

                                          STATION:   MOLOKAI HI
                                          MONTH:     SEPTEMBER
                                          YEAR:      2014
                                          LATITUDE:   21  8 N
                                          LONGITUDE: 157  6 W

  TEMPERATURE IN F:       :PCPN:    SNOW:  WIND      :SUNSHINE: SKY     :PK WND
================================================================================
1   2   3   4   5  6A  6B    7    8   9   10  11  12  13   14  15   16   17  18
                                     12Z  AVG MX 2MIN
DY MAX MIN AVG DEP HDD CDD  WTR  SNW DPTH SPD SPD DIR MIN PSBL S-S WX    SPD DR
================================================================================

 1  88  68  78  -1   0  13 0.13  0.0    0  4.2 13  90   M    M   2        18 160
 2  89  69  79   1   0  14 0.11  0.0    0  5.8 17  30   M    M   2        24  40
 3  88  73  81   3   0  16 0.09  0.0    0 10.3 21  40   M    M   2        31  40
 4  86  72  79   1   0  14 0.14  0.0    0  9.2 18  10   M    M   1        26  40
 5  86  75  81   3   0  16 0.08  0.0    0  9.0 20  30   M    M   3 1      26  50
 6  87  74  81   3   0  16 0.09  0.0    0  9.1 20  50   M    M   4        28  40
 7  88  68  78   0   0  13 0.13  0.0    0  8.7 18  30   M    M   1        25 360
 8  88  72  80   2   0  15 0.07  0.0    0  9.5 22  60   M    M   1        29  30
 9  88  71  80   2   0  15 1.06  0.0    0  9.2 22  50   M    M   1        28  50
10  86  69  78   0   0  13 0.08  0.0    0  7.8 20  50   M    M   2        25  50
11  88  67  78   0   0  13 0.06  0.0    0  9.2 18  50   M    M   2        25  50
12  86  72  79   1   0  14 0.12  0.0    0  7.6 17  20   M    M   2        24  30
13  86  72  79   1   0  14 0.09  0.0    0  7.5 20  40   M    M   2        24  40
14  88  66  77  -1   0  12 0.10  0.0    0  5.5 14 340   M    M   2 1      21  10
15  87  71  79   1   0  14 0.11  0.0    0  7.1 17  30   M    M   3 1      25  40
16  86  72  79   1   0  14 0.06  0.0    0  7.3 17 360   M    M   3        26  10
================================================================================
SM 1395 1131         0 226  2.52     0.0 127.0          M       33
================================================================================
AV 87.2 70.7                               7.9 FASTST   M    M   2    MAX(MPH)
                                 MISC ---->  # 22  60               # 31   40
================================================================================
NOTES:
# LAST OF SEVERAL OCCURRENCES

COLUMN 17 PEAK WIND IN M.P.H.

PRELIMINARY LOCAL CLIMATOLOGICAL DATA (WS FORM: F-6) , PAGE 2

                                          STATION:  MOLOKAI HI
                                          MONTH:    SEPTEMBER
                                          YEAR:     2014
                                          LATITUDE:   21  8 N
                                          LONGITUDE: 157  6 W

[TEMPERATURE DATA]      [PRECIPITATION DATA]       SYMBOLS USED IN COLUMN 16

AVERAGE MONTHLY: 78.9   TOTAL FOR MONTH:   2.52    1 = FOG OR MIST
DPTR FM NORMAL:   0.9   DPTR FM NORMAL:    2.19    2 = FOG REDUCING VISIBILITY
HIGHEST:    89 ON  2    GRTST 24HR  1.06 ON  9- 9      TO 1/4 MILE OR LESS
LOWEST:     66 ON 14                               3 = THUNDER
                        SNOW, ICE PELLETS, HAIL    4 = ICE PELLETS
                        TOTAL MONTH:   0.0 INCH    5 = HAIL
                        GRTST 24HR     0.0         6 = FREEZING RAIN OR DRIZZLE
                        GRTST DEPTH:   0           7 = DUSTSTORM OR SANDSTORM:
                                                       VSBY 1/2 MILE OR LESS
                                                   8 = SMOKE OR HAZE
[NO. OF DAYS WITH]      [WEATHER - DAYS WITH]      9 = BLOWING SNOW
                                                   X = TORNADO
MAX 32 OR BELOW:   0    0.01 INCH OR MORE:  16
MAX 90 OR ABOVE:   0    0.10 INCH OR MORE:   8
MIN 32 OR BELOW:   0    0.50 INCH OR MORE:   1
MIN  0 OR BELOW:   0    1.00 INCH OR MORE:   1

[HDD (BASE 65) ]
TOTAL THIS MO.     0    CLEAR  (SCALE 0-3)  13
DPTR FM NORMAL     0    PTCLDY (SCALE 4-7)   3
TOTAL FM JUL 1     0    CLOUDY (SCALE 8-10)  0
DPTR FM NORMAL     0

[CDD (BASE 65) ]
TOTAL THIS MO.   226
DPTR FM NORMAL    11    [PRESSURE DATA]
TOTAL FM JAN 1  2552    HIGHEST SLP M ON M
DPTR FM NORMAL   160    LOWEST  SLP 29.89 ON 14

[REMARKS]
