000
CXHW52 PHFO 261250
CF6MKK
PRELIMINARY LOCAL CLIMATOLOGICAL DATA (WS FORM: F-6)

                                          STATION:   MOLOKAI HI
                                          MONTH:     DECEMBER
                                          YEAR:      2014
                                          LATITUDE:   21  8 N
                                          LONGITUDE: 157  6 W

  TEMPERATURE IN F:       :PCPN:    SNOW:  WIND      :SUNSHINE: SKY     :PK WND
================================================================================
1   2   3   4   5  6A  6B    7    8   9   10  11  12  13   14  15   16   17  18
                                     12Z  AVG MX 2MIN
DY MAX MIN AVG DEP HDD CDD  WTR  SNW DPTH SPD SPD DIR MIN PSBL S-S WX    SPD DR
================================================================================

 1  76  68  72  -1   0   7 0.04  0.0    0 11.6 21  50   M    M   7        32  40
 2  76  67  72  -1   0   7 0.02  0.0    0 11.6 22  50   M    M   3        32  30
 3  74  67  71  -2   0   6 0.03  0.0    0  8.8 16  30   M    M   7        24  40
 4  78  68  73   0   0   8 0.03  0.0    0  9.5 20  60   M    M   3        24  50
 5  81  65  73   0   0   8 0.05  0.0    0  6.3 17  30   M    M   3        23  60
 6  78  65  72  -1   0   7 0.04  0.0    0  8.8 18  30   M    M   3        25  30
 7  82  55  69  -4   0   4 0.02  0.0    0  5.9 14 140   M    M   1        25 150
 8  81  57  69  -4   0   4 0.01  0.0    0  3.2 13 170   M    M   1        16 150
 9  83  58  71  -2   0   6 0.04  0.0    0  3.1 12 160   M    M   2        16 350
10  81  57  69  -3   0   4 0.19  0.0    0  8.1 21 360   M    M   3 1      28 360
11  76  70  73   1   0   8 0.28  0.0    0 11.0 20  30   M    M   8 1      29  30
12  80  69  75   3   0  10 0.04  0.0    0  8.3 17  30   M    M   3        23  40
13  79  67  73   1   0   8 0.04  0.0    0 11.9 22  60   M    M   6        32  30
14  73  68  71  -1   0   6 0.56  0.0    0 13.8 26  60   M    M   8 1      36  40
15  77  67  72   0   0   7 0.19  0.0    0 13.5 25  60   M    M   6 1      36  60
16  78  68  73   1   0   8 0.19  0.0    0 13.5 23  50   M    M   6        31  50
17  80  64  72   0   0   7 0.07  0.0    0 11.2 22  50   M    M   3        32  40
18  78  70  74   2   0   9 0.14  0.0    0 13.2 23  50   M    M   5 1      35  50
19  82  63  73   1   0   8 0.02  0.0    0  7.6 17  50   M    M   2        25  30
20  81  64  73   1   0   8 0.04  0.0    0  5.7 15 200   M    M   2        20 210
21  82  62  72   0   0   7 0.04  0.0    0  3.5 13 160   M    M   4        16 170
22  78  62  70  -2   0   5 0.89  0.0    0 11.7 25 350   M    M   7 1      36 360
23  71  64  68  -3   0   3 1.01  0.0    0 16.0 28 350   M    M   9 1      37 360
24  77  59  68  -3   0   3 0.05  0.0    0  3.1 10 330   M    M   5        14 340
25  77  58  68  -3   0   3 0.08  0.0    0  2.3 12 210   M    M   4        16 220
================================================================================
SM 1959 1602         0 161  4.11     0.0 223.2          M      111
================================================================================
AV 78.4 64.1                               8.9 FASTST   M    M   4    MAX(MPH)
                                 MISC ---->  # 28 350               # 37  360
================================================================================
NOTES:
# LAST OF SEVERAL OCCURRENCES

COLUMN 17 PEAK WIND IN M.P.H.

PRELIMINARY LOCAL CLIMATOLOGICAL DATA (WS FORM: F-6) , PAGE 2

                                          STATION:  MOLOKAI HI
                                          MONTH:    DECEMBER
                                          YEAR:     2014
                                          LATITUDE:   21  8 N
                                          LONGITUDE: 157  6 W

[TEMPERATURE DATA]      [PRECIPITATION DATA]       SYMBOLS USED IN COLUMN 16

AVERAGE MONTHLY: 71.2   TOTAL FOR MONTH:   4.11    1 = FOG OR MIST
DPTR FM NORMAL:  -1.0   DPTR FM NORMAL:    0.73    2 = FOG REDUCING VISIBILITY
HIGHEST:    83 ON  9    GRTST 24HR  1.14 ON 22-23      TO 1/4 MILE OR LESS
LOWEST:     55 ON  7                               3 = THUNDER
                        SNOW, ICE PELLETS, HAIL    4 = ICE PELLETS
                        TOTAL MONTH:   0.0 INCH    5 = HAIL
                        GRTST 24HR     0.0         6 = FREEZING RAIN OR DRIZZLE
                        GRTST DEPTH:   0           7 = DUSTSTORM OR SANDSTORM:
                                                       VSBY 1/2 MILE OR LESS
                                                   8 = SMOKE OR HAZE
[NO. OF DAYS WITH]      [WEATHER - DAYS WITH]      9 = BLOWING SNOW
                                                   X = TORNADO
MAX 32 OR BELOW:   0    0.01 INCH OR MORE:  25
MAX 90 OR ABOVE:   0    0.10 INCH OR MORE:   8
MIN 32 OR BELOW:   0    0.50 INCH OR MORE:   3
MIN  0 OR BELOW:   0    1.00 INCH OR MORE:   1

[HDD (BASE 65) ]
TOTAL THIS MO.     0    CLEAR  (SCALE 0-3)   7
DPTR FM NORMAL     0    PTCLDY (SCALE 4-7)  17
TOTAL FM JUL 1     0    CLOUDY (SCALE 8-10)  1
DPTR FM NORMAL     0

[CDD (BASE 65) ]
TOTAL THIS MO.   161
DPTR FM NORMAL   -21    [PRESSURE DATA]
TOTAL FM JAN 1  3640    HIGHEST SLP M ON M
DPTR FM NORMAL   210    LOWEST  SLP 29.75 ON 25

[REMARKS]
