000
CXUS54 KMEG 170741
CF6MKL
PRELIMINARY LOCAL CLIMATOLOGICAL DATA (WS FORM: F-6)

                                          STATION:   JACKSON
                                          MONTH:     JANUARY
                                          YEAR:      2018
                                          LATITUDE:   35 35 N
                                          LONGITUDE:  88 55 W

  TEMPERATURE IN F:       :PCPN:    SNOW:  WIND      :SUNSHINE: SKY     :PK WND
================================================================================
1   2   3   4   5  6A  6B    7    8   9   10  11  12  13   14  15   16   17  18
                                     12Z  AVG MX 2MIN
DY MAX MIN AVG DEP HDD CDD  WTR  SNW DPTH SPD SPD DIR MIN PSBL S-S WX    SPD DR
================================================================================

 1  21   7  14 -24  51   0 0.00  0.0    0 11.5 22  10   M    M   1        27 360
 2  24   5  15 -23  50   0 0.00  0.0    0  4.8 12  40   M    M   0        15  40
 3  35  13  24 -14  41   0 0.00  0.0    0  6.5 16 300   M    M   4        22 260
 4  25  13  19 -19  46   0 0.00  0.0    0  7.6 17 360   M    M   1        20 350
 5  37  10  24 -14  41   0 0.00  0.0    0  3.2  9 250   M    M   1        11 270
 6  35  17  26 -12  39   0 0.00  0.0    0  5.6 13  60   M    M   1        15  60
 7  47  24  36  -2  29   0 0.03  0.0    0 10.0 24 170   M    M   5        36 170
 8  44  39  42   4  23   0 0.49  0.0    0  4.6 21 160   M    M   9 1      29 170
 9  50  40  45   7  20   0 0.01  0.0    0  4.8 10 100   M    M  10 1      12  90
10  62  50  56  18   9   0 0.01  0.0    0  8.6 16 160   M    M  10 1      22 140
11  65  53  59  21   6   0 1.02  0.0    0  8.8 28 340   M    M  10 1      33 330
12  56  19  38   0  27   0 0.85    M    0 17.0 30 360   M    M  10 12     37 360
13  26  17  22 -16  43   0    T    T    0 11.7 21 360   M    M   6        26  10
14  30  12  21 -17  44   0 0.00  0.0    0  3.2 12 110   M    M   4        14 110
15  40  18  29  -9  36   0 0.01    T    0  9.6 21 350   M    M   4 1      26 350
16  25   4  15 -23  50   0 0.01    M    0 10.3 21 340   M    M   6 1      26 340
================================================================================
SM  622  341       555   0  2.43    T    127.8          M       82
================================================================================
AV 38.9 21.3                               8.0 FASTST   M    M   5    MAX(MPH)
                                 MISC ---->  # 30 360               # 37  360
================================================================================
NOTES:
# LAST OF SEVERAL OCCURRENCES

COLUMN 17 PEAK WIND IN M.P.H.

PRELIMINARY LOCAL CLIMATOLOGICAL DATA (WS FORM: F-6) , PAGE 2

                                          STATION:  JACKSON
                                          MONTH:    JANUARY
                                          YEAR:     2018
                                          LATITUDE:   35 35 N
                                          LONGITUDE:  88 55 W

[TEMPERATURE DATA]      [PRECIPITATION DATA]       SYMBOLS USED IN COLUMN 16

AVERAGE MONTHLY: 30.1   TOTAL FOR MONTH:   2.43    1 = FOG OR MIST
DPTR FM NORMAL:  -7.9   DPTR FM NORMAL:    0.39    2 = FOG REDUCING VISIBILITY
HIGHEST:    65 ON 11    GRTST 24HR  1.02 ON 11-11      TO 1/4 MILE OR LESS
LOWEST:      4 ON 16                               3 = THUNDER
                        SNOW, ICE PELLETS, HAIL    4 = ICE PELLETS
                        TOTAL MONTH:    T          5 = HAIL
                        GRTST 24HR    T  ON 15-15  6 = FREEZING RAIN OR DRIZZLE
                        GRTST DEPTH:   0           7 = DUSTSTORM OR SANDSTORM:
                                                       VSBY 1/2 MILE OR LESS
                                                   8 = SMOKE OR HAZE
[NO. OF DAYS WITH]      [WEATHER - DAYS WITH]      9 = BLOWING SNOW
                                                   X = TORNADO
MAX 32 OR BELOW:   6    0.01 INCH OR MORE:   8
MAX 90 OR ABOVE:   0    0.10 INCH OR MORE:   3
MIN 32 OR BELOW:  12    0.50 INCH OR MORE:   2
MIN  0 OR BELOW:   0    1.00 INCH OR MORE:   1

[HDD (BASE 65) ]
TOTAL THIS MO.   555    CLEAR  (SCALE 0-3)   5
DPTR FM NORMAL   123    PTCLDY (SCALE 4-7)   6
TOTAL FM JUL 1  1916    CLOUDY (SCALE 8-10)  5
DPTR FM NORMAL    66

[CDD (BASE 65) ]
TOTAL THIS MO.     0
DPTR FM NORMAL     0    [PRESSURE DATA]
TOTAL FM JAN 1     0    HIGHEST SLP M ON M
DPTR FM NORMAL     0    LOWEST  SLP 29.71 ON 11

[REMARKS]
