000
CXUS52 KMLB 261232
CF6MLB
PRELIMINARY LOCAL CLIMATOLOGICAL DATA (WS FORM: F-6)

                                          STATION:   MELBOURNE
                                          MONTH:     MARCH
                                          YEAR:      2015
                                          LATITUDE:   28  6 N
                                          LONGITUDE:  80 39 W

  TEMPERATURE IN F:       :PCPN:    SNOW:  WIND      :SUNSHINE: SKY     :PK WND
================================================================================
1   2   3   4   5  6A  6B    7    8   9   10  11  12  13   14  15   16   17  18
                                     12Z  AVG MX 2MIN
DY MAX MIN AVG DEP HDD CDD  WTR  SNW DPTH SPD SPD DIR MIN PSBL S-S WX    SPD DR
================================================================================

 1  78  68  73   9   0   8    T  0.0    0  9.0 16 100   M    M   6 1      20 100
 2  77  64  71   7   0   6 0.00  0.0    0  5.3 14  50   M    M   5 12     16  40
 3  79  62  71   7   0   6 0.00  0.0    0  6.0 16 120   M    M   3 128    21 120
 4  82  65  74  10   0   9 0.00  0.0    0  9.9 22 110   M    M   3 12     27 120
 5  88  68  78  13   0  13 0.00  0.0    0  8.8 18 190   M    M   2        24 170
 6  77  58  68   3   0   3    T  0.0    0 11.3 23 350   M    M   7 18     30 350
 7  70  58  64  -1   1   0    T  0.0    0 13.5 20 360   M    M  10 1      25 350
 8  75  63  69   4   0   4 0.00  0.0    0  9.6 18  50   M    M   4        22  50
 9  78  63  71   6   0   6 0.00  0.0    0  7.7 13  80   M    M   1        17  70
10  82  69  76  11   0  11 0.00  0.0    0 11.2 22 140   M    M   2        28 130
11  83  72  78  13   0  13 0.00  0.0    0 10.4 22 130   M    M   4        28 110
12  82  67  75  10   0  10 0.00  0.0    0 10.8 21 110   M    M   4 1      26 110
13  82  74  78  12   0  13 0.00  0.0    0 14.6 24 110   M    M   5        32 120
14  86  70  78  12   0  13 0.00  0.0    0 10.6 20 130   M    M   3        25 120
15  88  68  78  12   0  13 0.00  0.0    0  7.5 16  50   M    M   4 1      20 270
16  80  64  72   6   0   7 0.00  0.0    0  7.9 13  90   M    M   1 1      17  40
17  86  63  75   9   0  10 0.00  0.0    0  6.9 17 230   M    M   2 1      27 250
18  81  64  73   7   0   8 0.00  0.0    0  8.4 13  60   M    M   0 18     18  60
19  82  69  76  10   0  11    T  0.0    0  7.8 17 100   M    M   4 1      20 120
20  84  66  75   9   0  10 0.17  0.0    0  5.0 13  60   M    M   4 128    14  60
21  81  68  75   9   0  10 0.00  0.0    0  6.6 12 100   M    M   4 128    15  70
22  88  68  78  11   0  13 0.00  0.0    0  7.5 16 220   M    M   3 128    20 240
23  77  67  72   5   0   7 0.09  0.0    0  6.9 12 350   M    M   4 1      15 240
24  77  65  71   4   0   6 0.00  0.0    0  8.6 15  30   M    M   9        19  40
25  77  61  69   2   0   4 0.00  0.0    0  6.9 16  50   M    M   4 1      20  70
================================================================================
SM 2020 1644         1 214  0.26     0.0 218.7          M       98
================================================================================
AV 80.8 65.8                               8.7 FASTST   M    M   4    MAX(MPH)
                                 MISC ---->  # 24 110               # 32  120
================================================================================
NOTES:
# LAST OF SEVERAL OCCURRENCES

COLUMN 17 PEAK WIND IN M.P.H.

PRELIMINARY LOCAL CLIMATOLOGICAL DATA (WS FORM: F-6) , PAGE 2

                                          STATION:  MELBOURNE
                                          MONTH:    MARCH
                                          YEAR:     2015
                                          LATITUDE:   28  6 N
                                          LONGITUDE:  80 39 W

[TEMPERATURE DATA]      [PRECIPITATION DATA]       SYMBOLS USED IN COLUMN 16

AVERAGE MONTHLY: 73.3   TOTAL FOR MONTH:   0.26    1 = FOG OR MIST
DPTR FM NORMAL:   7.8   DPTR FM NORMAL:   -2.42    2 = FOG REDUCING VISIBILITY
HIGHEST:    88 ON 22,15 GRTST 24HR  0.17 ON 20-20      TO 1/4 MILE OR LESS
LOWEST:     58 ON  7, 6                            3 = THUNDER
                        SNOW, ICE PELLETS, HAIL    4 = ICE PELLETS
                        TOTAL MONTH:   0.0 INCH    5 = HAIL
                        GRTST 24HR     0.0         6 = FREEZING RAIN OR DRIZZLE
                        GRTST DEPTH:   0           7 = DUSTSTORM OR SANDSTORM:
                                                       VSBY 1/2 MILE OR LESS
                                                   8 = SMOKE OR HAZE
[NO. OF DAYS WITH]      [WEATHER - DAYS WITH]      9 = BLOWING SNOW
                                                   X = TORNADO
MAX 32 OR BELOW:   0    0.01 INCH OR MORE:   2
MAX 90 OR ABOVE:   0    0.10 INCH OR MORE:   1
MIN 32 OR BELOW:   0    0.50 INCH OR MORE:   0
MIN  0 OR BELOW:   0    1.00 INCH OR MORE:   0

[HDD (BASE 65) ]
TOTAL THIS MO.     1    CLEAR  (SCALE 0-3)   9
DPTR FM NORMAL   -63    PTCLDY (SCALE 4-7)  14
TOTAL FM JUL 1   411    CLOUDY (SCALE 8-10)  2
DPTR FM NORMAL  -142

[CDD (BASE 65) ]
TOTAL THIS MO.   214
DPTR FM NORMAL   139    [PRESSURE DATA]
TOTAL FM JAN 1   312    HIGHEST SLP M ON M
DPTR FM NORMAL   139    LOWEST  SLP 29.87 ON 23

[REMARKS]
