000
CXUS54 KTSA 230840
CF6MLC
PRELIMINARY LOCAL CLIMATOLOGICAL DATA (WS FORM: F-6)

                                          STATION:   MCALESTER OKLAHOMA
                                          MONTH:     OCTOBER
                                          YEAR:      2017
                                          LATITUDE:   34 52 N
                                          LONGITUDE:  95 47 W

  TEMPERATURE IN F:       :PCPN:    SNOW:  WIND      :SUNSHINE: SKY     :PK WND
================================================================================
1   2   3   4   5  6A  6B    7    8   9   10  11  12  13   14  15   16   17  18
                                     12Z  AVG MX 2MIN
DY MAX MIN AVG DEP HDD CDD  WTR  SNW DPTH SPD SPD DIR MIN PSBL S-S WX    SPD DR
================================================================================

 1  86  59  73   5   0   8 0.00  0.0    0  4.4 12 130   M    M   1        16 140
 2  87  68  78  11   0  13 0.00  0.0    0  7.5 16 150   M    M   3 8      24 140
 3  81  73  77  10   0  12 2.09  0.0    0  6.0 13 150   M    M  10 138    21 160
 4  81  71  76   9   0  11 0.06  0.0    0  3.3 10 180   M    M   6 1      17 180
 5  86  67  77  11   0  12 0.00  0.0    0  3.7 10 230   M    M   2 1      14 180
 6  87  68  78  12   0  13 0.00  0.0    0  7.6 15 200   M    M   1        24 160
 7  84  55  70   4   0   5 0.00  0.0    0  5.4 15 220   M    M   3        24 170
 8  86  52  69   4   0   4 0.00  0.0    0  2.4 12 230   M    M   2        16 230
 9  92  62  77  12   0  12 0.23  0.0    0  5.8 22 250   M    M   3 13     29 270
10  65  47  56  -9   9   0 0.20  0.0    0  9.8 17 340   M    M   6 13     24 300
11  69  44  57  -7   8   0 0.00  0.0    0  3.5 12  20   M    M   2        16  20
12  83  51  67   3   0   2 0.00  0.0    0  4.2 14 210   M    M   1        18 210
13  89  69  79  15   0  14 0.00  0.0    0  6.7 17 200   M    M   2        24 200
14  90  72  81  17   0  16 0.00  0.0    0  8.4 20 210   M    M   1        27 190
15  81  47  64   1   1   0 0.36  0.0    0 12.5 26 350   M    M   4 1      35 330
16  72  42  57  -6   8   0 0.00  0.0    0  1.9  9  20   M    M   2        14  10
17  73  42  58  -5   7   0 0.00  0.0    0  3.9 12 210   M    M   2        17 220
18  79  46  63   1   2   0 0.00  0.0    0  4.5 14 200   M    M   2        22 210
19  79  51  65   3   0   0 0.00  0.0    0  4.6 13 210   M    M   1 8      17 200
20  81  59  70   8   0   5    T  0.0    0  7.6 18 180   M    M   3        30 150
21  83  61  72  10   0   7 2.74  0.0    0  9.2 30 290   M    M   8 13     38 270
22  70  45  58  -3   7   0 0.56    M    0  7.2 21 340   M    M   5 13     25 360
================================================================================
SM 1784 1251        42 134  6.24     0.0 130.1          M       70
================================================================================
AV 81.1 56.9                               5.9 FASTST   M    M   3    MAX(MPH)
                                 MISC ---->  # 30 290               # 38  270
================================================================================
NOTES:
# LAST OF SEVERAL OCCURRENCES

COLUMN 17 PEAK WIND IN M.P.H.

PRELIMINARY LOCAL CLIMATOLOGICAL DATA (WS FORM: F-6) , PAGE 2

                                          STATION:  MCALESTER OKLAHOMA
                                          MONTH:    OCTOBER
                                          YEAR:     2017
                                          LATITUDE:   34 52 N
                                          LONGITUDE:  95 47 W

[TEMPERATURE DATA]      [PRECIPITATION DATA]       SYMBOLS USED IN COLUMN 16

AVERAGE MONTHLY: 69.0   TOTAL FOR MONTH:   6.24    1 = FOG OR MIST
DPTR FM NORMAL:   4.6   DPTR FM NORMAL:    3.13    2 = FOG REDUCING VISIBILITY
HIGHEST:    92 ON  9    GRTST 24HR  2.74 ON 21-21      TO 1/4 MILE OR LESS
LOWEST:     42 ON 17,16                            3 = THUNDER
                        SNOW, ICE PELLETS, HAIL    4 = ICE PELLETS
                        TOTAL MONTH:   0.0 INCH    5 = HAIL
                        GRTST 24HR     0.0         6 = FREEZING RAIN OR DRIZZLE
                        GRTST DEPTH:   0           7 = DUSTSTORM OR SANDSTORM:
                                                       VSBY 1/2 MILE OR LESS
                                                   8 = SMOKE OR HAZE
[NO. OF DAYS WITH]      [WEATHER - DAYS WITH]      9 = BLOWING SNOW
                                                   X = TORNADO
MAX 32 OR BELOW:   0    0.01 INCH OR MORE:   7
MAX 90 OR ABOVE:   2    0.10 INCH OR MORE:   6
MIN 32 OR BELOW:   0    0.50 INCH OR MORE:   3
MIN  0 OR BELOW:   0    1.00 INCH OR MORE:   2

[HDD (BASE 65) ]
TOTAL THIS MO.    42    CLEAR  (SCALE 0-3)  15
DPTR FM NORMAL   -37    PTCLDY (SCALE 4-7)   5
TOTAL FM JUL 1    42    CLOUDY (SCALE 8-10)  2
DPTR FM NORMAL   -58

[CDD (BASE 65) ]
TOTAL THIS MO.   134
DPTR FM NORMAL    68    [PRESSURE DATA]
TOTAL FM JAN 1  2235    HIGHEST SLP M ON M
DPTR FM NORMAL   210    LOWEST  SLP 29.59 ON M

[REMARKS]
