000
CXUS54 KTSA 240940
CF6MLC
PRELIMINARY LOCAL CLIMATOLOGICAL DATA (WS FORM: F-6)

                                          STATION:   MCALESTER OKLAHOMA
                                          MONTH:     JANUARY
                                          YEAR:      2018
                                          LATITUDE:   34 52 N
                                          LONGITUDE:  95 47 W

  TEMPERATURE IN F:       :PCPN:    SNOW:  WIND      :SUNSHINE: SKY     :PK WND
================================================================================
1   2   3   4   5  6A  6B    7    8   9   10  11  12  13   14  15   16   17  18
                                     12Z  AVG MX 2MIN
DY MAX MIN AVG DEP HDD CDD  WTR  SNW DPTH SPD SPD DIR MIN PSBL S-S WX    SPD DR
================================================================================

 1  23   9  16 -24  49   0 0.00  0.0    0  9.1 17 360   M    M   3        23 360
 2  25   9  17 -23  48   0 0.00  0.0    0  3.1 10 360   M    M   6        12  30
 3  41  11  26 -14  39   0 0.00  0.0    0  4.6 15  10   M    M   2        20 340
 4  42  18  30 -10  35   0 0.00  0.0    0  3.0  8  10   M    M   2        12  10
 5  57  20  39  -1  26   0 0.00  0.0    0  3.1 15 220   M    M   3        19 200
 6  60  27  44   4  21   0 0.00  0.0    0  6.5 15 140   M    M   1        26 130
 7  53  47  50  10  15   0 0.37  0.0    0  9.3 20 340   M    M  10 1      27 190
 8  55  31  43   3  22   0 0.00  0.0    0  6.3 18  20   M    M   2 1      21  20
 9  46  29  38  -2  27   0 0.00  0.0    0  4.9 10 170   M    M   7 18     17 150
10  55  43  49   9  16   0 0.00  0.0    0 10.8 20 170   M    M   8        33 160
11  61  21  41   1  24   0    T    M    0 15.4 29 350   M    M   7        39 350
12  37  16  27 -13  38   0    T    M    0 13.2 22 360   M    M   2        30 360
13  35  22  29 -11  36   0 0.00  0.0    0  7.0 16 360   M    M   6        22 360
14  46  27  37  -3  28   0 0.00  0.0    0  6.5 17 210   M    M   5        23 210
15  44  17  31  -9  34   0    T    M    0 13.2 26  10   M    M   6        32  10
16  20   4  12 -28  53   0 0.00  0.0    0 10.7 22  10   M    M   1        28 350
17  33   2  18 -22  47   0 0.00  0.0    0  1.4  9 230   M    M   2        11 210
18  46  14  30 -10  35   0 0.00  0.0    0  7.3 17 210   M    M   2        22 210
19  58  30  44   4  21   0    T    M    0 11.4 24 220   M    M   3        31 220
20  68  48  58  18   7   0 0.00  0.0    0 12.7 23 180   M    M   6 1      35 190
21  71  51  61  21   4   0 0.05  0.0    0 13.1 22 200   M    M   8 13     33 190
22  55  38  47   7  18   0    T    M    0 14.6 29 260   M    M   4        40 270
23  54  25  40   0  25   0 0.00  0.0    0  5.4 15 360   M    M   2        18 290
================================================================================
SM 1085  559       668   0  0.42     0.0 192.6          M       98
================================================================================
AV 47.2 24.3                               8.4 FASTST   M    M   4    MAX(MPH)
                                 MISC ---->  # 29 350               # 40  270
================================================================================
NOTES:
# LAST OF SEVERAL OCCURRENCES

COLUMN 17 PEAK WIND IN M.P.H.

PRELIMINARY LOCAL CLIMATOLOGICAL DATA (WS FORM: F-6) , PAGE 2

                                          STATION:  MCALESTER OKLAHOMA
                                          MONTH:    JANUARY
                                          YEAR:     2018
                                          LATITUDE:   34 52 N
                                          LONGITUDE:  95 47 W

[TEMPERATURE DATA]      [PRECIPITATION DATA]       SYMBOLS USED IN COLUMN 16

AVERAGE MONTHLY: 35.7   TOTAL FOR MONTH:   0.42    1 = FOG OR MIST
DPTR FM NORMAL:  -4.3   DPTR FM NORMAL:   -1.30    2 = FOG REDUCING VISIBILITY
HIGHEST:    71 ON 21    GRTST 24HR  0.37 ON  7- 7      TO 1/4 MILE OR LESS
LOWEST:      2 ON 17                               3 = THUNDER
                        SNOW, ICE PELLETS, HAIL    4 = ICE PELLETS
                        TOTAL MONTH:   0.0 INCH    5 = HAIL
                        GRTST 24HR     0.0         6 = FREEZING RAIN OR DRIZZLE
                        GRTST DEPTH:   0           7 = DUSTSTORM OR SANDSTORM:
                                                       VSBY 1/2 MILE OR LESS
                                                   8 = SMOKE OR HAZE
[NO. OF DAYS WITH]      [WEATHER - DAYS WITH]      9 = BLOWING SNOW
                                                   X = TORNADO
MAX 32 OR BELOW:   3    0.01 INCH OR MORE:   2
MAX 90 OR ABOVE:   0    0.10 INCH OR MORE:   1
MIN 32 OR BELOW:  18    0.50 INCH OR MORE:   0
MIN  0 OR BELOW:   0    1.00 INCH OR MORE:   0

[HDD (BASE 65) ]
TOTAL THIS MO.   668    CLEAR  (SCALE 0-3)  11
DPTR FM NORMAL    93    PTCLDY (SCALE 4-7)   9
TOTAL FM JUL 1  1769    CLOUDY (SCALE 8-10)  3
DPTR FM NORMAL   -77

[CDD (BASE 65) ]
TOTAL THIS MO.     0
DPTR FM NORMAL     0    [PRESSURE DATA]
TOTAL FM JAN 1     0    HIGHEST SLP M ON M
DPTR FM NORMAL     0    LOWEST  SLP 29.57 ON 21

[REMARKS]
