000
CXUS55 KDVN 301100
CF6MLI
PRELIMINARY LOCAL CLIMATOLOGICAL DATA (WS FORM: F-6)

                                          STATION:   MOLINE IL
                                          MONTH:     APRIL
                                          YEAR:      2016
                                          LATITUDE:   41 27 N
                                          LONGITUDE:  90 31 W

  TEMPERATURE IN F:       :PCPN:    SNOW:  WIND      :SUNSHINE: SKY     :PK WND
================================================================================
1   2   3   4   5  6A  6B    7    8   9   10  11  12  13   14  15   16   17  18
                                     12Z  AVG MX 2MIN
DY MAX MIN AVG DEP HDD CDD  WTR  SNW DPTH SPD SPD DIR MIN PSBL S-S WX    SPD DR
================================================================================

 1  50  35  43  -3  22   0 0.05  0.0    0 10.3 31 300   M    M   7        42 300
 2  44  29  37  -9  28   0 0.00  0.0    0 20.9 45 310   M    M   2        58 300
 3  79  28  54   7  11   0    T  0.0    0 15.2 36 290   M    M   1        49 300
 4  52  27  40  -7  25   0    T  0.0    0  8.3 17  60   M    M   4        21  40
 5  48  24  36 -12  29   0 0.10  0.0    0 11.4 22 140   M    M   4 3      30 150
 6  55  41  48   0  17   0 0.11  0.0    0 14.5 28 310   M    M   8 3      35 300
 7  51  36  44  -4  21   0    T  0.0    0 15.0 23 300   M    M   8        29 310
 8  46  31  39 -10  26   0 0.03    T    0 17.8 36 310   M    M   7        47 310
 9  46  26  36 -13  29   0 0.00  0.0    0  9.2 23 150   M    M   2        34 160
10  57  39  48  -1  17   0 0.03  0.0    0 10.8 21 190   M    M   9 1      32 200
11  53  36  45  -5  20   0 0.00  0.0    0 14.9 28 310   M    M   0        36 320
12  56  26  41  -9  24   0 0.00  0.0    0  5.7 13 150   M    M   0        15 150
13  65  29  47  -3  18   0 0.00  0.0    0  9.1 17 150   M    M   0        23 150
14  71  35  53   2  12   0 0.00  0.0    0  9.6 21 130   M    M   1        29 100
15  79  39  59   8   6   0 0.00  0.0    0 11.2 21 120   M    M   1        26 120
16  83  44  64  12   1   0 0.00  0.0    0  9.2 22 120   M    M   1        27 130
17  83  45  64  12   1   0 0.00  0.0    0  6.8 20 170   M    M   0        25 170
18  83  46  65  13   0   0 0.00  0.0    0  6.7 17 130   M    M   0        21 130
19  69  52  61   8   4   0 0.59  0.0    0  7.7 17  60   M    M   8 1      21  70
20  69  48  59   6   6   0 0.12  0.0    0  8.7 23 150   M    M   7 128    30 150
21  68  44  56   2   9   0 0.18  0.0    0  4.2 26 200   M    M   5 123    37 200
22  65  44  55   1  10   0 0.00  0.0    0  5.0 16  50   M    M   6 1      20  30
23  69  39  54   0  11   0 0.00  0.0    0  6.6 14 140   M    M   0 1      20 110
24  81  48  65  10   0   0 0.00  0.0    0 10.3 18 170   M    M   1 1      26 210
25  83  63  73  18   0   8 0.00  0.0    0 11.8 22 220   M    M   2        30 240
26  65  47  56   1   9   0    T  0.0    0 13.0 28  70   M    M   2 8      35  70
27  52  45  49  -7  16   0 0.56  0.0    0 19.5 28  80   M    M  10 138    34  90
28  57  46  52  -4  13   0 0.01  0.0    0  6.8 24  80   M    M   8 138    27  80
29  53  45  49  -7  16   0 0.00  0.0    0  8.7 17  80   M    M  10 18     20  90
================================================================================
SM 1832 1137       401   8  1.78    T    308.9          M      114
================================================================================
AV 63.2 39.2                              10.7 FASTST   M    M   4    MAX(MPH)
                                 MISC ---->  # 45 310               # 58  300
================================================================================
NOTES:
# LAST OF SEVERAL OCCURRENCES

COLUMN 17 PEAK WIND IN M.P.H.

PRELIMINARY LOCAL CLIMATOLOGICAL DATA (WS FORM: F-6) , PAGE 2

                                          STATION:  MOLINE IL
                                          MONTH:    APRIL
                                          YEAR:     2016
                                          LATITUDE:   41 27 N
                                          LONGITUDE:  90 31 W

[TEMPERATURE DATA]      [PRECIPITATION DATA]       SYMBOLS USED IN COLUMN 16

AVERAGE MONTHLY: 51.2   TOTAL FOR MONTH:   1.78    1 = FOG OR MIST
DPTR FM NORMAL:  -0.1   DPTR FM NORMAL:   -1.67    2 = FOG REDUCING VISIBILITY
HIGHEST:    83 ON 25,18 GRTST 24HR  0.59 ON 19-19      TO 1/4 MILE OR LESS
LOWEST:     24 ON  5                               3 = THUNDER
                        SNOW, ICE PELLETS, HAIL    4 = ICE PELLETS
                        TOTAL MONTH:    T          5 = HAIL
                        GRTST 24HR    T  ON  8- 8  6 = FREEZING RAIN OR DRIZZLE
                        GRTST DEPTH:   0           7 = DUSTSTORM OR SANDSTORM:
                                                       VSBY 1/2 MILE OR LESS
                                                   8 = SMOKE OR HAZE
[NO. OF DAYS WITH]      [WEATHER - DAYS WITH]      9 = BLOWING SNOW
                                                   X = TORNADO
MAX 32 OR BELOW:   0    0.01 INCH OR MORE:  10
MAX 90 OR ABOVE:   0    0.10 INCH OR MORE:   6
MIN 32 OR BELOW:   8    0.50 INCH OR MORE:   2
MIN  0 OR BELOW:   0    1.00 INCH OR MORE:   0

[HDD (BASE 65) ]
TOTAL THIS MO.   401    CLEAR  (SCALE 0-3)  15
DPTR FM NORMAL   -11    PTCLDY (SCALE 4-7)  10
TOTAL FM JUL 1  4989    CLOUDY (SCALE 8-10)  4
DPTR FM NORMAL -1025

[CDD (BASE 65) ]
TOTAL THIS MO.     8
DPTR FM NORMAL    -5    [PRESSURE DATA]
TOTAL FM JAN 1    11    HIGHEST SLP M ON M
DPTR FM NORMAL    -3    LOWEST  SLP 29.55 ON  3

[REMARKS]
