000
CXUS55 KBYZ 241055
CF6MLS
PRELIMINARY LOCAL CLIMATOLOGICAL DATA (WS FORM: F-6)

                                          STATION:   MILES CITY MT
                                          MONTH:     SEPTEMBER
                                          YEAR:      2016
                                          LATITUDE:   46 25 N
                                          LONGITUDE: 105 53 W

  TEMPERATURE IN F:       :PCPN:    SNOW:  WIND      :SUNSHINE: SKY     :PK WND
================================================================================
1   2   3   4   5  6A  6B    7    8   9   10  11  12  13   14  15   16   17  18
                                     12Z  AVG MX 2MIN
DY MAX MIN AVG DEP HDD CDD  WTR  SNW DPTH SPD SPD DIR MIN PSBL S-S WX    SPD DR
================================================================================

 1  96  70  83  16   0  18 0.00    M    M 12.4 25 160   M    M   0 3      32 160
 2  97  68  83  16   0  18    T    M    M 10.8 44 280   M    M   0 3      54 280
 3  79  59  69   3   0   4 0.10    M    M  8.9 20 340   M    M   0 3      23 340
 4  60  55  58  -8   7   0 0.72    M    M 10.0 21  60   M    M  10 1      25  70
 5  63  49  56  -9   9   0 0.17    M    M  7.6 16 330   M    M   8 1      19 330
 6  74  44  59  -6   6   0 0.00    M    M  6.0 13 160   M    M   2 12     17 170
 7  73  50  62  -2   3   0 0.00    M    M 11.0 23 300   M    M   3        43 290
 8  77  49  63  -1   2   0 0.01    M    M  9.1 46 270   M    M   2        57 270
 9  65  47  56  -7   9   0 0.01    M    M 11.3 24 310   M    M   4 3      30 290
10  79  43  61  -2   4   0 0.00    M    M 10.3 20 270   M    M   0        24 260
11  85  48  67   5   0   2 0.00    M    M 12.8 32 360   M    M   0        39 360
12  55  46  51 -11  14   0 0.03    M    M 11.9 20 330   M    M  10        23 330
13  55  44  50 -11  15   0 0.00    M    M  9.0 16 150   M    M  10        20 150
14  72  46  59  -2   6   0    T    M    M  8.9 15 170   M    M   0        20 160
15  68  52  60   0   5   0    T    M    M  8.0 16  30   M    M   7        20  30
16  79  46  63   3   2   0    T    M    M  7.1 17 270   M    M   3        23 260
17  85  49  67   8   0   2 0.00    M    M 11.1 25 240   M    M   2        31 240
18  82  55  69  10   0   4    T    M    M 14.3 33 290   M    M   3        44 290
19  77  51  64   6   1   0    T    M    M  8.2 23 250   M    M   2 3      28 250
20  75  48  62   4   3   0 0.02    M    M 10.0 23  50   M    M   1        28  50
21  59  54  57   0   8   0 0.00    M    M 17.0 26  50   M    M  10        34  50
22  59  52  56  -1   9   0 0.30    M    M 13.9 23  90   M    M  10 1      29  90
23  59  51  55  -1  10   0 0.12    M    M  7.5 20  60   M    M   9 13     23  60
================================================================================
SM 1673 1176       113  48  1.48    M    237.1          M       96
================================================================================
AV 72.7 51.1                              10.3 FASTST   M    M   4    MAX(MPH)
                                 MISC ---->  # 46 270               # 57  270
================================================================================
NOTES:
# LAST OF SEVERAL OCCURRENCES

COLUMN 17 PEAK WIND IN M.P.H.

PRELIMINARY LOCAL CLIMATOLOGICAL DATA (WS FORM: F-6) , PAGE 2

                                          STATION:  MILES CITY MT
                                          MONTH:    SEPTEMBER
                                          YEAR:     2016
                                          LATITUDE:   46 25 N
                                          LONGITUDE: 105 53 W

[TEMPERATURE DATA]      [PRECIPITATION DATA]       SYMBOLS USED IN COLUMN 16

AVERAGE MONTHLY: 61.9   TOTAL FOR MONTH:   1.48    1 = FOG OR MIST
DPTR FM NORMAL:   0.2   DPTR FM NORMAL:    0.67    2 = FOG REDUCING VISIBILITY
HIGHEST:    97 ON  2    GRTST 24HR  0.82 ON  3- 4      TO 1/4 MILE OR LESS
LOWEST:     43 ON 10                               3 = THUNDER
                        SNOW, ICE PELLETS, HAIL    4 = ICE PELLETS
                        TOTAL MONTH:    M          5 = HAIL
                        GRTST 24HR    M  ON   M    6 = FREEZING RAIN OR DRIZZLE
                        GRTST DEPTH:  M  ON   M    7 = DUSTSTORM OR SANDSTORM:
                                                       VSBY 1/2 MILE OR LESS
                                                   8 = SMOKE OR HAZE
[NO. OF DAYS WITH]      [WEATHER - DAYS WITH]      9 = BLOWING SNOW
                                                   X = TORNADO
MAX 32 OR BELOW:   0    0.01 INCH OR MORE:   9
MAX 90 OR ABOVE:   2    0.10 INCH OR MORE:   5
MIN 32 OR BELOW:   0    0.50 INCH OR MORE:   1
MIN  0 OR BELOW:   0    1.00 INCH OR MORE:   0

[HDD (BASE 65) ]
TOTAL THIS MO.   113    CLEAR  (SCALE 0-3)  13
DPTR FM NORMAL   -13    PTCLDY (SCALE 4-7)   4
TOTAL FM JUL 1   127    CLOUDY (SCALE 8-10)  6
DPTR FM NORMAL   -33

[CDD (BASE 65) ]
TOTAL THIS MO.    48
DPTR FM NORMAL    -6    [PRESSURE DATA]
TOTAL FM JAN 1   859    HIGHEST SLP M ON M
DPTR FM NORMAL   133    LOWEST  SLP 29.60 ON  2

[REMARKS]
