000
CXUS51 KCAR 160600
CF6MLT
PRELIMINARY LOCAL CLIMATOLOGICAL DATA (WS FORM: F-6)

                                          STATION:   MILLINOCKET ME
                                          MONTH:     JANUARY
                                          YEAR:      2018
                                          LATITUDE:   45 39 N
                                          LONGITUDE:  68 41 W

  TEMPERATURE IN F:       :PCPN:    SNOW:  WIND      :SUNSHINE: SKY     :PK WND
================================================================================
1   2   3   4   5  6A  6B    7    8   9   10  11  12  13   14  15   16   17  18
                                     12Z  AVG MX 2MIN
DY MAX MIN AVG DEP HDD CDD  WTR  SNW DPTH SPD SPD DIR MIN PSBL S-S WX    SPD DR
================================================================================

 1  -1  -9  -5 -21  70   0 0.00    M    M 13.7 23 300   M    M   6        36 310
 2   5 -12  -3 -19  68   0 0.00    M    M  7.3 21 310   M    M   6 18     31 310
 3  20 -12   4 -12  61   0 0.00    M    M  1.8  7 150   M    M   2 18     11 140
 4  28  -7  11  -5  54   0    M    M    M  9.6 28 330   M    M   7 128    41 340
 5  28  -4  12  -3  53   0    T    M    M 17.2 28 330   M    M   7 189    42 290
 6  -3  -7  -5 -20  70   0    T    M    M 16.2 31 300   M    M   7 8      45 280
 7   7 -10  -1 -16  66   0    T    M    M  9.6 23 300   M    M   4 18     33 290
 8  14   3   9  -6  56   0 0.18    M    M  1.3  7 150   M    M   9 128    11 160
 9  34   8  21   7  44   0    T    M    M 10.0 26 310   M    M   6 18     44 310
10  31  12  22   8  43   0 0.00    M    M  6.3 21 300   M    M   1        31 310
11  40  28  34  20  31   0    T    M    M  3.8 10 180   M    M   9        17 240
12  51  40  46  32  19   0 1.21    M    M  6.5 13 180   M    M  10 12     23 180
13  51  11  31  17  34   0 0.86    M    M 10.6 20 340   M    M   9 1268   28  10
14  11  -5   3 -11  62   0    T    M    M  7.1 15 310   M    M   2 1      22 300
15  11  -9   1 -12  64   0    T    M    M  5.2 10 360   M    M   5 8      15  40
================================================================================
SM  327   27       795   0  2.25    M    126.2          M       90
================================================================================
AV 21.8  1.8                               8.4 FASTST   M    M   6    MAX(MPH)
                                 MISC ---->  # 31 300               # 45  280
================================================================================
NOTES:
# LAST OF SEVERAL OCCURRENCES

COLUMN 17 PEAK WIND IN M.P.H.

PRELIMINARY LOCAL CLIMATOLOGICAL DATA (WS FORM: F-6) , PAGE 2

                                          STATION:  MILLINOCKET ME
                                          MONTH:    JANUARY
                                          YEAR:     2018
                                          LATITUDE:   45 39 N
                                          LONGITUDE:  68 41 W

[TEMPERATURE DATA]      [PRECIPITATION DATA]       SYMBOLS USED IN COLUMN 16

AVERAGE MONTHLY: 11.8   TOTAL FOR MONTH:   2.25    1 = FOG OR MIST
DPTR FM NORMAL:  -2.9   DPTR FM NORMAL:    0.63    2 = FOG REDUCING VISIBILITY
HIGHEST:    51 ON 13,12 GRTST 24HR  1.21 ON 12-12      TO 1/4 MILE OR LESS
LOWEST:    -12 ON  3, 2                            3 = THUNDER
                        SNOW, ICE PELLETS, HAIL    4 = ICE PELLETS
                        TOTAL MONTH:    M          5 = HAIL
                        GRTST 24HR    M  ON   M    6 = FREEZING RAIN OR DRIZZLE
                        GRTST DEPTH:  M  ON   M    7 = DUSTSTORM OR SANDSTORM:
                                                       VSBY 1/2 MILE OR LESS
                                                   8 = SMOKE OR HAZE
[NO. OF DAYS WITH]      [WEATHER - DAYS WITH]      9 = BLOWING SNOW
                                                   X = TORNADO
MAX 32 OR BELOW:  11    0.01 INCH OR MORE:   3
MAX 90 OR ABOVE:   0    0.10 INCH OR MORE:   3
MIN 32 OR BELOW:  14    0.50 INCH OR MORE:   2
MIN  0 OR BELOW:   9    1.00 INCH OR MORE:   1

[HDD (BASE 65) ]
TOTAL THIS MO.   795    CLEAR  (SCALE 0-3)   3
DPTR FM NORMAL    41    PTCLDY (SCALE 4-7)   8
TOTAL FM JUL 1  3826    CLOUDY (SCALE 8-10)  4
DPTR FM NORMAL   -93

[CDD (BASE 65) ]
TOTAL THIS MO.     0
DPTR FM NORMAL     0    [PRESSURE DATA]
TOTAL FM JAN 1     0    HIGHEST SLP M ON M
DPTR FM NORMAL     0    LOWEST  SLP 28.59 ON  5

[REMARKS]
