000
CXUS51 KCAR 200600
CF6MLT
PRELIMINARY LOCAL CLIMATOLOGICAL DATA (WS FORM: F-6)

                                          STATION:   MILLINOCKET ME
                                          MONTH:     NOVEMBER
                                          YEAR:      2017
                                          LATITUDE:   45 39 N
                                          LONGITUDE:  68 41 W

  TEMPERATURE IN F:       :PCPN:    SNOW:  WIND      :SUNSHINE: SKY     :PK WND
================================================================================
1   2   3   4   5  6A  6B    7    8   9   10  11  12  13   14  15   16   17  18
                                     12Z  AVG MX 2MIN
DY MAX MIN AVG DEP HDD CDD  WTR  SNW DPTH SPD SPD DIR MIN PSBL S-S WX    SPD DR
================================================================================

 1  48  31  40   0  25   0    T    M    M  2.3 12 300   M    M   2        16 320
 2  55  40  48   8  17   0 0.19    M    M  4.5 12 160   M    M   9 1      19 170
 3  60  42  51  11  14   0 0.25    M    M  8.1 29 300   M    M   8 1      42 290
 4  46  32  39   0  26   0 0.00    M    M  9.0 26 290   M    M   2        39 290
 5  54  31  43   4  22   0 0.01    M    M  6.0 15 170   M    M   8 1      25 180
 6  60  39  50  12  15   0 0.28    M    M  8.1 18 300   M    M   7 1      30 310
 7  39  28  34  -4  31   0 0.00    M    M  5.8 14 310   M    M   7        19 310
 8  39  21  30  -8  35   0 0.00    M    M  1.0  9  60   M    M   0        11  90
 9  41  17  29  -8  36   0 0.00    M    M  2.5  9 170   M    M   3 12     16 180
10  42  19  31  -6  34   0 0.12    M    M 13.9 29 300   M    M   8 1      45 300
11  34  19  27 -10  38   0 0.00    M    M 15.8 29 310   M    M   0        46 310
12  33  17  25 -11  40   0 0.00    M    M  1.4  9 150   M    M   5        13 150
13  37  13  25 -11  40   0 0.00    M    M  0.3  6 150   M    M   4         7 140
14  36  28  32  -3  33   0 0.00    M    M  6.3 14 360   M    M  10        19  30
15  36  23  30  -5  35   0 0.00    M    M  3.0  9  90   M    M   4 1      12  90
16  38  29  34  -1  31   0 0.25    M    0  1.4  7 320   M    M  10 1       9 310
17  39  24  32  -2  33   0 0.03    M    M 14.2 28 300   M    M   7 1      41 310
18  36  22  29  -5  36   0    T    M    M  4.2 15 290   M    M   4 18     23 270
19  54  30  42   9  23   0 0.76    M    M  8.7 25 290   M    M  10 12     37 300
================================================================================
SM  827  505       564   0  1.89    M    116.5          M      108
================================================================================
AV 43.5 26.6                               6.1 FASTST   M    M   6    MAX(MPH)
                                 MISC ---->  # 29 300               # 46  310
================================================================================
NOTES:
# LAST OF SEVERAL OCCURRENCES

COLUMN 17 PEAK WIND IN M.P.H.

PRELIMINARY LOCAL CLIMATOLOGICAL DATA (WS FORM: F-6) , PAGE 2

                                          STATION:  MILLINOCKET ME
                                          MONTH:    NOVEMBER
                                          YEAR:     2017
                                          LATITUDE:   45 39 N
                                          LONGITUDE:  68 41 W

[TEMPERATURE DATA]      [PRECIPITATION DATA]       SYMBOLS USED IN COLUMN 16

AVERAGE MONTHLY: 35.1   TOTAL FOR MONTH:   1.89    1 = FOG OR MIST
DPTR FM NORMAL:  -1.8   DPTR FM NORMAL:   -0.73    2 = FOG REDUCING VISIBILITY
HIGHEST:    60 ON  6, 3 GRTST 24HR  0.76 ON 19-19      TO 1/4 MILE OR LESS
LOWEST:     13 ON 13                               3 = THUNDER
                        SNOW, ICE PELLETS, HAIL    4 = ICE PELLETS
                        TOTAL MONTH:    M          5 = HAIL
                        GRTST 24HR    M  ON   M    6 = FREEZING RAIN OR DRIZZLE
                        GRTST DEPTH:   0           7 = DUSTSTORM OR SANDSTORM:
                                                       VSBY 1/2 MILE OR LESS
                                                   8 = SMOKE OR HAZE
[NO. OF DAYS WITH]      [WEATHER - DAYS WITH]      9 = BLOWING SNOW
                                                   X = TORNADO
MAX 32 OR BELOW:   0    0.01 INCH OR MORE:   8
MAX 90 OR ABOVE:   0    0.10 INCH OR MORE:   6
MIN 32 OR BELOW:  16    0.50 INCH OR MORE:   1
MIN  0 OR BELOW:   0    1.00 INCH OR MORE:   0

[HDD (BASE 65) ]
TOTAL THIS MO.   564    CLEAR  (SCALE 0-3)   4
DPTR FM NORMAL    29    PTCLDY (SCALE 4-7)  10
TOTAL FM JUL 1  1150    CLOUDY (SCALE 8-10)  5
DPTR FM NORMAL  -319

[CDD (BASE 65) ]
TOTAL THIS MO.     0
DPTR FM NORMAL     0    [PRESSURE DATA]
TOTAL FM JAN 1   263    HIGHEST SLP M ON M
DPTR FM NORMAL    -5    LOWEST  SLP 28.92 ON 19

[REMARKS]
