000
CXUS55 KBOU 211443
CF6MNH
PRELIMINARY LOCAL CLIMATOLOGICAL DATA (WS FORM: F-6)

                                          STATION:   ELBERT 6W CO
                                          MONTH:     OCTOBER
                                          YEAR:      2014
                                          LATITUDE:   39 13 N
                                          LONGITUDE: 104 38 W

  TEMPERATURE IN F:       :PCPN:    SNOW:  WIND      :SUNSHINE: SKY     :PK WND
================================================================================
1   2   3   4   5  6A  6B    7    8   9   10  11  12  13   14  15   16   17  18
                                     12Z  AVG MX 2MIN
DY MAX MIN AVG DEP HDD CDD  WTR  SNW DPTH SPD SPD DIR MIN PSBL S-S WX    SPD DR
================================================================================

 1  63  36  50   M  15   0    M    M    M 11.0 18 310   M    M   5 13     29 180
 2  55  32  44   M  21   0    M    M    M  7.8 13 330   M    M   1        17 310
 3  54  27  41   M  24   0    M    M    M  8.2 21  40   M    M   3        27  40
 4  68  34  51   M  14   0    M    M    M  5.9 10 350   M    M   0        10 350
 5  64  36  50   M  15   0    M    M    M  7.7 22 350   M    M   0        25 350
 6  72  39  56   M   9   0    M    M    M  8.0 16 310   M    M   0        22 310
 7  72  37  55   M  10   0    M    M    M  9.1 16 150   M    M   0        21 150
 8  70  43  57   M   8   0    M    M    M  6.5 14 160   M    M   0         M  M
 9  50  43  47   M  18   0    M    M    M  6.7 13 100   M    M   8        16  40
10  46  37  42   M  23   0    M    M    M  7.2 15 200   M    M  10        20 200
11  64  36  50   M  15   0    M    M    M  8.0 13 190   M    M   1        17 190
12  55  32  44   M  21   0    M    M    M 14.1 30 360   M    M   7 3      37 350
13  48  30  39   M  26   0    M    M    M  8.9 14 340   M    M   2        23 360
14  64  32  48   M  17   0    M    M    M  6.6 12 190   M    M   0         M  M
15  75  39  57   M   8   0    M    M    M 11.6 17 230   M    M   0        23 230
16  68  34  51   M  14   0    M    M    M  9.4 20 160   M    M   0        22 160
17  61  32  47   M  18   0    M    M    M  7.8 15 180   M    M   0         M  M
18  63  34  49   M  16   0    M    M    M 10.3 13 190   M    M   0        16 210
19  64  39  52   M  13   0    M    M    M  6.4  9 180   M    M   1         M  M
20  64  37  51   M  14   0    M    M    M 15.0 22 170   M    M   0        30 170
================================================================================
SM 1240  709       319   0    M     M    176.2          M       38
================================================================================
AV 62.0 35.5                               8.8 FASTST   M    M   2    MAX(MPH)
                                 MISC ---->    30   M                 37    M
================================================================================
NOTES:
# LAST OF SEVERAL OCCURRENCES

COLUMN 17 PEAK WIND IN M.P.H.

PRELIMINARY LOCAL CLIMATOLOGICAL DATA (WS FORM: F-6) , PAGE 2

                                          STATION:  ELBERT 6W CO
                                          MONTH:    OCTOBER
                                          YEAR:     2014
                                          LATITUDE:   39 13 N
                                          LONGITUDE: 104 38 W

[TEMPERATURE DATA]      [PRECIPITATION DATA]       SYMBOLS USED IN COLUMN 16

AVERAGE MONTHLY: 48.7   TOTAL FOR MONTH:      M    1 = FOG OR MIST
DPTR FM NORMAL:     M   DPTR FM NORMAL:       M    2 = FOG REDUCING VISIBILITY
HIGHEST:    75 ON 15    GRTST 24HR    M  ON   M        TO 1/4 MILE OR LESS
LOWEST:     27 ON  3                               3 = THUNDER
                        SNOW, ICE PELLETS, HAIL    4 = ICE PELLETS
                        TOTAL MONTH:    M          5 = HAIL
                        GRTST 24HR    M  ON   M    6 = FREEZING RAIN OR DRIZZLE
                        GRTST DEPTH:  M  ON   M    7 = DUSTSTORM OR SANDSTORM:
                                                       VSBY 1/2 MILE OR LESS
                                                   8 = SMOKE OR HAZE
[NO. OF DAYS WITH]      [WEATHER - DAYS WITH]      9 = BLOWING SNOW
                                                   X = TORNADO
MAX 32 OR BELOW:   0    0.01 INCH OR MORE:   0
MAX 90 OR ABOVE:   0    0.10 INCH OR MORE:   0
MIN 32 OR BELOW:   6    0.50 INCH OR MORE:   0
MIN  0 OR BELOW:   0    1.00 INCH OR MORE:   0

[HDD (BASE 65) ]
TOTAL THIS MO.   319    CLEAR  (SCALE 0-3)  16
DPTR FM NORMAL     M    PTCLDY (SCALE 4-7)   3
TOTAL FM JUL 1   646    CLOUDY (SCALE 8-10)  1
DPTR FM NORMAL     M

[CDD (BASE 65) ]
TOTAL THIS MO.     0
DPTR FM NORMAL     M    [PRESSURE DATA]
TOTAL FM JAN 1   148    HIGHEST SLP M ON M
DPTR FM NORMAL     M    LOWEST  SLP M ON M

[REMARKS]
