000
CXUS54 KMOB 221442
CF6MOB
PRELIMINARY LOCAL CLIMATOLOGICAL DATA (WS FORM: F-6)

                                          STATION:   MOBILE
                                          MONTH:     JANUARY
                                          YEAR:      2018
                                          LATITUDE:   30 40 N
                                          LONGITUDE:  88 15 W

  TEMPERATURE IN F:       :PCPN:    SNOW:  WIND      :SUNSHINE: SKY     :PK WND
================================================================================
1   2   3   4   5  6A  6B    7    8   9   10  11  12  13   14  15   16   17  18
                                     12Z  AVG MX 2MIN
DY MAX MIN AVG DEP HDD CDD  WTR  SNW DPTH SPD SPD DIR MIN PSBL S-S WX    SPD DR
================================================================================

 1  36  23  30 -20  35   0 0.00  0.0    0 16.3 25 350   M    M   5        32 360
 2  41  19  30 -20  35   0    T  0.0    0  9.9 17  10   M    M   5        24  10
 3  45  31  38 -12  27   0 0.00  0.0    0  8.3 17 340   M    M   6        23  10
 4  46  25  36 -14  29   0 0.00  0.0    0  7.1 15 340   M    M   1        20 350
 5  51  26  39 -11  26   0 0.00  0.0    0  3.5 10  50   M    M   3        14  30
 6  58  26  42  -8  23   0 0.00  0.0    0  4.3 13  60   M    M   2        21  60
 7  58  35  47  -3  18   0 0.03  0.0    0 11.3 20 120   M    M   6        25 120
 8  61  35  48  -2  17   0 1.89  0.0    0 11.1 25 110   M    M  10 2      35 100
 9  64  55  60  10   5   0    T  0.0    0  8.4 14  60   M    M   9 1      17  70
10  70  56  63  13   2   0    T  0.0    0 10.3 17 110   M    M   8 18     21 100
11  71  63  67  17   0   2 0.04  0.0    0 11.5 23 130   M    M   9 18     32 130
12  64  32  48  -2  17   0 0.10  0.0    0 11.2 25 220   M    M   9 18     33 210
13  39  29  34 -16  31   0 0.00  0.0    0 14.2 23 350   M    M   4        32 340
14  51  25  38 -12  27   0 0.00  0.0    0  7.0 15  10   M    M   0        20  20
15  59  27  43  -7  22   0 0.00  0.0    0  3.3  9 140   M    M   1        12 180
16  49  26  38 -12  27   0 0.02    T    0 10.8 24 350   M    M   8 16     32 340
17  35  17  26 -24  39   0 0.06  0.1    T 14.6 24 350   M    M   3 1      32  10
18  46  17  32 -18  33   0 0.00  0.0    0  5.7 14  10   M    M   0        18 350
19  60  23  42  -8  23   0 0.00  0.0    0  1.5  8 160   M    M   3        10 120
20  67  34  51   1  14   0 0.00  0.0    0  6.2 16 130   M    M   4        20 120
21  71  42  57   7   8   0 0.00  0.0    0  7.8 18 160   M    M   0 1      23 140
================================================================================
SM 1142  666       458   2  2.14     0.1 184.3          M       96
================================================================================
AV 54.4 31.7                               8.8 FASTST   M    M   5    MAX(MPH)
                                 MISC ---->  # 25 350               # 35  100
================================================================================
NOTES:
# LAST OF SEVERAL OCCURRENCES

COLUMN 17 PEAK WIND IN M.P.H.

PRELIMINARY LOCAL CLIMATOLOGICAL DATA (WS FORM: F-6) , PAGE 2

                                          STATION:  MOBILE
                                          MONTH:    JANUARY
                                          YEAR:     2018
                                          LATITUDE:   30 40 N
                                          LONGITUDE:  88 15 W

[TEMPERATURE DATA]      [PRECIPITATION DATA]       SYMBOLS USED IN COLUMN 16

AVERAGE MONTHLY: 43.1   TOTAL FOR MONTH:   2.14    1 = FOG OR MIST
DPTR FM NORMAL:  -7.0   DPTR FM NORMAL:   -1.66    2 = FOG REDUCING VISIBILITY
HIGHEST:    71 ON 21,11 GRTST 24HR  1.89 ON  8- 8      TO 1/4 MILE OR LESS
LOWEST:     17 ON 18,17                            3 = THUNDER
                        SNOW, ICE PELLETS, HAIL    4 = ICE PELLETS
                        TOTAL MONTH:   0.1 INCH    5 = HAIL
                        GRTST 24HR   0.1 ON 17-17  6 = FREEZING RAIN OR DRIZZLE
                        GRTST DEPTH:   T           7 = DUSTSTORM OR SANDSTORM:
                                                       VSBY 1/2 MILE OR LESS
                                                   8 = SMOKE OR HAZE
[NO. OF DAYS WITH]      [WEATHER - DAYS WITH]      9 = BLOWING SNOW
                                                   X = TORNADO
MAX 32 OR BELOW:   0    0.01 INCH OR MORE:   6
MAX 90 OR ABOVE:   0    0.10 INCH OR MORE:   2
MIN 32 OR BELOW:  14    0.50 INCH OR MORE:   1
MIN  0 OR BELOW:   0    1.00 INCH OR MORE:   1

[HDD (BASE 65) ]
TOTAL THIS MO.   458    CLEAR  (SCALE 0-3)   8
DPTR FM NORMAL   143    PTCLDY (SCALE 4-7)   9
TOTAL FM JUL 1  1058    CLOUDY (SCALE 8-10)  4
DPTR FM NORMAL    81

[CDD (BASE 65) ]
TOTAL THIS MO.     2
DPTR FM NORMAL     2    [PRESSURE DATA]
TOTAL FM JAN 1     2    HIGHEST SLP M ON M
DPTR FM NORMAL     2    LOWEST  SLP 29.71 ON 12

[REMARKS]
