000
CXUS56 KSTO 301355
CF6MOD
PRELIMINARY LOCAL CLIMATOLOGICAL DATA (WS FORM: F-6)

                                          STATION:   MODESTO CA
                                          MONTH:     JULY
                                          YEAR:      2016
                                          LATITUDE:   37 37 N
                                          LONGITUDE: 120 57 W

  TEMPERATURE IN F:       :PCPN:    SNOW:  WIND      :SUNSHINE: SKY     :PK WND
================================================================================
1   2   3   4   5  6A  6B    7    8   9   10  11  12  13   14  15   16   17  18
                                     12Z  AVG MX 2MIN
DY MAX MIN AVG DEP HDD CDD  WTR  SNW DPTH SPD SPD DIR MIN PSBL S-S WX    SPD DR
================================================================================

 1 103  67  85   7   0  20 0.00  0.0    0  5.0 16 330   M    M   0        21 320
 2  98  68  83   5   0  18 0.00  0.0    0  8.6 16 330   M    M   0        21 330
 3  97  64  81   3   0  16 0.00  0.0    0  9.5 15 320   M    M   0        25 300
 4  96  62  79   1   0  14 0.00  0.0    0  9.0 16 330   M    M   0        22 340
 5  91  62  77  -1   0  12 0.00  0.0    0  8.7 16 350   M    M   0        22 340
 6  91  60  76  -3   0  11 0.00  0.0    0  9.2 20 290   M    M   0        27 290
 7  91  60  76  -3   0  11 0.00  0.0    0  9.2 17 320   M    M   0        22 300
 8  93  60  77  -2   0  12 0.00  0.0    0 10.4 20 300   M    M   0        25 290
 9  90  62  76  -3   0  11 0.00  0.0    0 12.5 24 320   M    M   0 8      30 300
10  87  56  72  -7   0   7 0.00  0.0    0 11.7 21 310   M    M   0        27 310
11  93  62  78  -1   0  13 0.00  0.0    0  8.4 17 330   M    M   0        31 310
12  94  61  78  -1   0  13 0.00  0.0    0  6.5 16 300   M    M   0        22 280
13 100  63  82   3   0  17 0.00  0.0    0  7.4 15 320   M    M   0        24 290
14 104  63  84   5   0  19 0.00  0.0    0  5.3 13 310   M    M   0        24 300
15 100  66  83   4   0  18 0.00  0.0    0  7.5 15 320   M    M   0 8      19 320
16  95  64  80   1   0  15 0.00  0.0    0  6.9 13 320   M    M   0        18  10
17  95  62  79  -1   0  14 0.00  0.0    0  7.5 20 300   M    M   0        24 310
18  89  59  74  -6   0   9 0.00  0.0    0  9.5 20 290   M    M   0        28 330
19  91  61  76  -4   0  11 0.00  0.0    0  9.5 21 300   M    M   0        26  80
20  94  62  78  -2   0  13 0.00  0.0    0  8.6 16 310   M    M   0        22 310
21  94  65  80   0   0  15 0.00  0.0    0 10.7 18 330   M    M   0        23 320
22  97  62  80   0   0  15 0.00  0.0    0  9.6 17 330   M    M   0        25 300
23 103  65  84   4   0  19 0.00  0.0    0  8.0 20 330   M    M   0        27  20
24 106  65  86   6   0  21 0.00  0.0    0  3.6 14 300   M    M   0        30  70
25 102  68  85   5   0  20 0.00  0.0    0  7.2 14 320   M    M   0        28 360
26 106  68  87   8   0  22 0.00  0.0    0  6.5 13 330   M    M   0        18 300
27 107  69  88   9   0  23 0.00  0.0    0  5.8 16 320   M    M   0        20 340
28 106  75  91  12   0  26 0.00  0.0    0  7.3 14 320   M    M   0        20 300
29 107  73  90  11   0  25 0.00  0.0    0  7.3 15 320   M    M   0        24 280
================================================================================
SM 2820 1854         0 460  0.00     0.0 236.9          M        0
================================================================================
AV 97.2 63.9                               8.2 FASTST   M    M   0    MAX(MPH)
                                 MISC ---->  # 24 320               # 31  310
================================================================================
NOTES:
# LAST OF SEVERAL OCCURRENCES

COLUMN 17 PEAK WIND IN M.P.H.

PRELIMINARY LOCAL CLIMATOLOGICAL DATA (WS FORM: F-6) , PAGE 2

                                          STATION:  MODESTO CA
                                          MONTH:    JULY
                                          YEAR:     2016
                                          LATITUDE:   37 37 N
                                          LONGITUDE: 120 57 W

[TEMPERATURE DATA]      [PRECIPITATION DATA]       SYMBOLS USED IN COLUMN 16

AVERAGE MONTHLY: 80.6   TOTAL FOR MONTH:   0.00    1 = FOG OR MIST
DPTR FM NORMAL:   1.4   DPTR FM NORMAL:    0.00    2 = FOG REDUCING VISIBILITY
HIGHEST:   107 ON 29,27 GRTST 24HR    T  ON  5- 6      TO 1/4 MILE OR LESS
LOWEST:     56 ON 10                               3 = THUNDER
                        SNOW, ICE PELLETS, HAIL    4 = ICE PELLETS
                        TOTAL MONTH:   0.0 INCH    5 = HAIL
                        GRTST 24HR     0.0         6 = FREEZING RAIN OR DRIZZLE
                        GRTST DEPTH:   0           7 = DUSTSTORM OR SANDSTORM:
                                                       VSBY 1/2 MILE OR LESS
                                                   8 = SMOKE OR HAZE
[NO. OF DAYS WITH]      [WEATHER - DAYS WITH]      9 = BLOWING SNOW
                                                   X = TORNADO
MAX 32 OR BELOW:   0    0.01 INCH OR MORE:   0
MAX 90 OR ABOVE:  27    0.10 INCH OR MORE:   0
MIN 32 OR BELOW:   0    0.50 INCH OR MORE:   0
MIN  0 OR BELOW:   0    1.00 INCH OR MORE:   0

[HDD (BASE 65) ]
TOTAL THIS MO.     0    CLEAR  (SCALE 0-3)  29
DPTR FM NORMAL     0    PTCLDY (SCALE 4-7)   0
TOTAL FM JUL 1     0    CLOUDY (SCALE 8-10)  0
DPTR FM NORMAL     0

[CDD (BASE 65) ]
TOTAL THIS MO.   460
DPTR FM NORMAL    54    [PRESSURE DATA]
TOTAL FM JAN 1  1137    HIGHEST SLP M ON M
DPTR FM NORMAL   233    LOWEST  SLP 29.68 ON 29

[REMARKS]
