000
CXUS53 KBIS 230740
CF6MOT
PRELIMINARY LOCAL CLIMATOLOGICAL DATA (WS FORM: F-6)

                                          STATION:   MINOT ND
                                          MONTH:     MARCH
                                          YEAR:      2017
                                          LATITUDE:   48 15 N
                                          LONGITUDE: 101 16 W

  TEMPERATURE IN F:       :PCPN:    SNOW:  WIND      :SUNSHINE: SKY     :PK WND
================================================================================
1   2   3   4   5  6A  6B    7    8   9   10  11  12  13   14  15   16   17  18
                                     12Z  AVG MX 2MIN
DY MAX MIN AVG DEP HDD CDD  WTR  SNW DPTH SPD SPD DIR MIN PSBL S-S WX    SPD DR
================================================================================

 1  22   7  15  -7  50   0 0.01    M    M  6.0 17 290   M    M   6 18     19 290
 2  19   1  10 -12  55   0    T    M    M  4.1  9  20   M    M   7 128    10  10
 3  33   3  18  -4  47   0    T    M    M  9.1 24 150   M    M   4 18     35 130
 4  46  24  35  12  30   0 0.00    M    M  8.3 18 150   M    M   0        26 170
 5  53  31  42  19  23   0 0.00    M    M  8.3 17 130   M    M   1        22 120
 6  37  16  27   3  38   0 0.18    M    M 22.5 46 280   M    M   8 1289   56 290
 7  21  12  17  -7  48   0    T    M    M 35.7 49 280   M    M   9 129    62 280
 8  20   9  15  -9  50   0    T    M    M 18.5 45 280   M    M   7 18     56 280
 9  13  -5   4 -21  61   0    T    M    M 11.7 17 320   M    M   7 8      22 350
10   5  -8  -1 -26  66   0    T    M    M 10.4 17  80   M    M   6        21  90
11   7   0   4 -22  61   0    T    M    M  9.5 14 100   M    M  10        17  60
12  10  -2   4 -22  61   0    T    M    M 13.8 23  80   M    M   9 1      28  90
13  14  -9   3 -24  62   0 0.00    M    M  7.8 18 130   M    M   4 1      21 130
14  24  12  18  -9  47   0    T    M    M 14.0 23 160   M    M   8        26 160
15  35  19  27  -1  38   0 0.00    M    M  9.7 16 130   M    M   4        21 160
16  44  29  37   9  28   0 0.10    M    M  8.1 24 270   M    M   5 1      31 270
17  39  26  33   5  32   0    T    M    M 20.1 32 290   M    M   4 1      40 300
18  43  22  33   4  32   0 0.00    M    M 11.3 25 130   M    M   2        31 130
19  53  34  44  14  21   0 0.00    M    M 14.6 24 270   M    M   1        33 160
20  50  21  36   6  29   0 0.00    M    M 13.9 28 310   M    M   5        34 310
21  24  12  18 -12  47   0 0.00    M    M 10.8 18 110   M    M   1        22 120
22  42  19  31   0  34   0 0.00    M    M 16.0 24 150   M    M   6        33 160
================================================================================
SM  654  273       960   0  0.29    M    284.2          M      114
================================================================================
AV 29.7 12.4                              12.9 FASTST   M    M   5    MAX(MPH)
                                 MISC ---->  # 49 280               # 62  280
================================================================================
NOTES:
# LAST OF SEVERAL OCCURRENCES

COLUMN 17 PEAK WIND IN M.P.H.

PRELIMINARY LOCAL CLIMATOLOGICAL DATA (WS FORM: F-6) , PAGE 2

                                          STATION:  MINOT ND
                                          MONTH:    MARCH
                                          YEAR:     2017
                                          LATITUDE:   48 15 N
                                          LONGITUDE: 101 16 W

[TEMPERATURE DATA]      [PRECIPITATION DATA]       SYMBOLS USED IN COLUMN 16

AVERAGE MONTHLY: 21.1   TOTAL FOR MONTH:   0.29    1 = FOG OR MIST
DPTR FM NORMAL:  -5.0   DPTR FM NORMAL:   -0.25    2 = FOG REDUCING VISIBILITY
HIGHEST:    53 ON 19, 5 GRTST 24HR  0.18 ON  6- 6      TO 1/4 MILE OR LESS
LOWEST:     -9 ON 13                               3 = THUNDER
                        SNOW, ICE PELLETS, HAIL    4 = ICE PELLETS
                        TOTAL MONTH:    M          5 = HAIL
                        GRTST 24HR    M  ON   M    6 = FREEZING RAIN OR DRIZZLE
                        GRTST DEPTH:  M  ON   M    7 = DUSTSTORM OR SANDSTORM:
                                                       VSBY 1/2 MILE OR LESS
                                                   8 = SMOKE OR HAZE
[NO. OF DAYS WITH]      [WEATHER - DAYS WITH]      9 = BLOWING SNOW
                                                   X = TORNADO
MAX 32 OR BELOW:  11    0.01 INCH OR MORE:   3
MAX 90 OR ABOVE:   0    0.10 INCH OR MORE:   2
MIN 32 OR BELOW:  21    0.50 INCH OR MORE:   0
MIN  0 OR BELOW:   5    1.00 INCH OR MORE:   0

[HDD (BASE 65) ]
TOTAL THIS MO.   960    CLEAR  (SCALE 0-3)   5
DPTR FM NORMAL   106    PTCLDY (SCALE 4-7)  13
TOTAL FM JUL 1  6896    CLOUDY (SCALE 8-10)  4
DPTR FM NORMAL  -534

[CDD (BASE 65) ]
TOTAL THIS MO.     0
DPTR FM NORMAL     0    [PRESSURE DATA]
TOTAL FM JAN 1     0    HIGHEST SLP M ON M
DPTR FM NORMAL     0    LOWEST  SLP 29.11 ON  6

[REMARKS]
