000
CXUS51 KBTV 270700
CF6MPV
PRELIMINARY LOCAL CLIMATOLOGICAL DATA (WS FORM: F-6)

                                          STATION:   MONTPELIER VT
                                          MONTH:     JUNE
                                          YEAR:      2017
                                          LATITUDE:   44 12 N
                                          LONGITUDE:  72 34 W

  TEMPERATURE IN F:       :PCPN:    SNOW:  WIND      :SUNSHINE: SKY     :PK WND
================================================================================
1   2   3   4   5  6A  6B    7    8   9   10  11  12  13   14  15   16   17  18
                                     12Z  AVG MX 2MIN
DY MAX MIN AVG DEP HDD CDD  WTR  SNW DPTH SPD SPD DIR MIN PSBL S-S WX    SPD DR
================================================================================

 1  68  47  58  -1   7   0    T    M    0  7.4 20 270   M    M   6 1      30 270
 2  58  41  50  -9  15   0 0.05    M    0  6.1 17 340   M    M   8 1      24 290
 3  55  44  50  -9  15   0 0.01    M    0  7.8 17 300   M    M  10 1      26 300
 4  68  40  54  -6  11   0 0.22    M    0  1.9 13 230   M    M   6 12     18 220
 5  56  52  54  -6  11   0 0.07  0.0    0  6.9 20 160   M    M  10 1      26 140
 6  53  46  50 -10  15   0 1.43    M    0  3.7 12 120   M    M  10 1      16 120
 7  73  44  59  -1   6   0 0.00  0.0    0  3.1 13 350   M    M   3 12     17  30
 8  80  44  62   1   3   0 0.00  0.0    0  2.3 14 170   M    M   2 12     18 170
 9  71  52  62   1   3   0 0.03  0.0    0  5.1 17 290   M    M   5 3      26 300
10  79  47  63   2   2   0 0.00  0.0    0  5.1 14 170   M    M   2 12     19 270
11  88  61  75  13   0  10 0.00  0.0    0  8.1 20 240   M    M   2        30 250
12  88  62  75  13   0  10 0.00  0.0    0  5.8 15 270   M    M   2        26 310
13  81  56  69   7   0   4    T  0.0    0  6.1 15 320   M    M   3        22 310
14  68  44  56  -6   9   0 0.00  0.0    0  4.4 14 350   M    M   0        20 300
15  77  40  59  -4   6   0    T    M    0  4.7 18 160   M    M   2 1      24 160
16  62  52  57  -6   8   0 1.20  0.0    0  9.6 18 170   M    M  10 1      25 170
17  80  57  69   6   0   4 0.00  0.0    0  7.9 14 190   M    M   6        21 170
18  84  67  76  12   0  11 0.00  0.0    0 10.6 16 170   M    M   5 3      25 170
19  83  65  74  10   0   9 0.41  0.0    0  6.1 17 200   M    M   5 13     24 200
20  73  61  67   3   0   2 0.46  0.0    0  7.7 17 260   M    M   4 18     27 270
21  71  53  62  -2   3   0    T  0.0    0  7.4 16 290   M    M   5        25 270
22  74  50  62  -3   3   0 0.00  0.0    0  4.1 12 260   M    M   4        18 260
23  82  59  71   6   0   6 1.25  0.0    0  4.7 16 170   M    M   7 1      23 200
24  77  62  70   5   0   5 0.79  0.0    0  6.8 17 290   M    M   5 1      26 310
25  73  51  62  -3   3   0 0.07  0.0    0  4.4 16 220   M    M   4 1      22 230
26  68  49  59  -6   6   0 0.00  0.0    0  4.6 14 290   M    M   4 8      20 260
================================================================================
SM 1890 1346       126  61  5.99     0.0 152.4          M      130
================================================================================
AV 72.7 51.8                               5.9 FASTST   M    M   5    MAX(MPH)
                                 MISC ---->  # 20 270               # 30  270
================================================================================
NOTES:
# LAST OF SEVERAL OCCURRENCES

COLUMN 17 PEAK WIND IN M.P.H.

PRELIMINARY LOCAL CLIMATOLOGICAL DATA (WS FORM: F-6) , PAGE 2

                                          STATION:  MONTPELIER VT
                                          MONTH:    JUNE
                                          YEAR:     2017
                                          LATITUDE:   44 12 N
                                          LONGITUDE:  72 34 W

[TEMPERATURE DATA]      [PRECIPITATION DATA]       SYMBOLS USED IN COLUMN 16

AVERAGE MONTHLY: 62.2   TOTAL FOR MONTH:   5.99    1 = FOG OR MIST
DPTR FM NORMAL:  -0.0   DPTR FM NORMAL:    2.68    2 = FOG REDUCING VISIBILITY
HIGHEST:    88 ON 12,11 GRTST 24HR  1.43 ON  6- 6      TO 1/4 MILE OR LESS
LOWEST:     40 ON 15, 4                            3 = THUNDER
                        SNOW, ICE PELLETS, HAIL    4 = ICE PELLETS
                        TOTAL MONTH:   0.0 INCH    5 = HAIL
                        GRTST 24HR     0.0         6 = FREEZING RAIN OR DRIZZLE
                        GRTST DEPTH:   0           7 = DUSTSTORM OR SANDSTORM:
                                                       VSBY 1/2 MILE OR LESS
                                                   8 = SMOKE OR HAZE
[NO. OF DAYS WITH]      [WEATHER - DAYS WITH]      9 = BLOWING SNOW
                                                   X = TORNADO
MAX 32 OR BELOW:   0    0.01 INCH OR MORE:  12
MAX 90 OR ABOVE:   0    0.10 INCH OR MORE:   7
MIN 32 OR BELOW:   0    0.50 INCH OR MORE:   4
MIN  0 OR BELOW:   0    1.00 INCH OR MORE:   3

[HDD (BASE 65) ]
TOTAL THIS MO.   126    CLEAR  (SCALE 0-3)   7
DPTR FM NORMAL    14    PTCLDY (SCALE 4-7)  15
TOTAL FM JUL 1  7585    CLOUDY (SCALE 8-10)  4
DPTR FM NORMAL  -587

[CDD (BASE 65) ]
TOTAL THIS MO.    61
DPTR FM NORMAL    19    [PRESSURE DATA]
TOTAL FM JAN 1    78    HIGHEST SLP M ON M
DPTR FM NORMAL    26    LOWEST  SLP 29.48 ON 24

[REMARKS]
