000
CXUS51 KBTV 230700
CF6MPV
PRELIMINARY LOCAL CLIMATOLOGICAL DATA (WS FORM: F-6)

                                          STATION:   MONTPELIER VT
                                          MONTH:     FEBRUARY
                                          YEAR:      2018
                                          LATITUDE:   44 12 N
                                          LONGITUDE:  72 34 W

  TEMPERATURE IN F:       :PCPN:    SNOW:  WIND      :SUNSHINE: SKY     :PK WND
================================================================================
1   2   3   4   5  6A  6B    7    8   9   10  11  12  13   14  15   16   17  18
                                     12Z  AVG MX 2MIN
DY MAX MIN AVG DEP HDD CDD  WTR  SNW DPTH SPD SPD DIR MIN PSBL S-S WX    SPD DR
================================================================================

 1  34  25  30  13  35   0 0.01    M    0  9.3 17 180   M    M   7 1      22 230
 2  31   0  16  -1  49   0 0.04    M    0 12.6 27 320   M    M   7 19     38 310
 3  18  -7   6 -12  59   0 0.00  0.0    0  6.4 16 320   M    M   6        20 240
 4  30  17  24   6  41   0 0.25    M    0  8.0 20 170   M    M  10 1      26 170
 5  32   0  16  -2  49   0 0.02    M    0  9.1 28 310   M    M   5 1      37 310
 6  24   1  13  -5  52   0 0.01    M    0  3.7 14 180   M    M   9 18     18 190
 7  20   3  12  -6  53   0 0.75    M    0  1.8 20 320   M    M   8 12     28 340
 8  18   2  10  -8  55   0    T    M    0  5.7 21 310   M    M   7 18     31 320
 9  22   4  13  -6  52   0 0.01    M    0  5.9 14 200   M    M   8 18     19 260
10  37  19  28   9  37   0 0.15    M    0  2.7 13 180   M    M  10 126    15 170
11  37  25  31  12  34   0 0.02    M    0  4.8 17 170   M    M   9 126    24 160
12  41  17  29  10  36   0 0.01    M    0 14.3 25 300   M    M   5 1      36 300
13  26   1  14  -5  51   0 0.00  0.0    0  5.5 14 310   M    M   1        19 310
14  40  20  30  10  35   0 0.00  0.0    0  8.2 20 160   M    M   6        23 160
15  51  20  36  16  29   0 0.00  0.0    0  5.0 18 280   M    M   4 1      28 230
16  50  19  35  15  30   0 0.05    M    0  7.1 21 300   M    M   9 1      30 300
17  30   6  18  -2  47   0 0.02    M    0  7.3 23 180   M    M   2 18     31 160
18  32  20  26   6  39   0 0.09    M    0  4.8 20 320   M    M   9 18     29 310
19  41  21  31  10  34   0 0.02    M    0  9.0 18 170   M    M   4 1      23 180
20  56  35  46  25  19   0 0.06    M    0  5.1 18 170   M    M  10 12     22 160
21  70  31  51  30  14   0 0.02    M    0 10.3 23 300   M    M   4 1      33 300
22  32  20  26   4  39   0 0.00  0.0    0  3.1 13 320   M    M   5        17 310
================================================================================
SM  772  299       889   0  1.53     0.0 149.7          M      145
================================================================================
AV 35.1 13.6                               6.8 FASTST   M    M   7    MAX(MPH)
                                 MISC ---->  # 28 310               # 38  310
================================================================================
NOTES:
# LAST OF SEVERAL OCCURRENCES

COLUMN 17 PEAK WIND IN M.P.H.

PRELIMINARY LOCAL CLIMATOLOGICAL DATA (WS FORM: F-6) , PAGE 2

                                          STATION:  MONTPELIER VT
                                          MONTH:    FEBRUARY
                                          YEAR:     2018
                                          LATITUDE:   44 12 N
                                          LONGITUDE:  72 34 W

[TEMPERATURE DATA]      [PRECIPITATION DATA]       SYMBOLS USED IN COLUMN 16

AVERAGE MONTHLY: 24.3   TOTAL FOR MONTH:   1.53    1 = FOG OR MIST
DPTR FM NORMAL:   5.2   DPTR FM NORMAL:   -0.08    2 = FOG REDUCING VISIBILITY
HIGHEST:    70 ON 21    GRTST 24HR  0.75 ON  7- 7      TO 1/4 MILE OR LESS
LOWEST:     -7 ON  3                               3 = THUNDER
                        SNOW, ICE PELLETS, HAIL    4 = ICE PELLETS
                        TOTAL MONTH:   0.0 INCH    5 = HAIL
                        GRTST 24HR     0.0         6 = FREEZING RAIN OR DRIZZLE
                        GRTST DEPTH:   0           7 = DUSTSTORM OR SANDSTORM:
                                                       VSBY 1/2 MILE OR LESS
                                                   8 = SMOKE OR HAZE
[NO. OF DAYS WITH]      [WEATHER - DAYS WITH]      9 = BLOWING SNOW
                                                   X = TORNADO
MAX 32 OR BELOW:  12    0.01 INCH OR MORE:  16
MAX 90 OR ABOVE:   0    0.10 INCH OR MORE:   3
MIN 32 OR BELOW:  21    0.50 INCH OR MORE:   1
MIN  0 OR BELOW:   3    1.00 INCH OR MORE:   0

[HDD (BASE 65) ]
TOTAL THIS MO.   889    CLEAR  (SCALE 0-3)   2
DPTR FM NORMAL  -118    PTCLDY (SCALE 4-7)  12
TOTAL FM JUL 1  5471    CLOUDY (SCALE 8-10)  8
DPTR FM NORMAL  -181

[CDD (BASE 65) ]
TOTAL THIS MO.     0
DPTR FM NORMAL     0    [PRESSURE DATA]
TOTAL FM JAN 1     0    HIGHEST SLP M ON M
DPTR FM NORMAL     0    LOWEST  SLP 29.59 ON 16

[REMARKS]
