000
CXUS53 KMPX 260700
CF6MPX
PRELIMINARY LOCAL CLIMATOLOGICAL DATA (WS FORM: F-6)

                                          STATION:   CHANHASSEN MN
                                          MONTH:     OCTOBER
                                          YEAR:      2014
                                          LATITUDE:   44 50 N
                                          LONGITUDE:  93 34 W

  TEMPERATURE IN F:       :PCPN:    SNOW:  WIND      :SUNSHINE: SKY     :PK WND
================================================================================
1   2   3   4   5  6A  6B    7    8   9   10  11  12  13   14  15   16   17  18
                                     12Z  AVG MX 2MIN
DY MAX MIN AVG DEP HDD CDD  WTR  SNW DPTH SPD SPD DIR MIN PSBL S-S WX    SPD DR
================================================================================

 1  57  49  53  -1  12   0 0.28  0.0    0   M   M   M   M    M   M         M  M
 2  60  48  54   1  11   0 0.69  0.0    0   M   M   M   M    M   M         M  M
 3  50  37  44  -9  21   0 0.01    T    0   M   M   M   M    M   M         M  M
 4  48  35  42 -11  23   0    T    T    0   M   M   M   M    M   M         M  M
 5  47  33  40 -12  25   0 0.00  0.0    0   M   M   M   M    M   M         M  M
 6  61  34  48  -4  17   0 0.00  0.0    0   M   M   M   M    M   M         M  M
 7  58  43  51   0  14   0 0.00  0.0    0   M   M   M   M    M   M         M  M
 8  58  39  49  -2  16   0 0.00  0.0    0   M   M   M   M    M   M         M  M
 9  52  32  42  -9  23   0 0.00  0.0    0   M   M   M   M    M   M         M  M
10  51  31  41  -9  24   0 0.00  0.0    0   M   M   M   M    M   M         M  M
11  57  28  43  -7  22   0 0.00  0.0    0   M   M   M   M    M   M         M  M
12  61  42  52   2  13   0    T  0.0    0   M   M   M   M    M   M         M  M
13  54  49  52   3  13   0 0.05  0.0    0   M   M   M   M    M   M         M  M
14  63  46  55   6  10   0 0.00  0.0    0   M   M   M   M    M   M         M  M
15  63  37  50   2  15   0 0.00  0.0    0   M   M   M   M    M   M         M  M
16  70  36  53   5  12   0 0.00  0.0    0   M   M   M   M    M   M         M  M
17  56  46  51   3  14   0 0.00  0.0    0   M   M   M   M    M   M         M  M
18  53  35  44  -3  21   0 0.00  0.0    0   M   M   M   M    M   M         M  M
19  69  34  52   5  13   0 0.00  0.0    0   M   M   M   M    M   M         M  M
20  62  41  52   6  13   0 0.00  0.0    0   M   M   M   M    M   M         M  M
21  58  36  47   1  18   0 0.00  0.0    0   M   M   M   M    M   M         M  M
22  61  40  51   5  14   0    T  0.0    0   M   M   M   M    M   M         M  M
23  68  44  56  11   9   0 0.03  0.0    0   M   M   M   M    M   M         M  M
24  68  43  56  11   9   0 0.00  0.0    0   M   M   M   M    M   M         M  M
25  62  37  50   6  15   0 0.00  0.0    0   M   M   M   M    M   M         M  M
================================================================================
SM 1467  975       397   0  1.06    T        M          M        M
================================================================================
AV 58.7 39.0                                 M FASTST   M    M   3    MAX(MPH)
                                 MISC ---->     M   M                  M    M
================================================================================
NOTES:
# LAST OF SEVERAL OCCURRENCES

COLUMN 17 PEAK WIND IN M.P.H.

PRELIMINARY LOCAL CLIMATOLOGICAL DATA (WS FORM: F-6) , PAGE 2

                                          STATION:  CHANHASSEN MN
                                          MONTH:    OCTOBER
                                          YEAR:     2014
                                          LATITUDE:   44 50 N
                                          LONGITUDE:  93 34 W

[TEMPERATURE DATA]      [PRECIPITATION DATA]       SYMBOLS USED IN COLUMN 16

AVERAGE MONTHLY: 48.8   TOTAL FOR MONTH:   1.06    1 = FOG OR MIST
DPTR FM NORMAL:  -0.3   DPTR FM NORMAL:   -1.07    2 = FOG REDUCING VISIBILITY
HIGHEST:    70 ON 16    GRTST 24HR  0.69 ON  2- 2      TO 1/4 MILE OR LESS
LOWEST:     28 ON 11                               3 = THUNDER
                        SNOW, ICE PELLETS, HAIL    4 = ICE PELLETS
                        TOTAL MONTH:    T          5 = HAIL
                        GRTST 24HR    T  ON  4- 4  6 = FREEZING RAIN OR DRIZZLE
                        GRTST DEPTH:   0           7 = DUSTSTORM OR SANDSTORM:
                                                       VSBY 1/2 MILE OR LESS
                                                   8 = SMOKE OR HAZE
[NO. OF DAYS WITH]      [WEATHER - DAYS WITH]      9 = BLOWING SNOW
                                                   X = TORNADO
MAX 32 OR BELOW:   0    0.01 INCH OR MORE:   5
MAX 90 OR ABOVE:   0    0.10 INCH OR MORE:   2
MIN 32 OR BELOW:   3    0.50 INCH OR MORE:   1
MIN  0 OR BELOW:   0    1.00 INCH OR MORE:   0

[HDD (BASE 65) ]
TOTAL THIS MO.   397    CLEAR  (SCALE 0-3)   0
DPTR FM NORMAL    -5    PTCLDY (SCALE 4-7)   0
TOTAL FM JUL 1   580    CLOUDY (SCALE 8-10)  0
DPTR FM NORMAL   -21

[CDD (BASE 65) ]
TOTAL THIS MO.     0
DPTR FM NORMAL     0    [PRESSURE DATA]
TOTAL FM JAN 1   514    HIGHEST SLP M ON M
DPTR FM NORMAL   -86    LOWEST  SLP M ON M

[REMARKS]
