000
CXUS54 KHUN 231015
CF6MSL
PRELIMINARY LOCAL CLIMATOLOGICAL DATA (WS FORM: F-6)

                                          STATION:   MUSCLE SHOALS
                                          MONTH:     JUNE
                                          YEAR:      2017
                                          LATITUDE:   34 45 N
                                          LONGITUDE:  87 37 W

  TEMPERATURE IN F:       :PCPN:    SNOW:  WIND      :SUNSHINE: SKY     :PK WND
================================================================================
1   2   3   4   5  6A  6B    7    8   9   10  11  12  13   14  15   16   17  18
                                     12Z  AVG MX 2MIN
DY MAX MIN AVG DEP HDD CDD  WTR  SNW DPTH SPD SPD DIR MIN PSBL S-S WX    SPD DR
================================================================================

 1  85  62  74   0   0   9 0.00  0.0    0  1.0  7 330   M    M   0         9  90
 2  83  67  75   1   0  10 0.00  0.0    0  2.4 10 260   M    M   2 13     16 100
 3  89  65  77   3   0  12 0.01  0.0    0  4.0 25 190   M    M   5 13     38 190
 4  89  68  79   4   0  14 0.03  0.0    0  5.3 17 250   M    M   6 3      22 230
 5  81  72  77   2   0  12 0.02  0.0    0  4.6 13 230   M    M   5        18 230
 6  85  69  77   2   0  12 0.00  0.0    0  4.4 12  50   M    M   5 1      18  60
 7  85  63  74  -1   0   9 0.00  0.0    0  6.9 17  50   M    M   1        24  40
 8  84  58  71  -5   0   6 0.00  0.0    0  5.1 12 310   M    M   1        16 320
 9  85  53  69  -7   0   4 0.00  0.0    0  1.2  9 280   M    M   0 1      13 320
10  91  58  75  -1   0  10 0.00  0.0    0  4.3 16 240   M    M   2 1      22 220
11  92  64  78   2   0  13 0.00  0.0    0  6.2 13 190   M    M   1        19 180
12  93  69  81   5   0  16 0.00  0.0    0  5.6 13 200   M    M   1        16 200
13  91  68  80   3   0  15 0.00  0.0    0  3.6 12 190   M    M   2 8      17 210
14  92  67  80   3   0  15    T  0.0    0  2.2 12 290   M    M   2        13 290
15  89  67  78   1   0  13 0.32  0.0    0  4.9 24 320   M    M   2 13     34 330
16  90  62  76  -1   0  11 0.00  0.0    0  2.1  9 100   M    M   3 1      13 110
17  92  64  78   0   0  13 0.00  0.0    0  4.3 14 190   M    M   0 1      18 190
18  91  70  81   3   0  16 0.18  0.0    0  7.5 20 300   M    M   3 13     26 310
19  86  68  77  -1   0  12 0.08  0.0    0  2.6  9 340   M    M   4        12 350
20  89  64  77  -1   0  12 0.00  0.0    0  2.9 10  80   M    M   1 1      14  80
21  87  68  78   0   0  13 0.09  0.0    0  7.4 17 150   M    M   5 1      21 140
22  83  73  78   0   0  13 0.21  0.0    0 11.6 18 170   M    M   9        26 180
================================================================================
SM 1932 1439         0 260  0.94     0.0 100.1          M       60
================================================================================
AV 87.8 65.4                               4.5 FASTST   M    M   3    MAX(MPH)
                                 MISC ---->  # 25 190               # 38  190
================================================================================
NOTES:
# LAST OF SEVERAL OCCURRENCES

COLUMN 17 PEAK WIND IN M.P.H.

PRELIMINARY LOCAL CLIMATOLOGICAL DATA (WS FORM: F-6) , PAGE 2

                                          STATION:  MUSCLE SHOALS
                                          MONTH:    JUNE
                                          YEAR:     2017
                                          LATITUDE:   34 45 N
                                          LONGITUDE:  87 37 W

[TEMPERATURE DATA]      [PRECIPITATION DATA]       SYMBOLS USED IN COLUMN 16

AVERAGE MONTHLY: 76.6   TOTAL FOR MONTH:   0.94    1 = FOG OR MIST
DPTR FM NORMAL:   0.3   DPTR FM NORMAL:   -2.60    2 = FOG REDUCING VISIBILITY
HIGHEST:    93 ON 12    GRTST 24HR  0.32 ON 15-15      TO 1/4 MILE OR LESS
LOWEST:     53 ON  9                               3 = THUNDER
                        SNOW, ICE PELLETS, HAIL    4 = ICE PELLETS
                        TOTAL MONTH:   0.0 INCH    5 = HAIL
                        GRTST 24HR     0.0         6 = FREEZING RAIN OR DRIZZLE
                        GRTST DEPTH:   0           7 = DUSTSTORM OR SANDSTORM:
                                                       VSBY 1/2 MILE OR LESS
                                                   8 = SMOKE OR HAZE
[NO. OF DAYS WITH]      [WEATHER - DAYS WITH]      9 = BLOWING SNOW
                                                   X = TORNADO
MAX 32 OR BELOW:   0    0.01 INCH OR MORE:   8
MAX 90 OR ABOVE:   8    0.10 INCH OR MORE:   3
MIN 32 OR BELOW:   0    0.50 INCH OR MORE:   0
MIN  0 OR BELOW:   0    1.00 INCH OR MORE:   0

[HDD (BASE 65) ]
TOTAL THIS MO.     0    CLEAR  (SCALE 0-3)  15
DPTR FM NORMAL     0    PTCLDY (SCALE 4-7)   6
TOTAL FM JUL 1  2094    CLOUDY (SCALE 8-10)  1
DPTR FM NORMAL -1009

[CDD (BASE 65) ]
TOTAL THIS MO.   260
DPTR FM NORMAL    10    [PRESSURE DATA]
TOTAL FM JAN 1   589    HIGHEST SLP M ON M
DPTR FM NORMAL    95    LOWEST  SLP 29.74 ON  5

[REMARKS]
