000
CXUS55 KMSO 280319
CF6MSO
PRELIMINARY LOCAL CLIMATOLOGICAL DATA (WS FORM: F-6)

                                          STATION:   MISSOULA MT
                                          MONTH:     APRIL
                                          YEAR:      2017
                                          LATITUDE:   46 55 N
                                          LONGITUDE: 114  5 W

  TEMPERATURE IN F:       :PCPN:    SNOW:  WIND      :SUNSHINE: SKY     :PK WND
================================================================================
1   2   3   4   5  6A  6B    7    8   9   10  11  12  13   14  15   16   17  18
                                     12Z  AVG MX 2MIN
DY MAX MIN AVG DEP HDD CDD  WTR  SNW DPTH SPD SPD DIR MIN PSBL S-S WX    SPD DR
================================================================================

 1  57  30  44   1  21   0 0.01  0.0    0  3.5 20 270   M    M   4        25 270
 2  51  34  43   0  22   0    T    T    0  8.5 30 280   M    M   8        35 250
 3  43  29  36  -7  29   0 0.08  0.8    0  4.9 24 320   M    M   8 12     31 320
 4  53  26  40  -4  25   0 0.00  0.0    0  2.5  9 120   M    M   3        12 160
 5  61  32  47   3  18   0 0.00  0.0    0  3.7 17 120   M    M   6 8      20 120
 6  64  36  50   6  15   0    T  0.0    0  6.0 23 320   M    M   6 18     29 320
 7  64  34  49   5  16   0 0.07  0.0    0  8.4 37 310   M    M   5 18     50 310
 8  49  32  41  -3  24   0 0.22  0.0    0  5.9 21 290   M    M   9 1      24 230
 9  47  28  38  -6  27   0 0.05  0.1    T  7.0 20 270   M    M   5 1      25 280
10  49  23  36  -8  29   0 0.01    T    0  3.7 21 290   M    M   5        32 290
11  56  24  40  -5  25   0    T    M    0  3.4 13  20   M    M   3 8      17  30
12  56  43  50   5  15   0    T  0.0    0  6.8 17 110   M    M  10        21 100
13  51  39  45   0  20   0 0.28  0.0    0  7.2 23 130   M    M   8 1      27 120
14  49  34  42  -3  23   0    T  0.0    0  7.0 25 310   M    M   9        31 310
15  50  30  40  -5  25   0 0.01    T    0  6.7 25 290   M    M   9 1      32 280
16  59  25  42  -4  23   0 0.00  0.0    0  5.0 13 120   M    M   2        22 100
17  53  42  48   2  17   0 0.07  0.0    0  5.2 24 260   M    M   8 1      28 270
18  58  35  47   1  18   0 0.01  0.0    0  4.8 28 310   M    M   7        35 320
19  62  33  48   2  17   0    T  0.0    0  3.6 13 330   M    M   2        19 330
20  51  31  41  -5  24   0 0.08  0.0    0  3.5 22 220   M    M   7 1      27 220
21  56  36  46  -1  19   0 0.00  0.0    0  5.8 18 310   M    M   7        24 310
22  65  30  48   1  17   0 0.00  0.0    0  7.1 23 160   M    M   2        29 140
23  58  42  50   3  15   0 0.12  0.0    0  9.2 20 320   M    M   8 1      26 320
24  55  40  48   1  17   0 0.17  0.0    0  4.5 24 280   M    M   8 1      29 280
25  54  36  45  -3  20   0    T  0.0    0  4.9 22 320   M    M   8 1      27 330
26  52  40  46  -2  19   0 0.16  0.0    0  4.3 20 320   M    M  10 1      25 320
================================================================================
SM 1423  864       540   0  1.34     0.9 143.1          M      167
================================================================================
AV 54.7 33.2                               5.5 FASTST   M    M   6    MAX(MPH)
                                 MISC ---->  # 37 310               # 50  310
================================================================================
NOTES:
# LAST OF SEVERAL OCCURRENCES

COLUMN 17 PEAK WIND IN M.P.H.

PRELIMINARY LOCAL CLIMATOLOGICAL DATA (WS FORM: F-6) , PAGE 2

                                          STATION:  MISSOULA MT
                                          MONTH:    APRIL
                                          YEAR:     2017
                                          LATITUDE:   46 55 N
                                          LONGITUDE: 114  5 W

[TEMPERATURE DATA]      [PRECIPITATION DATA]       SYMBOLS USED IN COLUMN 16

AVERAGE MONTHLY: 44.0   TOTAL FOR MONTH:   1.34    1 = FOG OR MIST
DPTR FM NORMAL:  -1.2   DPTR FM NORMAL:    0.28    2 = FOG REDUCING VISIBILITY
HIGHEST:    65 ON 22    GRTST 24HR  0.28 ON 13-13      TO 1/4 MILE OR LESS
LOWEST:     23 ON 10                               3 = THUNDER
                        SNOW, ICE PELLETS, HAIL    4 = ICE PELLETS
                        TOTAL MONTH:   0.9 INCH    5 = HAIL
                        GRTST 24HR   0.8 ON   M    6 = FREEZING RAIN OR DRIZZLE
                        GRTST DEPTH:   T           7 = DUSTSTORM OR SANDSTORM:
                                                       VSBY 1/2 MILE OR LESS
                                                   8 = SMOKE OR HAZE
[NO. OF DAYS WITH]      [WEATHER - DAYS WITH]      9 = BLOWING SNOW
                                                   X = TORNADO
MAX 32 OR BELOW:   0    0.01 INCH OR MORE:  14
MAX 90 OR ABOVE:   0    0.10 INCH OR MORE:   5
MIN 32 OR BELOW:  12    0.50 INCH OR MORE:   0
MIN  0 OR BELOW:   0    1.00 INCH OR MORE:   0

[HDD (BASE 65) ]
TOTAL THIS MO.   540    CLEAR  (SCALE 0-3)   4
DPTR FM NORMAL    25    PTCLDY (SCALE 4-7)  14
TOTAL FM JUL 1  7073    CLOUDY (SCALE 8-10)  8
DPTR FM NORMAL   375

[CDD (BASE 65) ]
TOTAL THIS MO.     0
DPTR FM NORMAL     0    [PRESSURE DATA]
TOTAL FM JAN 1     0    HIGHEST SLP M ON M
DPTR FM NORMAL     0    LOWEST  SLP 29.50 ON  7

[REMARKS]
