000
CXUS51 KBTV 260700
CF6MSS
PRELIMINARY LOCAL CLIMATOLOGICAL DATA (WS FORM: F-6)

                                          STATION:   MASSENA NY
                                          MONTH:     AUGUST
                                          YEAR:      2016
                                          LATITUDE:   44 55 N
                                          LONGITUDE:  74 51 W

  TEMPERATURE IN F:       :PCPN:    SNOW:  WIND      :SUNSHINE: SKY     :PK WND
================================================================================
1   2   3   4   5  6A  6B    7    8   9   10  11  12  13   14  15   16   17  18
                                     12Z  AVG MX 2MIN
DY MAX MIN AVG DEP HDD CDD  WTR  SNW DPTH SPD SPD DIR MIN PSBL S-S WX    SPD DR
================================================================================

 1  82  60  71   2   0   6 0.00  0.0    0  7.3 17  60   M    M   1        23  40
 2  84  56  70   2   0   5 0.00  0.0    0  5.8 16  40   M    M   1 12     20  40
 3  87  54  71   3   0   6 0.00  0.0    0  3.5 10 190   M    M   2 1      13 190
 4  91  61  76   8   0  11 0.00  0.0    0  5.7 16 220   M    M   1        20 220
 5  92  67  80  12   0  15 0.08  0.0    0 11.5 25 210   M    M   2 13     33 210
 6  83  62  73   5   0   8 0.00  0.0    0  7.0 20 290   M    M   3        25 290
 7  83  55  69   1   0   4 0.01  0.0    0  7.3 23 300   M    M   4        31 300
 8  86  51  69   1   0   4 0.00  0.0    0  6.5 18 280   M    M   1 1      24 280
 9  90  52  71   3   0   6 0.00  0.0    0  2.5 14 210   M    M   0 1      18 220
10  90  67  79  11   0  14    T  0.0    0  8.2 18 200   M    M   2        24 210
11  93  71  82  14   0  17    T  0.0    0  5.3 14 270   M    M   1        20 290
12  79  65  72   5   0   7 0.25  0.0    0  9.5 22  60   M    M   9 1      27  60
13  70  65  68   1   0   3 0.31  0.0    0  6.8 13  50   M    M  10 1      24  10
14  82  67  75   8   0  10 0.15  0.0    0  9.8 17 300   M    M   7 1      23 220
15  83  55  69   2   0   4 0.00  0.0    0  2.3  8 280   M    M   2 1      11 330
16  73  60  67   0   0   2 0.71  0.0    0  5.0 22 270   M    M   6 1      29 270
17  81  63  72   5   0   7 0.12  0.0    0  7.2 18 360   M    M   5 1      27 350
18  81  60  71   5   0   6    T  0.0    0  4.8 13 280   M    M   5 1      17 280
19  85  54  70   4   0   5 0.00  0.0    0  1.5  7 100   M    M   2 12     10 140
20  90  55  73   7   0   8 0.00  0.0    0  5.3 20 210   M    M   2 1      24 210
21  79  64  72   6   0   7 0.57  0.0    0 10.6 17 290   M    M   4 1      26 170
22  73  53  63  -3   2   0 0.00  0.0    0  9.3 17 260   M    M   3        22 280
23  81  50  66   0   0   1 0.00  0.0    0 10.5 22 220   M    M   1 1      29 210
24  86  60  73   8   0   8 0.00  0.0    0  7.4 18 230   M    M   0        23 230
25  83  69  76  11   0  11 0.11  0.0    0  9.8 17 210   M    M   4 1      22 210
================================================================================
SM 2087 1496         2 175  2.31     0.0 170.4          M       78
================================================================================
AV 83.5 59.8                               6.8 FASTST   M    M   3    MAX(MPH)
                                 MISC ---->  # 25 210               # 33  210
================================================================================
NOTES:
# LAST OF SEVERAL OCCURRENCES

COLUMN 17 PEAK WIND IN M.P.H.

PRELIMINARY LOCAL CLIMATOLOGICAL DATA (WS FORM: F-6) , PAGE 2

                                          STATION:  MASSENA NY
                                          MONTH:    AUGUST
                                          YEAR:     2016
                                          LATITUDE:   44 55 N
                                          LONGITUDE:  74 51 W

[TEMPERATURE DATA]      [PRECIPITATION DATA]       SYMBOLS USED IN COLUMN 16

AVERAGE MONTHLY: 71.7   TOTAL FOR MONTH:   2.31    1 = FOG OR MIST
DPTR FM NORMAL:   4.6   DPTR FM NORMAL:   -0.56    2 = FOG REDUCING VISIBILITY
HIGHEST:    93 ON 11    GRTST 24HR  0.82 ON 16-17      TO 1/4 MILE OR LESS
LOWEST:     50 ON 23                               3 = THUNDER
                        SNOW, ICE PELLETS, HAIL    4 = ICE PELLETS
                        TOTAL MONTH:   0.0 INCH    5 = HAIL
                        GRTST 24HR     0.0         6 = FREEZING RAIN OR DRIZZLE
                        GRTST DEPTH:   0           7 = DUSTSTORM OR SANDSTORM:
                                                       VSBY 1/2 MILE OR LESS
                                                   8 = SMOKE OR HAZE
[NO. OF DAYS WITH]      [WEATHER - DAYS WITH]      9 = BLOWING SNOW
                                                   X = TORNADO
MAX 32 OR BELOW:   0    0.01 INCH OR MORE:   9
MAX 90 OR ABOVE:   6    0.10 INCH OR MORE:   7
MIN 32 OR BELOW:   0    0.50 INCH OR MORE:   2
MIN  0 OR BELOW:   0    1.00 INCH OR MORE:   0

[HDD (BASE 65) ]
TOTAL THIS MO.     2    CLEAR  (SCALE 0-3)  15
DPTR FM NORMAL   -32    PTCLDY (SCALE 4-7)   8
TOTAL FM JUL 1    11    CLOUDY (SCALE 8-10)  2
DPTR FM NORMAL   -46

[CDD (BASE 65) ]
TOTAL THIS MO.   175
DPTR FM NORMAL    87    [PRESSURE DATA]
TOTAL FM JAN 1   449    HIGHEST SLP M ON M
DPTR FM NORMAL   127    LOWEST  SLP 29.75 ON 12

[REMARKS]
