000
CXUS51 KBTV 300700
CF6MSS
PRELIMINARY LOCAL CLIMATOLOGICAL DATA (WS FORM: F-6)

                                          STATION:   MASSENA NY
                                          MONTH:     JULY
                                          YEAR:      2014
                                          LATITUDE:   44 55 N
                                          LONGITUDE:  74 51 W

  TEMPERATURE IN F:       :PCPN:    SNOW:  WIND      :SUNSHINE: SKY     :PK WND
================================================================================
1   2   3   4   5  6A  6B    7    8   9   10  11  12  13   14  15   16   17  18
                                     12Z  AVG MX 2MIN
DY MAX MIN AVG DEP HDD CDD  WTR  SNW DPTH SPD SPD DIR MIN PSBL S-S WX    SPD DR
================================================================================

 1  91  67  79  11   0  14    T  0.0    0 11.2 25 220   M    M   1 1      37 240
 2  85  68  77   9   0  12    T  0.0    0 10.4 21 220   M    M   3        26 240
 3  73  60  67  -1   0   2 0.04  0.0    0  4.6 12 250   M    M   7 1      14 260
 4  75  59  67  -1   0   2    T  0.0    0  7.2 14 350   M    M   6        18  30
 5  83  53  68  -1   0   3 0.00  0.0    0 11.1 22 280   M    M   2        29 260
 6  81  64  73   4   0   8    T  0.0    0 14.8 28 220   M    M   4        35 220
 7  76  65  71   2   0   6 0.13  0.0    0 11.0 20 230   M    M   8 18     27 230
 8  86  65  76   7   0  11 0.89  0.0    0 10.9 20 230   M    M   4 13     33 250
 9  74  60  67  -2   0   2 0.00  0.0    0 13.4 24 220   M    M   7        33 240
10  74  50  62  -7   3   0 0.00  0.0    0  6.4 16 260   M    M   1        24 270
11  78  48  63  -6   2   0 0.00  0.0    0  3.1 12 230   M    M   2 1      16 270
12  84  50  67  -2   0   2 0.00  0.0    0  2.8 14 220   M    M   0 1      20 210
13  77  60  69   0   0   4 0.69  0.0    0  8.3 21 210   M    M   4 1      28 220
14  75  60  68  -1   0   3 0.00  0.0    0  5.0 14 240   M    M   4        17 230
15  76  58  67  -2   0   2 0.48  0.0    0  4.6 15 270   M    M   6 1      20 290
16  74  56  65  -4   0   0 0.00  0.0    0  9.7 18 220   M    M   4        27 220
17  74  49  62  -7   3   0 0.00    M    0  7.9 15 250   M    M   4 1      21 280
18  78  53  66  -3   0   1 0.00  0.0    0  6.7 14 240   M    M   0        19 230
19  79  50  65  -4   0   0 0.00  0.0    0  2.3  9  30   M    M   2 1      12  30
20  81  60  71   2   0   6 0.10  0.0    0  2.5 18 180   M    M   5 1      21 180
21  84  62  73   4   0   8 0.00  0.0    0  3.8 13 220   M    M   3 12     15 220
22  85  60  73   4   0   8 0.00  0.0    0  5.9 14 220   M    M   1 1      17 220
23  77  60  69   0   0   4 1.38  0.0    0  9.1 17 230   M    M   6 13     24 230
24  72  56  64  -5   1   0 0.00  0.0    0  7.0 14 310   M    M   3        19 330
25  76  56  66  -3   0   1 0.00  0.0    0 10.4 21 220   M    M   1        27 220
26  77  58  68  -1   0   3 0.04  0.0    0  8.1 18 220   M    M   5 1      22 260
27  78  61  70   1   0   5 0.46  0.0    0  5.8 16 280   M    M   5 13     23 320
28  64  58  61  -8   4   0 0.88  0.0    0  8.0 16  20   M    M   9 1      22  10
29  71  51  61  -8   4   0 0.00  0.0    0  6.5 14 260   M    M   4        17 300
================================================================================
SM 2258 1677        17 107  5.09     0.0 218.5          M      111
================================================================================
AV 77.9 57.8                               7.5 FASTST   M    M   4    MAX(MPH)
                                 MISC ---->  # 28 220                 37    M
================================================================================
NOTES:
# LAST OF SEVERAL OCCURRENCES

COLUMN 17 PEAK WIND IN M.P.H.

PRELIMINARY LOCAL CLIMATOLOGICAL DATA (WS FORM: F-6) , PAGE 2

                                          STATION:  MASSENA NY
                                          MONTH:    JULY
                                          YEAR:     2014
                                          LATITUDE:   44 55 N
                                          LONGITUDE:  74 51 W

[TEMPERATURE DATA]      [PRECIPITATION DATA]       SYMBOLS USED IN COLUMN 16

AVERAGE MONTHLY: 67.8   TOTAL FOR MONTH:   5.09    1 = FOG OR MIST
DPTR FM NORMAL:  -1.0   DPTR FM NORMAL:    1.75    2 = FOG REDUCING VISIBILITY
HIGHEST:    91 ON  1    GRTST 24HR  1.38 ON 23-23      TO 1/4 MILE OR LESS
LOWEST:     48 ON 11                               3 = THUNDER
                        SNOW, ICE PELLETS, HAIL    4 = ICE PELLETS
                        TOTAL MONTH:   0.0 INCH    5 = HAIL
                        GRTST 24HR     0.0         6 = FREEZING RAIN OR DRIZZLE
                        GRTST DEPTH:   0           7 = DUSTSTORM OR SANDSTORM:
                                                       VSBY 1/2 MILE OR LESS
                                                   8 = SMOKE OR HAZE
[NO. OF DAYS WITH]      [WEATHER - DAYS WITH]      9 = BLOWING SNOW
                                                   X = TORNADO
MAX 32 OR BELOW:   0    0.01 INCH OR MORE:  10
MAX 90 OR ABOVE:   1    0.10 INCH OR MORE:   8
MIN 32 OR BELOW:   0    0.50 INCH OR MORE:   4
MIN  0 OR BELOW:   0    1.00 INCH OR MORE:   1

[HDD (BASE 65) ]
TOTAL THIS MO.    17    CLEAR  (SCALE 0-3)  11
DPTR FM NORMAL   -12    PTCLDY (SCALE 4-7)  17
TOTAL FM JUL 1    17    CLOUDY (SCALE 8-10)  1
DPTR FM NORMAL   -12

[CDD (BASE 65) ]
TOTAL THIS MO.   107
DPTR FM NORMAL   -35    [PRESSURE DATA]
TOTAL FM JAN 1   206    HIGHEST SLP M ON M
DPTR FM NORMAL   -25    LOWEST  SLP 29.46 ON 28

[REMARKS]
