000
CXUS55 KLIX 281000
CF6MSY
PRELIMINARY LOCAL CLIMATOLOGICAL DATA (WS FORM: F-6)

                                          STATION:   NEW ORLEANS
                                          MONTH:     APRIL
                                          YEAR:      2016
                                          LATITUDE:   29 58 N
                                          LONGITUDE:  90 15 W

  TEMPERATURE IN F:       :PCPN:    SNOW:  WIND      :SUNSHINE: SKY     :PK WND
================================================================================
1   2   3   4   5  6A  6B    7    8   9   10  11  12  13   14  15   16   17  18
                                     12Z  AVG MX 2MIN
DY MAX MIN AVG DEP HDD CDD  WTR  SNW DPTH SPD SPD DIR MIN PSBL S-S WX    SPD DR
================================================================================

 1  75  59  67   1   0   2 4.00  0.0    0 12.4 29  30   M    M   9 13     36  20
 2  71  57  64  -2   1   0 0.00  0.0    0 13.7 23 360   M    M   3        31 360
 3  74  51  63  -3   2   0 0.00  0.0    0  6.1 14 210   M    M   2        18 210
 4  79  54  67   1   0   2 0.00  0.0    0  5.1 13 170   M    M   0        15 290
 5  82  58  70   3   0   5 0.00  0.0    0  5.7 14  10   M    M   1 18     17  40
 6  77  59  68   1   0   3 0.00  0.0    0  9.0 23 250   M    M   5 18     27 230
 7  81  58  70   3   0   5 0.00  0.0    0  6.4 15 260   M    M   3 1      19 250
 8  77  58  68   1   0   3 0.00  0.0    0  9.8 22  20   M    M   4        25  20
 9  76  54  65  -2   0   0    T  0.0    0  5.8 14 190   M    M   6        16 180
10  79  58  69   1   0   4 0.00  0.0    0 10.0 24 170   M    M   2        32 180
11  82  67  75   7   0  10    T  0.0    0 12.6 26 180   M    M   6        34 190
12  77  67  72   4   0   7 0.70  0.0    0 10.0 18  50   M    M  10 138    23  50
13  73  65  69   1   0   4 1.59  0.0    0  9.1 33  10   M    M   9 13     40 360
14  78  66  72   3   0   7 0.44  0.0    0  9.3 18 140   M    M   8 13     22 140
15  74  68  71   2   0   6    T  0.0    0 11.6 18 100   M    M   9        26 100
16  72  68  70   1   0   5 0.01  0.0    0 13.9 24  80   M    M  10 18     32  80
17  74  67  71   2   0   6 0.00  0.0    0 13.7 22  90   M    M   9        33  90
18  80  67  74   4   0   9 0.00  0.0    0 10.0 23 140   M    M   8        30 110
19  80  68  74   4   0   9 0.00  0.0    0  9.2 17 160   M    M   8        22 190
20  82  69  76   6   0  11 0.00  0.0    0  8.6 21 160   M    M   7        25 150
21  81  67  74   4   0   9 0.52  0.0    0  7.7 17 310   M    M   7 13     21 310
22  81  66  74   3   0   9 0.00  0.0    0  7.2 15 310   M    M   6 1      21 310
23  82  63  73   2   0   8 0.00  0.0    0  6.4 14  20   M    M   1        18  10
24  82  62  72   1   0   7 0.00  0.0    0  7.1 17 170   M    M   4        26 170
25  84  65  75   3   0  10 0.00  0.0    0  6.3 14 180   M    M   5        22 190
26  86  71  79   7   0  14 0.00  0.0    0 10.3 18 170   M    M   4        23 180
27  81  71  76   4   0  11 0.10  0.0    0 10.2 23 140   M    M   7 13     30 280
================================================================================
SM 2120 1703         3 166  7.36     0.0 247.2          M      153
================================================================================
AV 78.5 63.1                               9.2 FASTST   M    M   6    MAX(MPH)
                                 MISC ---->  # 33  10               # 40  360
================================================================================
NOTES:
# LAST OF SEVERAL OCCURRENCES

COLUMN 17 PEAK WIND IN M.P.H.

PRELIMINARY LOCAL CLIMATOLOGICAL DATA (WS FORM: F-6) , PAGE 2

                                          STATION:  NEW ORLEANS
                                          MONTH:    APRIL
                                          YEAR:     2016
                                          LATITUDE:   29 58 N
                                          LONGITUDE:  90 15 W

[TEMPERATURE DATA]      [PRECIPITATION DATA]       SYMBOLS USED IN COLUMN 16

AVERAGE MONTHLY: 70.8   TOTAL FOR MONTH:   7.36    1 = FOG OR MIST
DPTR FM NORMAL:   2.1   DPTR FM NORMAL:    3.23    2 = FOG REDUCING VISIBILITY
HIGHEST:    86 ON 26    GRTST 24HR  4.00 ON  1- 1      TO 1/4 MILE OR LESS
LOWEST:     51 ON  3                               3 = THUNDER
                        SNOW, ICE PELLETS, HAIL    4 = ICE PELLETS
                        TOTAL MONTH:   0.0 INCH    5 = HAIL
                        GRTST 24HR     0.0         6 = FREEZING RAIN OR DRIZZLE
                        GRTST DEPTH:   0           7 = DUSTSTORM OR SANDSTORM:
                                                       VSBY 1/2 MILE OR LESS
                                                   8 = SMOKE OR HAZE
[NO. OF DAYS WITH]      [WEATHER - DAYS WITH]      9 = BLOWING SNOW
                                                   X = TORNADO
MAX 32 OR BELOW:   0    0.01 INCH OR MORE:   7
MAX 90 OR ABOVE:   0    0.10 INCH OR MORE:   6
MIN 32 OR BELOW:   0    0.50 INCH OR MORE:   4
MIN  0 OR BELOW:   0    1.00 INCH OR MORE:   2

[HDD (BASE 65) ]
TOTAL THIS MO.     3    CLEAR  (SCALE 0-3)   7
DPTR FM NORMAL   -29    PTCLDY (SCALE 4-7)  13
TOTAL FM JUL 1   755    CLOUDY (SCALE 8-10)  7
DPTR FM NORMAL  -522

[CDD (BASE 65) ]
TOTAL THIS MO.   166
DPTR FM NORMAL    32    [PRESSURE DATA]
TOTAL FM JAN 1   345    HIGHEST SLP M ON M
DPTR FM NORMAL   111    LOWEST  SLP 29.70 ON 27

[REMARKS]
