286
CXUS55 KLIX 221000
CF6MSY
PRELIMINARY LOCAL CLIMATOLOGICAL DATA (WS FORM: F-6)

                                          STATION:   NEW ORLEANS
                                          MONTH:     FEBRUARY
                                          YEAR:      2018
                                          LATITUDE:   29 58 N
                                          LONGITUDE:  90 15 W

  TEMPERATURE IN F:       :PCPN:    SNOW:  WIND      :SUNSHINE: SKY     :PK WND
================================================================================
1   2   3   4   5  6A  6B    7    8   9   10  11  12  13   14  15   16   17  18
                                     12Z  AVG MX 2MIN
DY MAX MIN AVG DEP HDD CDD  WTR  SNW DPTH SPD SPD DIR MIN PSBL S-S WX    SPD DR
================================================================================

 1  76  54  65  11   0   0    T  0.0    0  6.7 16 200   M    M   9        21 200
 2  65  49  57   3   8   0 0.07    M    0 12.5 22  20   M    M   8 1      31  20
 3  64  44  54  -1  11   0 0.19    M    0 10.4 18 120   M    M   8 1      23  60
 4  71  54  63   8   2   0 0.14  0.0    0  8.7 18 230   M    M   7 1      24 220
 5  68  51  60   5   5   0 0.00  0.0    0  8.4 15 140   M    M   4        19  70
 6  72  57  65  10   0   0 0.06  0.0    0  8.1 20 130   M    M   9 1      25 130
 7  80  48  64   9   1   0 0.50  0.0    0 10.8 23 340   M    M   8 1      33 340
 8  65  47  56   1   9   0 0.01    M    0  9.0 16  30   M    M   6        22 360
 9  77  56  67  11   0   2 0.00  0.0    0  7.6 14 100   M    M   8 1      17 120
10  77  66  72  16   0   7 0.08  0.0    0  6.6 21 210   M    M  10 13     25 200
11  79  58  69  13   0   4 0.42  0.0    0  6.6 15 350   M    M   9 13     21 280
12  58  47  53  -3  12   0 0.01  0.0    0 10.8 16 360   M    M  10 1      22 360
13  74  50  62   6   3   0 0.00  0.0    0  6.9 14  90   M    M   7 1      18  80
14  81  60  71  15   0   6 0.00  0.0    0  7.9 17 160   M    M   6 12     22 160
15  83  65  74  17   0   9    T  0.0    0  7.0 20 190   M    M   6 12     27 200
16  83  67  75  18   0  10 0.00  0.0    0  8.5 18 250   M    M   5 12     22 250
17  82  63  73  16   0   8 0.00  0.0    0  6.8 20 250   M    M   6 1      26 250
18  80  65  73  16   0   8 0.00  0.0    0  6.7 15 140   M    M   7 18     22 150
19  82  63  73  15   0   8    T  0.0    0 10.6 24 150   M    M   4 1      30 180
20  83  70  77  19   0  12 0.00  0.0    0 12.3 25 150   M    M   5        32 140
21  84  70  77  19   0  12 0.00  0.0    0 12.9 26 150   M    M   6 1      36 150
================================================================================
SM 1584 1204        51  86  1.48     0.0 185.8          M      148
================================================================================
AV 75.4 57.3                               8.8 FASTST   M    M   7    MAX(MPH)
                                 MISC ---->  # 26 150               # 36  150
================================================================================
NOTES:
# LAST OF SEVERAL OCCURRENCES

COLUMN 17 PEAK WIND IN M.P.H.

PRELIMINARY LOCAL CLIMATOLOGICAL DATA (WS FORM: F-6) , PAGE 2

                                          STATION:  NEW ORLEANS
                                          MONTH:    FEBRUARY
                                          YEAR:     2018
                                          LATITUDE:   29 58 N
                                          LONGITUDE:  90 15 W

[TEMPERATURE DATA]      [PRECIPITATION DATA]       SYMBOLS USED IN COLUMN 16

AVERAGE MONTHLY: 66.4   TOTAL FOR MONTH:   1.48    1 = FOG OR MIST
DPTR FM NORMAL:  10.4   DPTR FM NORMAL:   -2.62    2 = FOG REDUCING VISIBILITY
HIGHEST:    84 ON 21    GRTST 24HR  0.50 ON  7- 7      TO 1/4 MILE OR LESS
LOWEST:     44 ON  3                               3 = THUNDER
                        SNOW, ICE PELLETS, HAIL    4 = ICE PELLETS
                        TOTAL MONTH:   0.0 INCH    5 = HAIL
                        GRTST 24HR     0.0         6 = FREEZING RAIN OR DRIZZLE
                        GRTST DEPTH:   0           7 = DUSTSTORM OR SANDSTORM:
                                                       VSBY 1/2 MILE OR LESS
                                                   8 = SMOKE OR HAZE
[NO. OF DAYS WITH]      [WEATHER - DAYS WITH]      9 = BLOWING SNOW
                                                   X = TORNADO
MAX 32 OR BELOW:   0    0.01 INCH OR MORE:   9
MAX 90 OR ABOVE:   0    0.10 INCH OR MORE:   4
MIN 32 OR BELOW:   0    0.50 INCH OR MORE:   1
MIN  0 OR BELOW:   0    1.00 INCH OR MORE:   0

[HDD (BASE 65) ]
TOTAL THIS MO.    51    CLEAR  (SCALE 0-3)   0
DPTR FM NORMAL  -152    PTCLDY (SCALE 4-7)  14
TOTAL FM JUL 1   999    CLOUDY (SCALE 8-10)  7
DPTR FM NORMAL   -60

[CDD (BASE 65) ]
TOTAL THIS MO.    86
DPTR FM NORMAL    65    [PRESSURE DATA]
TOTAL FM JAN 1    90    HIGHEST SLP M ON M
DPTR FM NORMAL    53    LOWEST  SLP 29.87 ON  4

[REMARKS]
