000
CXUS53 KILX 302300
CF6MTO
PRELIMINARY LOCAL CLIMATOLOGICAL DATA (WS FORM: F-6)

                                          STATION:   MATTOON IL AIRPORT
                                          MONTH:     APRIL
                                          YEAR:      2016
                                          LATITUDE:   39 28 N
                                          LONGITUDE:  88 17 W

  TEMPERATURE IN F:       :PCPN:    SNOW:  WIND      :SUNSHINE: SKY     :PK WND
================================================================================
1   2   3   4   5  6A  6B    7    8   9   10  11  12  13   14  15   16   17  18
                                     12Z  AVG MX 2MIN
DY MAX MIN AVG DEP HDD CDD  WTR  SNW DPTH SPD SPD DIR MIN PSBL S-S WX    SPD DR
================================================================================

 1  54  41  48   0  17   0 0.00    M    M 13.4 26 280   M    M   6        35 280
 2  53  30  42  -7  23   0 0.00    M    M 19.0 47 300   M    M   2        61 310
 3  65  29  47  -2  18   0 0.00    M    M 14.0 25 200   M    M   0        38 220
 4  58  31  45  -4  20   0    T    M    M 14.9 26 350   M    M   4        33 360
 5  50  26  38 -12  27   0 0.00    M    M 11.2 22 150   M    M   0        32 140
 6  56  46  51   1  14   0 0.45    M    M 15.1 25 280   M    M   4 1      35 190
 7  48  35  42  -8  23   0    T  0.0    0 15.9 30 320   M    M   8 8      36 310
 8  47  32  40 -11  25   0 0.01    M    M 16.7 30 290   M    M   7 1      36 280
 9  42  26  34 -17  31   0    T    M    M 10.4 23 340   M    M   1        32 330
10  54  38  46  -6  19   0 0.85    M    M 14.2 23 160   M    M   9 13     31 180
11  55  33  44  -8  21   0 0.61    M    M 10.1 23 340   M    M   5 138    27 330
12  53  30  42 -10  23   0 0.00    M    M  7.4 15  50   M    M   0        22  70
13  61  35  48  -5  17   0 0.00    M    M  6.4 15 130   M    M   0        21 130
14  68  37  53   0  12   0 0.00    M    M  7.4 15 130   M    M   0        19 100
15  74  45  60   7   5   0 0.00    M    M  7.7 15 130   M    M   0        19 110
16  75  54  65  11   0   0 0.00    M    M  5.8 14 150   M    M   0        18 140
17  79  51  65  11   0   0 0.00    M    M  4.1 14 120   M    M   0        20 120
18  79  50  65  11   0   0 0.00    M    M  5.0 15 160   M    M   0        19 200
19  77  55  66  11   0   1 0.00    M    M  5.2 14 200   M    M   0        19 200
20  73  52  63   8   2   0 0.63    M    M  7.8 18 190   M    M   7 18     26 190
21  70  56  63   7   2   0 0.27    M    M  7.7 21 350   M    M   8 13     23 280
22  70  44  57   1   8   0 0.03    M    M 11.3 22  30   M    M   5 1      27  20
23  66  42  54  -2  11   0 0.00    M    M  5.5 13  30   M    M   4 1      16  30
24  75  47  61   5   4   0 0.00    M    M  9.4 20 170   M    M   0 18     23 170
25  79  60  70  13   0   5 0.00    M    M 11.7 23 190   M    M   2        32 190
26  80  52  66   9   0   1 0.45    M    M  8.8 28 290   M    M   3 13     33 290
27  64  52  58   0   7   0 0.16  0.0    0  9.6 17 100   M    M   8 13     24 100
28  70  51  61   3   4   0 0.56    M    M  9.0 16 270   M    M   4 13     24 270
29  63  48  56  -2   9   0 0.00    M    M  7.9 17  70   M    M   8 8      22  60
================================================================================
SM 1858 1228       342   7  4.02     0.0 292.6          M       95
================================================================================
AV 64.1 42.3                              10.1 FASTST   M    M   3    MAX(MPH)
                                 MISC ---->  # 47 300               # 61  310
================================================================================
NOTES:
# LAST OF SEVERAL OCCURRENCES

COLUMN 17 PEAK WIND IN M.P.H.

PRELIMINARY LOCAL CLIMATOLOGICAL DATA (WS FORM: F-6) , PAGE 2

                                          STATION:  MATTOON IL AIRPORT
                                          MONTH:    APRIL
                                          YEAR:     2016
                                          LATITUDE:   39 28 N
                                          LONGITUDE:  88 17 W

[TEMPERATURE DATA]      [PRECIPITATION DATA]       SYMBOLS USED IN COLUMN 16

AVERAGE MONTHLY: 53.2   TOTAL FOR MONTH:   4.02    1 = FOG OR MIST
DPTR FM NORMAL:  -0.1   DPTR FM NORMAL:    0.76    2 = FOG REDUCING VISIBILITY
HIGHEST:    80 ON 26    GRTST 24HR  1.44 ON 10-11      TO 1/4 MILE OR LESS
LOWEST:     26 ON  9, 5                            3 = THUNDER
                        SNOW, ICE PELLETS, HAIL    4 = ICE PELLETS
                        TOTAL MONTH:   0.0 INCH    5 = HAIL
                        GRTST 24HR     0.0         6 = FREEZING RAIN OR DRIZZLE
                        GRTST DEPTH:   0           7 = DUSTSTORM OR SANDSTORM:
                                                       VSBY 1/2 MILE OR LESS
                                                   8 = SMOKE OR HAZE
[NO. OF DAYS WITH]      [WEATHER - DAYS WITH]      9 = BLOWING SNOW
                                                   X = TORNADO
MAX 32 OR BELOW:   0    0.01 INCH OR MORE:  10
MAX 90 OR ABOVE:   0    0.10 INCH OR MORE:   8
MIN 32 OR BELOW:   7    0.50 INCH OR MORE:   4
MIN  0 OR BELOW:   0    1.00 INCH OR MORE:   0

[HDD (BASE 65) ]
TOTAL THIS MO.   342    CLEAR  (SCALE 0-3)  15
DPTR FM NORMAL   -11    PTCLDY (SCALE 4-7)  11
TOTAL FM JUL 1  4372    CLOUDY (SCALE 8-10)  3
DPTR FM NORMAL  -884

[CDD (BASE 65) ]
TOTAL THIS MO.     7
DPTR FM NORMAL    -3    [PRESSURE DATA]
TOTAL FM JAN 1     7    HIGHEST SLP M ON M
DPTR FM NORMAL    -4    LOWEST  SLP 29.58 ON  6

[REMARKS]
