000
CXUS55 KBOI 311002
CF6MUO
PRELIMINARY LOCAL CLIMATOLOGICAL DATA (WS FORM: F-6)

                                          STATION:   MOUNTAIN HOME AFB
                                          MONTH:     JANUARY
                                          YEAR:      2015
                                          LATITUDE:   43  2 N
                                          LONGITUDE: 115 52 W

  TEMPERATURE IN F:       :PCPN:    SNOW:  WIND      :SUNSHINE: SKY     :PK WND
================================================================================
1   2   3   4   5  6A  6B    7    8   9   10  11  12  13   14  15   16   17  18
                                     12Z  AVG MX 2MIN
DY MAX MIN AVG DEP HDD CDD  WTR  SNW DPTH SPD SPD DIR MIN PSBL S-S WX    SPD DR
================================================================================

 1  17   7  12   M  53   0    T    M    M  3.6  7  50   M    M   8 6       M  M
 2  19   4  12   M  53   0 0.00    M    M  7.1 14 100   M    M   4         M  M
 3  21  11  16   M  49   0 0.00    M    M  5.9 10 100   M    M   4         M  M
 4  29  18  24   M  41   0    T    M    M  5.3 13 100   M    M   9 6       M  M
 5  38  29  34   M  31   0 0.03    M    M  6.9 15  90   M    M   8 16      M  M
 6  43  28  36   M  29   0 0.00    M    M  5.2 13 100   M    M   5 12      M  M
 7  42  28  35   7  30   0 0.00    M    M  4.1  9 270   M    M   5 12      M  M
 8   M   M   M   M   M   M    T    M    M  1.7  4 160   M    M  10 126     M  M
 9  32  29  31   M  34   0    T    M    M  3.9  7 130   M    M  10 126     M  M
10  33  30  32   2  33   0 0.00    M    M  1.8  5 270   M    M  10 1       M  M
11  35  31  33   3  32   0    T    M    M  2.2  6 280   M    M  10 16      M  M
12  35  31  33   3  32   0 0.14    M    M  7.4 18 320   M    M   9 1       M  M
13  37  27  32   2  33   0    T    M    M  7.4 13 320   M    M   2 1       M  M
14  32  27  30   0  35   0    T    M    M  7.7 14 100   M    M   9         M  M
15  34  27  31   1  34   0    T    M    M 17.3 24 120   M    M   8 6      32 120
16  43  30  37   6  28   0 0.13    M    M 11.6 23 120   M    M   8 126    31 120
17   M   M   M   M   M   M 0.01    M    M 15.0 23 110   M    M   9 126    30 110
18  50  35  43  12  22   0 0.11    M    M 14.2 22 120   M    M  10 12      M  M
19  45  28  37   6  28   0    T    M    M  6.7 14 330   M    M   1 126     M  M
20  35  25  30  -1  35   0    T    M    M  3.8  8 120   M    M   2 1       M  M
21  31  23  27  -4  38   0 0.00    M    M  3.9 12 120   M    M   7 1       M  M
22  35  20  28  -3  37   0 0.00    M    M  6.7 14 120   M    M   5 1       M  M
23  33  24  29  -2  36   0 0.00    M    M  5.7 10  90   M    M   5 1       M  M
24  37  27  32   1  33   0 0.00    M    M  5.5 12 100   M    M   8         M  M
25  42  27  35   4  30   0 0.00    M    M  4.1  8  90   M    M   1 8       M  M
26  51  29  40   8  25   0 0.00    M    M  9.3 16 130   M    M   0         M  M
27  36  28  32   0  33   0 0.09    M    M  3.0  7 280   M    M   9 126     M  M
28   M   M   M   M   M   M    T    M    M  8.3 18 320   M    M   5 12      M  M
29  44  30  37   5  28   0    T    M    M  6.5  9 150   M    M   6         M  M
30  45  29  37   5  28   0 0.00    M    M  7.8 17 310   M    M   2         M  M
================================================================================
SM  974  682       920   0  0.51    M    199.6          M      189
================================================================================
AV 36.1 25.3                               6.7 FASTST   M    M   6    MAX(MPH)
                                 MISC ---->    24   M                 32    M
================================================================================
NOTES:
# LAST OF SEVERAL OCCURRENCES

COLUMN 17 PEAK WIND IN M.P.H.

PRELIMINARY LOCAL CLIMATOLOGICAL DATA (WS FORM: F-6) , PAGE 2

                                          STATION:  MOUNTAIN HOME AFB
                                          MONTH:    JANUARY
                                          YEAR:     2015
                                          LATITUDE:   43  2 N
                                          LONGITUDE: 115 52 W

[TEMPERATURE DATA]      [PRECIPITATION DATA]       SYMBOLS USED IN COLUMN 16

AVERAGE MONTHLY: 30.7   TOTAL FOR MONTH:   0.51    1 = FOG OR MIST
DPTR FM NORMAL:     M   DPTR FM NORMAL:   -0.59    2 = FOG REDUCING VISIBILITY
HIGHEST:    51 ON 26    GRTST 24HR  0.14 ON 12-12      TO 1/4 MILE OR LESS
LOWEST:      4 ON  2                               3 = THUNDER
                        SNOW, ICE PELLETS, HAIL    4 = ICE PELLETS
                        TOTAL MONTH:    M          5 = HAIL
                        GRTST 24HR    M  ON   M    6 = FREEZING RAIN OR DRIZZLE
                        GRTST DEPTH:  M  ON   M    7 = DUSTSTORM OR SANDSTORM:
                                                       VSBY 1/2 MILE OR LESS
                                                   8 = SMOKE OR HAZE
[NO. OF DAYS WITH]      [WEATHER - DAYS WITH]      9 = BLOWING SNOW
                                                   X = TORNADO
MAX 32 OR BELOW:   7    0.01 INCH OR MORE:   6
MAX 90 OR ABOVE:   0    0.10 INCH OR MORE:   3
MIN 32 OR BELOW:  26    0.50 INCH OR MORE:   0
MIN  0 OR BELOW:   0    1.00 INCH OR MORE:   0

[HDD (BASE 65) ]
TOTAL THIS MO.   920    CLEAR  (SCALE 0-3)   6
DPTR FM NORMAL  -117    PTCLDY (SCALE 4-7)  13
TOTAL FM JUL 1  2762    CLOUDY (SCALE 8-10) 11
DPTR FM NORMAL  -699

[CDD (BASE 65) ]
TOTAL THIS MO.     0
DPTR FM NORMAL     0    [PRESSURE DATA]
TOTAL FM JAN 1     0    HIGHEST SLP M ON M
DPTR FM NORMAL     0    LOWEST  SLP M ON M

[REMARKS]
